{"id":25866,"date":"2022-02-07T18:22:05","date_gmt":"2022-02-07T16:22:05","guid":{"rendered":"https:\/\/afc.cat\/?post_type=class&#038;p=25866"},"modified":"2022-02-08T14:07:26","modified_gmt":"2022-02-08T12:07:26","slug":"visita-a-la-exposicion-fotografica-face-control-foto-colectania","status":"publish","type":"class","link":"https:\/\/afc.cat\/es\/activitat\/visita-a-la-exposicion-fotografica-face-control-foto-colectania\/","title":{"rendered":"Visita a la exposici\u00f3n fotogr\u00e1fica \u00abFace Control\u00bb \/ Foto Colectania"},"content":{"rendered":"<div class=\"fusion-fullwidth fullwidth-box fusion-builder-row-1 fusion-flex-container nonhundred-percent-fullwidth non-hundred-percent-height-scrolling\" style=\"background-color: rgba(255,255,255,0);background-position: center center;background-repeat: no-repeat;border-width: 0px 0px 0px 0px;border-color:#ffffff;border-style:solid;\" ><div class=\"fusion-builder-row fusion-row fusion-flex-align-items-flex-start\" style=\"max-width:1300px;margin-left: calc(-4% \/ 2 );margin-right: calc(-4% \/ 2 );\"><div class=\"fusion-layout-column fusion_builder_column fusion-builder-column-0 fusion_builder_column_1_1 1_1 fusion-flex-column\"><div class=\"fusion-column-wrapper fusion-flex-justify-content-flex-start fusion-content-layout-column\" style=\"background-position:left top;background-repeat:no-repeat;-webkit-background-size:cover;-moz-background-size:cover;-o-background-size:cover;background-size:cover;padding: 0px 0px 0px 0px;\"><div class=\"fusion-text fusion-text-1\"><h2>Muestra colectiva con m\u00e1s de veinte artistas<\/h2>\n<p>ACTIVIDAD: VISITA GUIADA A LA EXPOSICI\u00d3N FOTOGR\u00c1FICA \u201cFACE CONTROL\u201d<br \/>\nLUGAR: FUNDACI\u00d3 FOTO COLECTANIA<br \/>\nPasseig Picasso, 14. 08003. Barcelona<br \/>\nFECHA: jueves 24 febrero de 2022<br \/>\nHORA: 11:00 horas (tiempo visita guiada 1h15\u2019 aprox)<br \/>\nPUNTO DE ENCUENTRO: En la puerta de la Fundaci\u00f3 10:45 horas<br \/>\nPRECIO: Entre 5 y 10 euros (en funci\u00f3n\u00a0 de las personas inscritas)<br \/>\nINSCRIPCI\u00d3N: Envia correu a visites@afc.cat<\/p>\n<p>Actividad exclusiva para asociados. <strong><a href=\"https:\/\/afc.cat\/es\/asociate\/\">Si quieres asociarte<\/a>,<\/strong> <a href=\"https:\/\/afc.cat\/es\/contacto\/\">contacta con nosotros<\/a> y te informaremos.<\/p>\n<p>DESCRIPCI\u00d3N ACTIVIDAD:<\/p>\n<p>Visitaremos una muestra diferente. Est\u00e1 comisariada por Urs Stahel y plantea una reflexi\u00f3n cr\u00edtica y en cierto modo provocativa sobre las consecuencias derivadas del control de nuestros rostros en el \u00e1mbito social, pol\u00edtico y cultural.<\/p>\n<p>Visualizaremos varias aproximaciones al tema, tanto actuales como de autores cl\u00e1sicos: Diane Arbus, Thomas Ruff o Richard Hamilton. Tambi\u00e9n las nuevas aportaciones de Trevor Paglen, Shu Lea Cheang o artistas emergentes e incluso, propuestas extra\u00eddas directamente de internet y de redes sociales.<\/p>\n<p>Una actividad interesante para sacudir nuestra manera de mirar, de ver y captar los rostros de las personas o de nosotros mismos.<\/p>\n<p>Elena Vallet, experta en el tema, ser\u00e1 la encargada de realizarnos la visita guiada que, como en otras ocasiones intuimos muy atractiva.<\/p>\n<p>\u00a1Te esperamos!<\/p>\n<\/div><div style=\"text-align:center;\"><span class=\" fusion-imageframe imageframe-none imageframe-1 hover-type-zoomin\"><img decoding=\"async\" width=\"400\" height=\"267\" title=\"\u00a9 Violeta Ca\u00f1igueral_FACE CONTROL_33\" src=\"https:\/\/afc.cat\/wp-content\/uploads\/2022\/02\/\u00a9-Violeta-Canigueral_FACE-CONTROL_33.jpg\" alt class=\"img-responsive wp-image-25867\" srcset=\"https:\/\/afc.cat\/wp-content\/uploads\/2022\/02\/\u00a9-Violeta-Canigueral_FACE-CONTROL_33-200x134.jpg 200w, https:\/\/afc.cat\/wp-content\/uploads\/2022\/02\/\u00a9-Violeta-Canigueral_FACE-CONTROL_33.jpg 400w\" sizes=\"(max-width: 640px) 100vw, 400px\" \/><\/span><\/div><div class=\"fusion-text fusion-text-2\" style=\"font-size:13px;\"><p style=\"text-align: center;\">Autora: Violeta Ca\u00f1igueral<\/p>\n<\/div><\/div><style type=\"text\/css\">.fusion-body .fusion-builder-column-0{width:100% !important;margin-top : 0px;margin-bottom : 20px;}.fusion-builder-column-0 > .fusion-column-wrapper {padding-top : 0px !important;padding-right : 0px !important;margin-right : 1.92%;padding-bottom : 0px !important;padding-left : 0px !important;margin-left : 1.92%;}@media only screen and (max-width:1024px) {.fusion-body .fusion-builder-column-0{width:100% !important;order : 0;}.fusion-builder-column-0 > .fusion-column-wrapper {margin-right : 1.92%;margin-left : 1.92%;}}@media only screen and (max-width:640px) {.fusion-body .fusion-builder-column-0{width:100% !important;order : 0;}.fusion-builder-column-0 > .fusion-column-wrapper {margin-right : 1.92%;margin-left : 1.92%;}}<\/style><\/div><\/div><style type=\"text\/css\">.fusion-body .fusion-flex-container.fusion-builder-row-1{ padding-top : 0px;margin-top : 0px;padding-right : 0px;padding-bottom : 0px;margin-bottom : 0px;padding-left : 0px;}<\/style><\/div>\n","protected":false},"excerpt":{"rendered":"","protected":false},"template":"","meta":{"_acf_changed":false},"wcs-type":[127],"wcs-room":[317],"wcs-instructor":[],"class_list":["post-25866","class","type-class","status-publish","hentry","wcs-type-salidas","wcs-room-fundacio-foto-colectania"],"acf":[],"yoast_head":"<!-- This site is optimized with the Yoast SEO plugin v27.5 - https:\/\/yoast.com\/product\/yoast-seo-wordpress\/ -->\n<title>Visita a la exposici\u00f3n fotogr\u00e1fica &quot;Face Control&quot; \/ Foto Colectania - Agrupaci\u00f3 Fotogr\u00e0fica de Catalunya<\/title>\n<meta name=\"robots\" content=\"index, follow, max-snippet:-1, max-image-preview:large, max-video-preview:-1\" \/>\n<link rel=\"canonical\" href=\"https:\/\/afc.cat\/es\/activitat\/visita-a-la-exposicion-fotografica-face-control-foto-colectania\/\" \/>\n<meta property=\"og:locale\" content=\"es_ES\" \/>\n<meta property=\"og:type\" content=\"article\" \/>\n<meta property=\"og:title\" content=\"Visita a la exposici\u00f3n fotogr\u00e1fica &quot;Face Control&quot; \/ Foto Colectania - Agrupaci\u00f3 Fotogr\u00e0fica de Catalunya\" \/>\n<meta property=\"og:url\" content=\"https:\/\/afc.cat\/es\/activitat\/visita-a-la-exposicion-fotografica-face-control-foto-colectania\/\" \/>\n<meta property=\"og:site_name\" content=\"Agrupaci\u00f3 Fotogr\u00e0fica de Catalunya\" \/>\n<meta property=\"article:modified_time\" content=\"2022-02-08T12:07:26+00:00\" \/>\n<meta name=\"twitter:card\" content=\"summary_large_image\" \/>\n<meta name=\"twitter:label1\" content=\"Tiempo de lectura\" \/>\n\t<meta name=\"twitter:data1\" content=\"3 minutos\" \/>\n<script type=\"application\/ld+json\" class=\"yoast-schema-graph\">{\"@context\":\"https:\\\/\\\/schema.org\",\"@graph\":[{\"@type\":\"WebPage\",\"@id\":\"https:\\\/\\\/afc.cat\\\/es\\\/activitat\\\/visita-a-la-exposicion-fotografica-face-control-foto-colectania\\\/\",\"url\":\"https:\\\/\\\/afc.cat\\\/es\\\/activitat\\\/visita-a-la-exposicion-fotografica-face-control-foto-colectania\\\/\",\"name\":\"Visita a la exposici\u00f3n fotogr\u00e1fica \\\"Face Control\\\" \\\/ Foto Colectania - Agrupaci\u00f3 Fotogr\u00e0fica de Catalunya\",\"isPartOf\":{\"@id\":\"https:\\\/\\\/afc.cat\\\/es\\\/#website\"},\"datePublished\":\"2022-02-07T16:22:05+00:00\",\"dateModified\":\"2022-02-08T12:07:26+00:00\",\"breadcrumb\":{\"@id\":\"https:\\\/\\\/afc.cat\\\/es\\\/activitat\\\/visita-a-la-exposicion-fotografica-face-control-foto-colectania\\\/#breadcrumb\"},\"inLanguage\":\"es\",\"potentialAction\":[{\"@type\":\"ReadAction\",\"target\":[\"https:\\\/\\\/afc.cat\\\/es\\\/activitat\\\/visita-a-la-exposicion-fotografica-face-control-foto-colectania\\\/\"]}]},{\"@type\":\"BreadcrumbList\",\"@id\":\"https:\\\/\\\/afc.cat\\\/es\\\/activitat\\\/visita-a-la-exposicion-fotografica-face-control-foto-colectania\\\/#breadcrumb\",\"itemListElement\":[{\"@type\":\"ListItem\",\"position\":1,\"name\":\"Inicio\",\"item\":\"https:\\\/\\\/afc.cat\\\/es\\\/\"},{\"@type\":\"ListItem\",\"position\":2,\"name\":\"Visita a la exposici\u00f3n fotogr\u00e1fica &#8220;Face Control&#8221; \\\/ Foto Colectania\"}]},{\"@type\":\"WebSite\",\"@id\":\"https:\\\/\\\/afc.cat\\\/es\\\/#website\",\"url\":\"https:\\\/\\\/afc.cat\\\/es\\\/\",\"name\":\"Agrupaci\u00f3 Fotogr\u00e0fica de Catalunya\",\"description\":\"Fomento y divulgaci\u00f3n de la fotograf\u00eda en todas sus variedades\",\"potentialAction\":[{\"@type\":\"SearchAction\",\"target\":{\"@type\":\"EntryPoint\",\"urlTemplate\":\"https:\\\/\\\/afc.cat\\\/es\\\/?s={search_term_string}\"},\"query-input\":{\"@type\":\"PropertyValueSpecification\",\"valueRequired\":true,\"valueName\":\"search_term_string\"}}],\"inLanguage\":\"es\"}]}<\/script>\n<!-- \/ Yoast SEO plugin. -->","yoast_head_json":{"title":"Visita a la exposici\u00f3n fotogr\u00e1fica \"Face Control\" \/ Foto Colectania - Agrupaci\u00f3 Fotogr\u00e0fica de Catalunya","robots":{"index":"index","follow":"follow","max-snippet":"max-snippet:-1","max-image-preview":"max-image-preview:large","max-video-preview":"max-video-preview:-1"},"canonical":"https:\/\/afc.cat\/es\/activitat\/visita-a-la-exposicion-fotografica-face-control-foto-colectania\/","og_locale":"es_ES","og_type":"article","og_title":"Visita a la exposici\u00f3n fotogr\u00e1fica \"Face Control\" \/ Foto Colectania - Agrupaci\u00f3 Fotogr\u00e0fica de Catalunya","og_url":"https:\/\/afc.cat\/es\/activitat\/visita-a-la-exposicion-fotografica-face-control-foto-colectania\/","og_site_name":"Agrupaci\u00f3 Fotogr\u00e0fica de Catalunya","article_modified_time":"2022-02-08T12:07:26+00:00","twitter_card":"summary_large_image","twitter_misc":{"Tiempo de lectura":"3 minutos"},"schema":{"@context":"https:\/\/schema.org","@graph":[{"@type":"WebPage","@id":"https:\/\/afc.cat\/es\/activitat\/visita-a-la-exposicion-fotografica-face-control-foto-colectania\/","url":"https:\/\/afc.cat\/es\/activitat\/visita-a-la-exposicion-fotografica-face-control-foto-colectania\/","name":"Visita a la exposici\u00f3n fotogr\u00e1fica \"Face Control\" \/ Foto Colectania - Agrupaci\u00f3 Fotogr\u00e0fica de Catalunya","isPartOf":{"@id":"https:\/\/afc.cat\/es\/#website"},"datePublished":"2022-02-07T16:22:05+00:00","dateModified":"2022-02-08T12:07:26+00:00","breadcrumb":{"@id":"https:\/\/afc.cat\/es\/activitat\/visita-a-la-exposicion-fotografica-face-control-foto-colectania\/#breadcrumb"},"inLanguage":"es","potentialAction":[{"@type":"ReadAction","target":["https:\/\/afc.cat\/es\/activitat\/visita-a-la-exposicion-fotografica-face-control-foto-colectania\/"]}]},{"@type":"BreadcrumbList","@id":"https:\/\/afc.cat\/es\/activitat\/visita-a-la-exposicion-fotografica-face-control-foto-colectania\/#breadcrumb","itemListElement":[{"@type":"ListItem","position":1,"name":"Inicio","item":"https:\/\/afc.cat\/es\/"},{"@type":"ListItem","position":2,"name":"Visita a la exposici\u00f3n fotogr\u00e1fica &#8220;Face Control&#8221; \/ Foto Colectania"}]},{"@type":"WebSite","@id":"https:\/\/afc.cat\/es\/#website","url":"https:\/\/afc.cat\/es\/","name":"Agrupaci\u00f3 Fotogr\u00e0fica de Catalunya","description":"Fomento y divulgaci\u00f3n de la fotograf\u00eda en todas sus variedades","potentialAction":[{"@type":"SearchAction","target":{"@type":"EntryPoint","urlTemplate":"https:\/\/afc.cat\/es\/?s={search_term_string}"},"query-input":{"@type":"PropertyValueSpecification","valueRequired":true,"valueName":"search_term_string"}}],"inLanguage":"es"}]}},"_links":{"self":[{"href":"https:\/\/afc.cat\/es\/wp-json\/wp\/v2\/class\/25866","targetHints":{"allow":["GET"]}}],"collection":[{"href":"https:\/\/afc.cat\/es\/wp-json\/wp\/v2\/class"}],"about":[{"href":"https:\/\/afc.cat\/es\/wp-json\/wp\/v2\/types\/class"}],"wp:attachment":[{"href":"https:\/\/afc.cat\/es\/wp-json\/wp\/v2\/media?parent=25866"}],"wp:term":[{"taxonomy":"wcs-type","embeddable":true,"href":"https:\/\/afc.cat\/es\/wp-json\/wp\/v2\/wcs-type?post=25866"},{"taxonomy":"wcs-room","embeddable":true,"href":"https:\/\/afc.cat\/es\/wp-json\/wp\/v2\/wcs-room?post=25866"},{"taxonomy":"wcs-instructor","embeddable":true,"href":"https:\/\/afc.cat\/es\/wp-json\/wp\/v2\/wcs-instructor?post=25866"}],"curies":[{"name":"wp","href":"https:\/\/api.w.org\/{rel}","templated":true}]}}

Visita a la exposición fotográfica «Face Control» / Foto Colectania

<div class="fusion-fullwidth fullwidth-box fusion-builder-row-1 fusion-flex-container nonhundred-percent-fullwidth non-hundred-percent-height-scrolling" style="background-color: rgba(255,255,255,0);background-position: center center;background-repeat: no-repeat;border-width: 0px 0px 0px 0px;border-color:#ffffff;border-style:solid;" ><div class="fusion-builder-row fusion-row fusion-flex-align-items-flex-start" style="max-width:1300px;margin-left: calc(-4% / 2 );margin-right: calc(-4% / 2 );"><div class="fusion-layout-column fusion_builder_column fusion-builder-column-0 fusion_builder_column_1_1 1_1 fusion-flex-column"><div class="fusion-column-wrapper fusion-flex-justify-content-flex-start fusion-content-layout-column" style="background-position:left top;background-repeat:no-repeat;-webkit-background-size:cover;-moz-background-size:cover;-o-background-size:cover;background-size:cover;padding: 0px 0px 0px 0px;"><div class="fusion-text fusion-text-1"><h2>Muestra colectiva con más de veinte artistas</h2>
<p>ACTIVIDAD: VISITA GUIADA A LA EXPOSICIÓN FOTOGRÁFICA “FACE CONTROL”<br />
LUGAR: FUNDACIÓ FOTO COLECTANIA<br />
Passeig Picasso, 14. 08003. Barcelona<br />
FECHA: jueves 24 febrero de 2022<br />
HORA: 11:00 horas (tiempo visita guiada 1h15’ aprox)<br />
PUNTO DE ENCUENTRO: En la puerta de la Fundació 10:45 horas<br />
PRECIO: Entre 5 y 10 euros (en función  de las personas inscritas)<br />
INSCRIPCIÓN: Envia correu a visites@afc.cat</p>
<p>Actividad exclusiva para asociados. <strong><a href="https://afc.cat/es/asociate/">Si quieres asociarte</a>,</strong> <a href="https://afc.cat/es/contacto/">contacta con nosotros</a> y te informaremos.</p>
<p>DESCRIPCIÓN ACTIVIDAD:</p>
<p>Visitaremos una muestra diferente. Está comisariada por Urs Stahel y plantea una reflexión crítica y en cierto modo provocativa sobre las consecuencias derivadas del control de nuestros rostros en el ámbito social, político y cultural.</p>
<p>Visualizaremos varias aproximaciones al tema, tanto actuales como de autores clásicos: Diane Arbus, Thomas Ruff o Richard Hamilton. También las nuevas aportaciones de Trevor Paglen, Shu Lea Cheang o artistas emergentes e incluso, propuestas extraídas directamente de internet y de redes sociales.</p>
<p>Una actividad interesante para sacudir nuestra manera de mirar, de ver y captar los rostros de las personas o de nosotros mismos.</p>
<p>Elena Vallet, experta en el tema, será la encargada de realizarnos la visita guiada que, como en otras ocasiones intuimos muy atractiva.</p>
<p>¡Te esperamos!</p>
</div><div style="text-align:center;"><span class=" fusion-imageframe imageframe-none imageframe-1 hover-type-zoomin"><img decoding="async" width="400" height="267" title="© Violeta Cañigueral_FACE CONTROL_33" src="https://afc.cat/wp-content/uploads/2022/02/©-Violeta-Canigueral_FACE-CONTROL_33.jpg" alt class="img-responsive wp-image-25867" srcset="https://afc.cat/wp-content/uploads/2022/02/©-Violeta-Canigueral_FACE-CONTROL_33-200x134.jpg 200w, https://afc.cat/wp-content/uploads/2022/02/©-Violeta-Canigueral_FACE-CONTROL_33.jpg 400w" sizes="(max-width: 640px) 100vw, 400px" /></span></div><div class="fusion-text fusion-text-2" style="font-size:13px;"><p style="text-align: center;">Autora: Violeta Cañigueral</p>
</div></div><style type="text/css">.fusion-body .fusion-builder-column-0{width:100% !important;margin-top : 0px;margin-bottom : 20px;}.fusion-builder-column-0 > .fusion-column-wrapper {padding-top : 0px !important;padding-right : 0px !important;margin-right : 1.92%;padding-bottom : 0px !important;padding-left : 0px !important;margin-left : 1.92%;}@media only screen and (max-width:1024px) {.fusion-body .fusion-builder-column-0{width:100% !important;order : 0;}.fusion-builder-column-0 > .fusion-column-wrapper {margin-right : 1.92%;margin-left : 1.92%;}}@media only screen and (max-width:640px) {.fusion-body .fusion-builder-column-0{width:100% !important;order : 0;}.fusion-builder-column-0 > .fusion-column-wrapper {margin-right : 1.92%;margin-left : 1.92%;}}</style></div></div><style type="text/css">.fusion-body .fusion-flex-container.fusion-builder-row-1{ padding-top : 0px;margin-top : 0px;padding-right : 0px;padding-bottom : 0px;margin-bottom : 0px;padding-left : 0px;}</style></div>

<!-- This site is optimized with the Yoast SEO plugin v27.5 - https://yoast.com/product/yoast-seo-wordpress/ -->
<title>Visita a la exposición fotográfica &quot;Face Control&quot; / Foto Colectania - Agrupació Fotogràfica de Catalunya</title>
<meta name="robots" content="index, follow, max-snippet:-1, max-image-preview:large, max-video-preview:-1" />
<link rel="canonical" href="https://afc.cat/es/activitat/visita-a-la-exposicion-fotografica-face-control-foto-colectania/" />
<meta property="og:locale" content="es_ES" />
<meta property="og:type" content="article" />
<meta property="og:title" content="Visita a la exposición fotográfica &quot;Face Control&quot; / Foto Colectania - Agrupació Fotogràfica de Catalunya" />
<meta property="og:url" content="https://afc.cat/es/activitat/visita-a-la-exposicion-fotografica-face-control-foto-colectania/" />
<meta property="og:site_name" content="Agrupació Fotogràfica de Catalunya" />
<meta property="article:modified_time" content="2022-02-08T12:07:26+00:00" />
<meta name="twitter:card" content="summary_large_image" />
<meta name="twitter:label1" content="Tiempo de lectura" />
	<meta name="twitter:data1" content="3 minutos" />
<script type="application/ld+json" class="yoast-schema-graph">{"@context":"https:\/\/schema.org","@graph":[{"@type":"WebPage","@id":"https:\/\/afc.cat\/es\/activitat\/visita-a-la-exposicion-fotografica-face-control-foto-colectania\/","url":"https:\/\/afc.cat\/es\/activitat\/visita-a-la-exposicion-fotografica-face-control-foto-colectania\/","name":"Visita a la exposición fotográfica \"Face Control\" \/ Foto Colectania - Agrupació Fotogràfica de Catalunya","isPartOf":{"@id":"https:\/\/afc.cat\/es\/#website"},"datePublished":"2022-02-07T16:22:05+00:00","dateModified":"2022-02-08T12:07:26+00:00","breadcrumb":{"@id":"https:\/\/afc.cat\/es\/activitat\/visita-a-la-exposicion-fotografica-face-control-foto-colectania\/#breadcrumb"},"inLanguage":"es","potentialAction":[{"@type":"ReadAction","target":["https:\/\/afc.cat\/es\/activitat\/visita-a-la-exposicion-fotografica-face-control-foto-colectania\/"]}]},{"@type":"BreadcrumbList","@id":"https:\/\/afc.cat\/es\/activitat\/visita-a-la-exposicion-fotografica-face-control-foto-colectania\/#breadcrumb","itemListElement":[{"@type":"ListItem","position":1,"name":"Inicio","item":"https:\/\/afc.cat\/es\/"},{"@type":"ListItem","position":2,"name":"Visita a la exposición fotográfica &#8220;Face Control&#8221; \/ Foto Colectania"}]},{"@type":"WebSite","@id":"https:\/\/afc.cat\/es\/#website","url":"https:\/\/afc.cat\/es\/","name":"Agrupació Fotogràfica de Catalunya","description":"Fomento y divulgación de la fotografía en todas sus variedades","potentialAction":[{"@type":"SearchAction","target":{"@type":"EntryPoint","urlTemplate":"https:\/\/afc.cat\/es\/?s={search_term_string}"},"query-input":{"@type":"PropertyValueSpecification","valueRequired":true,"valueName":"search_term_string"}}],"inLanguage":"es"}]}</script>
<!-- / Yoast SEO plugin. -->

Visita a la exposición fotográfica "Face Control" / Foto Colectania - Agrupació Fotogràfica de Catalunya

Agrupació Fotogràfica de Catalunya

Visita a la exposición fotográfica &#8220;Face Control&#8221; / Foto Colectania

Fomento y divulgación de la fotografía en todas sus variedades
