{"id":26054,"date":"2022-02-09T19:45:07","date_gmt":"2022-02-09T17:45:07","guid":{"rendered":"https:\/\/afc.cat\/?post_type=class&#038;p=26054"},"modified":"2022-02-16T16:55:05","modified_gmt":"2022-02-16T14:55:05","slug":"salida-fotografica-grup-destreet-arquitectura-placa-deuropa","status":"publish","type":"class","link":"https:\/\/afc.cat\/es\/activitat\/salida-fotografica-grup-destreet-arquitectura-placa-deuropa\/","title":{"rendered":"Salida fotogr\u00e1fica Grup de Street \/ Arquitectura Pla\u00e7a d&#8217;Europa"},"content":{"rendered":"<div class=\"fusion-fullwidth fullwidth-box fusion-builder-row-1 fusion-flex-container nonhundred-percent-fullwidth non-hundred-percent-height-scrolling\" style=\"background-color: rgba(255,255,255,0);background-position: center center;background-repeat: no-repeat;border-width: 0px 0px 0px 0px;border-color:#ffffff;border-style:solid;\" ><div class=\"fusion-builder-row fusion-row fusion-flex-align-items-flex-start\" style=\"max-width:1300px;margin-left: calc(-4% \/ 2 );margin-right: calc(-4% \/ 2 );\"><div class=\"fusion-layout-column fusion_builder_column fusion-builder-column-0 fusion_builder_column_1_1 1_1 fusion-flex-column\"><div class=\"fusion-column-wrapper fusion-flex-justify-content-flex-start fusion-content-layout-column\" style=\"background-position:left top;background-repeat:no-repeat;-webkit-background-size:cover;-moz-background-size:cover;-o-background-size:cover;background-size:cover;padding: 0px 0px 0px 0px;\"><div class=\"fusion-text fusion-text-1\"><h2>Arquitectura y urbanismo<\/h2>\n<p>La propuesta de esta <strong>salida<\/strong> matinal nos llevar\u00e1 a la Plaza de Europa de\u00a0 Hospitalet de Llobregat. Encontraremos un entorno ideal para practicar la<strong> fotograf\u00eda de<\/strong> <strong>arquitectura<\/strong> ya que a primera hora de la ma\u00f1ana el sol no estar\u00e1 en su vertical, favoreciendo que la sombras de los rascacielos no sean muy pronunciadas. Tambi\u00e9n podremos captar los reflejos del agua que bordea la Feria de Barcelona con su peque\u00f1a fuente en la entrada principal.<\/p>\n<p>Recomendamos llevar objetivo angular, teleobjetivo mediano, filtro polarizador y tr\u00edpode.<\/p>\n<p>El <strong>Grupo de Fotograf\u00eda de Street<\/strong> utiliza la plataforma Discord para comunicar, publicar y comentar sus im\u00e1genes.<\/p>\n<p>Si no puedes asistir a la convocatoria, podr\u00e1s ir por libre antes de la fecha de entrega de las fotos en el Discord (d\u00eda del visionado por Zoom), aunque ser\u00eda interesante realizarla con el grupo, durante la salida y sin ninguna preparaci\u00f3n.<\/p>\n<p>Enviamos la invitaci\u00f3n por email a todos los interesados: el administrador es <strong>Jordi Marqu\u00e8s<\/strong>.<\/p>\n<p>Encuentro <strong>abierto<\/strong>\u00a0para todos los socios y amigos. Inscripciones: street@afc.cat<\/p>\n<p><strong>CALENDARIO<\/strong><br \/>\nFECHA: s\u00e1bado 12 de febrero<br \/>\nHORA: 10:00 h.<br \/>\nLUGAR: Nos encontraremos en la puerta principal de la Feria de Barcelona. Hotel Puerta Feria<br \/>\nActividad<strong> gratuita y abierta<\/strong> a todo el p\u00fablico.<\/p>\n<p>El visionado de la salida se realizar\u00e1 mediante la plataforma zoom el<strong> jueves 22 de febrero<\/strong> a las 19.00 h.<\/p>\n<\/div><style type=\"text\/css\">.fusion-gallery-1 .fusion-gallery-image {border:0px solid #e2e2e2;}<\/style><div class=\"fusion-gallery fusion-gallery-container fusion-grid-6 fusion-columns-total-1 fusion-gallery-layout-masonry fusion-gallery-1\" style=\"margin:-5px;\"><div class=\"fusion-grid-column fusion-gallery-column fusion-gallery-column-6 hover-type-zoomin fusion-grid-sizer\"><\/div><div style=\"padding:5px;\" class=\"fusion-grid-column fusion-gallery-column fusion-gallery-column-6 hover-type-zoomin fusion-element-landscape\"><div class=\"fusion-gallery-image\"><a href=\"https:\/\/afc.cat\/wp-content\/uploads\/2022\/02\/DSCF1479.jpg\" rel=\"noreferrer\" data-rel=\"iLightbox[gallery_image_1]\" class=\"fusion-lightbox\" target=\"_self\"><div style=\"background-image:url(https:\/\/afc.cat\/wp-content\/uploads\/2022\/02\/DSCF1479.jpg);padding-top:calc((100% + 10px) * 0.4 - 5px);\" class=\"fusion-masonry-element-container\"><img decoding=\"async\" src=\"https:\/\/afc.cat\/wp-content\/uploads\/2022\/02\/DSCF1479.jpg\" width=\"400\" height=\"225\" alt=\"\" title=\"\" aria-label=\"\" class=\"img-responsive wp-image-26053\" srcset=\"https:\/\/afc.cat\/wp-content\/uploads\/2022\/02\/DSCF1479-200x113.jpg 200w, https:\/\/afc.cat\/wp-content\/uploads\/2022\/02\/DSCF1479.jpg 400w\" sizes=\"(min-width: 2200px) 100vw, (min-width: 832px) 413px, (min-width: 736px) 620px, (min-width: 640px) 736px, \" \/><\/div><\/a><\/div><\/div><\/div><div class=\"fusion-text fusion-text-2\"><p style=\"text-align: center;\">Xavier Fedi<\/p>\n<\/div><\/div><style type=\"text\/css\">.fusion-body .fusion-builder-column-0{width:100% !important;margin-top : 0px;margin-bottom : 20px;}.fusion-builder-column-0 > .fusion-column-wrapper {padding-top : 0px !important;padding-right : 0px !important;margin-right : 1.92%;padding-bottom : 0px !important;padding-left : 0px !important;margin-left : 1.92%;}@media only screen and (max-width:1024px) {.fusion-body .fusion-builder-column-0{width:100% !important;order : 0;}.fusion-builder-column-0 > .fusion-column-wrapper {margin-right : 1.92%;margin-left : 1.92%;}}@media only screen and (max-width:640px) {.fusion-body .fusion-builder-column-0{width:100% !important;order : 0;}.fusion-builder-column-0 > .fusion-column-wrapper {margin-right : 1.92%;margin-left : 1.92%;}}<\/style><\/div><\/div><style type=\"text\/css\">.fusion-body .fusion-flex-container.fusion-builder-row-1{ padding-top : 0px;margin-top : 0px;padding-right : 0px;padding-bottom : 0px;margin-bottom : 0px;padding-left : 0px;}<\/style><\/div>\n","protected":false},"excerpt":{"rendered":"","protected":false},"template":"","meta":{"_acf_changed":false},"wcs-type":[127,128],"wcs-room":[318],"wcs-instructor":[],"class_list":["post-26054","class","type-class","status-publish","hentry","wcs-type-salidas","wcs-type-salidas-fotograficas","wcs-room-placa-deuropa"],"acf":[],"yoast_head":"<!-- This site is optimized with the Yoast SEO plugin v27.5 - https:\/\/yoast.com\/product\/yoast-seo-wordpress\/ -->\n<title>Salida fotogr\u00e1fica Grup de Street \/ Arquitectura Pla\u00e7a d&#039;Europa - Agrupaci\u00f3 Fotogr\u00e0fica de Catalunya<\/title>\n<meta name=\"robots\" content=\"index, follow, max-snippet:-1, max-image-preview:large, max-video-preview:-1\" \/>\n<link rel=\"canonical\" href=\"https:\/\/afc.cat\/es\/activitat\/salida-fotografica-grup-destreet-arquitectura-placa-deuropa\/\" \/>\n<meta property=\"og:locale\" content=\"es_ES\" \/>\n<meta property=\"og:type\" content=\"article\" \/>\n<meta property=\"og:title\" content=\"Salida fotogr\u00e1fica Grup de Street \/ Arquitectura Pla\u00e7a d&#039;Europa - Agrupaci\u00f3 Fotogr\u00e0fica de Catalunya\" \/>\n<meta property=\"og:url\" content=\"https:\/\/afc.cat\/es\/activitat\/salida-fotografica-grup-destreet-arquitectura-placa-deuropa\/\" \/>\n<meta property=\"og:site_name\" content=\"Agrupaci\u00f3 Fotogr\u00e0fica de Catalunya\" \/>\n<meta property=\"article:modified_time\" content=\"2022-02-16T14:55:05+00:00\" \/>\n<meta name=\"twitter:card\" content=\"summary_large_image\" \/>\n<meta name=\"twitter:label1\" content=\"Tiempo de lectura\" \/>\n\t<meta name=\"twitter:data1\" content=\"3 minutos\" \/>\n<script type=\"application\/ld+json\" class=\"yoast-schema-graph\">{\"@context\":\"https:\\\/\\\/schema.org\",\"@graph\":[{\"@type\":\"WebPage\",\"@id\":\"https:\\\/\\\/afc.cat\\\/es\\\/activitat\\\/salida-fotografica-grup-destreet-arquitectura-placa-deuropa\\\/\",\"url\":\"https:\\\/\\\/afc.cat\\\/es\\\/activitat\\\/salida-fotografica-grup-destreet-arquitectura-placa-deuropa\\\/\",\"name\":\"Salida fotogr\u00e1fica Grup de Street \\\/ Arquitectura Pla\u00e7a d'Europa - Agrupaci\u00f3 Fotogr\u00e0fica de Catalunya\",\"isPartOf\":{\"@id\":\"https:\\\/\\\/afc.cat\\\/es\\\/#website\"},\"datePublished\":\"2022-02-09T17:45:07+00:00\",\"dateModified\":\"2022-02-16T14:55:05+00:00\",\"breadcrumb\":{\"@id\":\"https:\\\/\\\/afc.cat\\\/es\\\/activitat\\\/salida-fotografica-grup-destreet-arquitectura-placa-deuropa\\\/#breadcrumb\"},\"inLanguage\":\"es\",\"potentialAction\":[{\"@type\":\"ReadAction\",\"target\":[\"https:\\\/\\\/afc.cat\\\/es\\\/activitat\\\/salida-fotografica-grup-destreet-arquitectura-placa-deuropa\\\/\"]}]},{\"@type\":\"BreadcrumbList\",\"@id\":\"https:\\\/\\\/afc.cat\\\/es\\\/activitat\\\/salida-fotografica-grup-destreet-arquitectura-placa-deuropa\\\/#breadcrumb\",\"itemListElement\":[{\"@type\":\"ListItem\",\"position\":1,\"name\":\"Inicio\",\"item\":\"https:\\\/\\\/afc.cat\\\/es\\\/\"},{\"@type\":\"ListItem\",\"position\":2,\"name\":\"Salida fotogr\u00e1fica Grup de Street \\\/ Arquitectura Pla\u00e7a d&#8217;Europa\"}]},{\"@type\":\"WebSite\",\"@id\":\"https:\\\/\\\/afc.cat\\\/es\\\/#website\",\"url\":\"https:\\\/\\\/afc.cat\\\/es\\\/\",\"name\":\"Agrupaci\u00f3 Fotogr\u00e0fica de Catalunya\",\"description\":\"Fomento y divulgaci\u00f3n de la fotograf\u00eda en todas sus variedades\",\"potentialAction\":[{\"@type\":\"SearchAction\",\"target\":{\"@type\":\"EntryPoint\",\"urlTemplate\":\"https:\\\/\\\/afc.cat\\\/es\\\/?s={search_term_string}\"},\"query-input\":{\"@type\":\"PropertyValueSpecification\",\"valueRequired\":true,\"valueName\":\"search_term_string\"}}],\"inLanguage\":\"es\"}]}<\/script>\n<!-- \/ Yoast SEO plugin. -->","yoast_head_json":{"title":"Salida fotogr\u00e1fica Grup de Street \/ Arquitectura Pla\u00e7a d'Europa - Agrupaci\u00f3 Fotogr\u00e0fica de Catalunya","robots":{"index":"index","follow":"follow","max-snippet":"max-snippet:-1","max-image-preview":"max-image-preview:large","max-video-preview":"max-video-preview:-1"},"canonical":"https:\/\/afc.cat\/es\/activitat\/salida-fotografica-grup-destreet-arquitectura-placa-deuropa\/","og_locale":"es_ES","og_type":"article","og_title":"Salida fotogr\u00e1fica Grup de Street \/ Arquitectura Pla\u00e7a d'Europa - Agrupaci\u00f3 Fotogr\u00e0fica de Catalunya","og_url":"https:\/\/afc.cat\/es\/activitat\/salida-fotografica-grup-destreet-arquitectura-placa-deuropa\/","og_site_name":"Agrupaci\u00f3 Fotogr\u00e0fica de Catalunya","article_modified_time":"2022-02-16T14:55:05+00:00","twitter_card":"summary_large_image","twitter_misc":{"Tiempo de lectura":"3 minutos"},"schema":{"@context":"https:\/\/schema.org","@graph":[{"@type":"WebPage","@id":"https:\/\/afc.cat\/es\/activitat\/salida-fotografica-grup-destreet-arquitectura-placa-deuropa\/","url":"https:\/\/afc.cat\/es\/activitat\/salida-fotografica-grup-destreet-arquitectura-placa-deuropa\/","name":"Salida fotogr\u00e1fica Grup de Street \/ Arquitectura Pla\u00e7a d'Europa - Agrupaci\u00f3 Fotogr\u00e0fica de Catalunya","isPartOf":{"@id":"https:\/\/afc.cat\/es\/#website"},"datePublished":"2022-02-09T17:45:07+00:00","dateModified":"2022-02-16T14:55:05+00:00","breadcrumb":{"@id":"https:\/\/afc.cat\/es\/activitat\/salida-fotografica-grup-destreet-arquitectura-placa-deuropa\/#breadcrumb"},"inLanguage":"es","potentialAction":[{"@type":"ReadAction","target":["https:\/\/afc.cat\/es\/activitat\/salida-fotografica-grup-destreet-arquitectura-placa-deuropa\/"]}]},{"@type":"BreadcrumbList","@id":"https:\/\/afc.cat\/es\/activitat\/salida-fotografica-grup-destreet-arquitectura-placa-deuropa\/#breadcrumb","itemListElement":[{"@type":"ListItem","position":1,"name":"Inicio","item":"https:\/\/afc.cat\/es\/"},{"@type":"ListItem","position":2,"name":"Salida fotogr\u00e1fica Grup de Street \/ Arquitectura Pla\u00e7a d&#8217;Europa"}]},{"@type":"WebSite","@id":"https:\/\/afc.cat\/es\/#website","url":"https:\/\/afc.cat\/es\/","name":"Agrupaci\u00f3 Fotogr\u00e0fica de Catalunya","description":"Fomento y divulgaci\u00f3n de la fotograf\u00eda en todas sus variedades","potentialAction":[{"@type":"SearchAction","target":{"@type":"EntryPoint","urlTemplate":"https:\/\/afc.cat\/es\/?s={search_term_string}"},"query-input":{"@type":"PropertyValueSpecification","valueRequired":true,"valueName":"search_term_string"}}],"inLanguage":"es"}]}},"_links":{"self":[{"href":"https:\/\/afc.cat\/es\/wp-json\/wp\/v2\/class\/26054","targetHints":{"allow":["GET"]}}],"collection":[{"href":"https:\/\/afc.cat\/es\/wp-json\/wp\/v2\/class"}],"about":[{"href":"https:\/\/afc.cat\/es\/wp-json\/wp\/v2\/types\/class"}],"wp:attachment":[{"href":"https:\/\/afc.cat\/es\/wp-json\/wp\/v2\/media?parent=26054"}],"wp:term":[{"taxonomy":"wcs-type","embeddable":true,"href":"https:\/\/afc.cat\/es\/wp-json\/wp\/v2\/wcs-type?post=26054"},{"taxonomy":"wcs-room","embeddable":true,"href":"https:\/\/afc.cat\/es\/wp-json\/wp\/v2\/wcs-room?post=26054"},{"taxonomy":"wcs-instructor","embeddable":true,"href":"https:\/\/afc.cat\/es\/wp-json\/wp\/v2\/wcs-instructor?post=26054"}],"curies":[{"name":"wp","href":"https:\/\/api.w.org\/{rel}","templated":true}]}}

Salida fotográfica Grup de Street / Arquitectura Plaça d&#8217;Europa

<div class="fusion-fullwidth fullwidth-box fusion-builder-row-1 fusion-flex-container nonhundred-percent-fullwidth non-hundred-percent-height-scrolling" style="background-color: rgba(255,255,255,0);background-position: center center;background-repeat: no-repeat;border-width: 0px 0px 0px 0px;border-color:#ffffff;border-style:solid;" ><div class="fusion-builder-row fusion-row fusion-flex-align-items-flex-start" style="max-width:1300px;margin-left: calc(-4% / 2 );margin-right: calc(-4% / 2 );"><div class="fusion-layout-column fusion_builder_column fusion-builder-column-0 fusion_builder_column_1_1 1_1 fusion-flex-column"><div class="fusion-column-wrapper fusion-flex-justify-content-flex-start fusion-content-layout-column" style="background-position:left top;background-repeat:no-repeat;-webkit-background-size:cover;-moz-background-size:cover;-o-background-size:cover;background-size:cover;padding: 0px 0px 0px 0px;"><div class="fusion-text fusion-text-1"><h2>Arquitectura y urbanismo</h2>
<p>La propuesta de esta <strong>salida</strong> matinal nos llevará a la Plaza de Europa de  Hospitalet de Llobregat. Encontraremos un entorno ideal para practicar la<strong> fotografía de</strong> <strong>arquitectura</strong> ya que a primera hora de la mañana el sol no estará en su vertical, favoreciendo que la sombras de los rascacielos no sean muy pronunciadas. También podremos captar los reflejos del agua que bordea la Feria de Barcelona con su pequeña fuente en la entrada principal.</p>
<p>Recomendamos llevar objetivo angular, teleobjetivo mediano, filtro polarizador y trípode.</p>
<p>El <strong>Grupo de Fotografía de Street</strong> utiliza la plataforma Discord para comunicar, publicar y comentar sus imágenes.</p>
<p>Si no puedes asistir a la convocatoria, podrás ir por libre antes de la fecha de entrega de las fotos en el Discord (día del visionado por Zoom), aunque sería interesante realizarla con el grupo, durante la salida y sin ninguna preparación.</p>
<p>Enviamos la invitación por email a todos los interesados: el administrador es <strong>Jordi Marquès</strong>.</p>
<p>Encuentro <strong>abierto</strong> para todos los socios y amigos. Inscripciones: street@afc.cat</p>
<p><strong>CALENDARIO</strong><br />
FECHA: sábado 12 de febrero<br />
HORA: 10:00 h.<br />
LUGAR: Nos encontraremos en la puerta principal de la Feria de Barcelona. Hotel Puerta Feria<br />
Actividad<strong> gratuita y abierta</strong> a todo el público.</p>
<p>El visionado de la salida se realizará mediante la plataforma zoom el<strong> jueves 22 de febrero</strong> a las 19.00 h.</p>
</div><style type="text/css">.fusion-gallery-1 .fusion-gallery-image {border:0px solid #e2e2e2;}</style><div class="fusion-gallery fusion-gallery-container fusion-grid-6 fusion-columns-total-1 fusion-gallery-layout-masonry fusion-gallery-1" style="margin:-5px;"><div class="fusion-grid-column fusion-gallery-column fusion-gallery-column-6 hover-type-zoomin fusion-grid-sizer"></div><div style="padding:5px;" class="fusion-grid-column fusion-gallery-column fusion-gallery-column-6 hover-type-zoomin fusion-element-landscape"><div class="fusion-gallery-image"><a href="https://afc.cat/wp-content/uploads/2022/02/DSCF1479.jpg" rel="noreferrer" data-rel="iLightbox[gallery_image_1]" class="fusion-lightbox" target="_self"><div style="background-image:url(https://afc.cat/wp-content/uploads/2022/02/DSCF1479.jpg);padding-top:calc((100% + 10px) * 0.4 - 5px);" class="fusion-masonry-element-container"><img decoding="async" src="https://afc.cat/wp-content/uploads/2022/02/DSCF1479.jpg" width="400" height="225" alt="" title="" aria-label="" class="img-responsive wp-image-26053" srcset="https://afc.cat/wp-content/uploads/2022/02/DSCF1479-200x113.jpg 200w, https://afc.cat/wp-content/uploads/2022/02/DSCF1479.jpg 400w" sizes="(min-width: 2200px) 100vw, (min-width: 832px) 413px, (min-width: 736px) 620px, (min-width: 640px) 736px, " /></div></a></div></div></div><div class="fusion-text fusion-text-2"><p style="text-align: center;">Xavier Fedi</p>
</div></div><style type="text/css">.fusion-body .fusion-builder-column-0{width:100% !important;margin-top : 0px;margin-bottom : 20px;}.fusion-builder-column-0 > .fusion-column-wrapper {padding-top : 0px !important;padding-right : 0px !important;margin-right : 1.92%;padding-bottom : 0px !important;padding-left : 0px !important;margin-left : 1.92%;}@media only screen and (max-width:1024px) {.fusion-body .fusion-builder-column-0{width:100% !important;order : 0;}.fusion-builder-column-0 > .fusion-column-wrapper {margin-right : 1.92%;margin-left : 1.92%;}}@media only screen and (max-width:640px) {.fusion-body .fusion-builder-column-0{width:100% !important;order : 0;}.fusion-builder-column-0 > .fusion-column-wrapper {margin-right : 1.92%;margin-left : 1.92%;}}</style></div></div><style type="text/css">.fusion-body .fusion-flex-container.fusion-builder-row-1{ padding-top : 0px;margin-top : 0px;padding-right : 0px;padding-bottom : 0px;margin-bottom : 0px;padding-left : 0px;}</style></div>

<!-- This site is optimized with the Yoast SEO plugin v27.5 - https://yoast.com/product/yoast-seo-wordpress/ -->
<title>Salida fotográfica Grup de Street / Arquitectura Plaça d&#039;Europa - Agrupació Fotogràfica de Catalunya</title>
<meta name="robots" content="index, follow, max-snippet:-1, max-image-preview:large, max-video-preview:-1" />
<link rel="canonical" href="https://afc.cat/es/activitat/salida-fotografica-grup-destreet-arquitectura-placa-deuropa/" />
<meta property="og:locale" content="es_ES" />
<meta property="og:type" content="article" />
<meta property="og:title" content="Salida fotográfica Grup de Street / Arquitectura Plaça d&#039;Europa - Agrupació Fotogràfica de Catalunya" />
<meta property="og:url" content="https://afc.cat/es/activitat/salida-fotografica-grup-destreet-arquitectura-placa-deuropa/" />
<meta property="og:site_name" content="Agrupació Fotogràfica de Catalunya" />
<meta property="article:modified_time" content="2022-02-16T14:55:05+00:00" />
<meta name="twitter:card" content="summary_large_image" />
<meta name="twitter:label1" content="Tiempo de lectura" />
	<meta name="twitter:data1" content="3 minutos" />
<script type="application/ld+json" class="yoast-schema-graph">{"@context":"https:\/\/schema.org","@graph":[{"@type":"WebPage","@id":"https:\/\/afc.cat\/es\/activitat\/salida-fotografica-grup-destreet-arquitectura-placa-deuropa\/","url":"https:\/\/afc.cat\/es\/activitat\/salida-fotografica-grup-destreet-arquitectura-placa-deuropa\/","name":"Salida fotográfica Grup de Street \/ Arquitectura Plaça d'Europa - Agrupació Fotogràfica de Catalunya","isPartOf":{"@id":"https:\/\/afc.cat\/es\/#website"},"datePublished":"2022-02-09T17:45:07+00:00","dateModified":"2022-02-16T14:55:05+00:00","breadcrumb":{"@id":"https:\/\/afc.cat\/es\/activitat\/salida-fotografica-grup-destreet-arquitectura-placa-deuropa\/#breadcrumb"},"inLanguage":"es","potentialAction":[{"@type":"ReadAction","target":["https:\/\/afc.cat\/es\/activitat\/salida-fotografica-grup-destreet-arquitectura-placa-deuropa\/"]}]},{"@type":"BreadcrumbList","@id":"https:\/\/afc.cat\/es\/activitat\/salida-fotografica-grup-destreet-arquitectura-placa-deuropa\/#breadcrumb","itemListElement":[{"@type":"ListItem","position":1,"name":"Inicio","item":"https:\/\/afc.cat\/es\/"},{"@type":"ListItem","position":2,"name":"Salida fotográfica Grup de Street \/ Arquitectura Plaça d&#8217;Europa"}]},{"@type":"WebSite","@id":"https:\/\/afc.cat\/es\/#website","url":"https:\/\/afc.cat\/es\/","name":"Agrupació Fotogràfica de Catalunya","description":"Fomento y divulgación de la fotografía en todas sus variedades","potentialAction":[{"@type":"SearchAction","target":{"@type":"EntryPoint","urlTemplate":"https:\/\/afc.cat\/es\/?s={search_term_string}"},"query-input":{"@type":"PropertyValueSpecification","valueRequired":true,"valueName":"search_term_string"}}],"inLanguage":"es"}]}</script>
<!-- / Yoast SEO plugin. -->

Salida fotográfica Grup de Street / Arquitectura Plaça d'Europa - Agrupació Fotogràfica de Catalunya

Agrupació Fotogràfica de Catalunya

Fomento y divulgación de la fotografía en todas sus variedades
