{"id":26455,"date":"2022-03-04T13:13:36","date_gmt":"2022-03-04T11:13:36","guid":{"rendered":"https:\/\/afc.cat\/activitat\/vols-el-teu-blog-de-fotografia\/"},"modified":"2022-03-09T11:02:07","modified_gmt":"2022-03-09T09:02:07","slug":"vols-el-teu-blog-de-fotografia","status":"publish","type":"class","link":"https:\/\/afc.cat\/es\/activitat\/vols-el-teu-blog-de-fotografia\/","title":{"rendered":"Te gustar\u00eda tener tu propio blog de fotograf\u00eda ?"},"content":{"rendered":"<p><div class=\"fusion-fullwidth fullwidth-box fusion-builder-row-1 fusion-flex-container nonhundred-percent-fullwidth non-hundred-percent-height-scrolling\" style=\"background-color: rgba(255,255,255,0);background-position: center center;background-repeat: no-repeat;border-width: 0px 15px 0px 0px;border-color:#ffffff;border-style:solid;\" ><div class=\"fusion-builder-row fusion-row fusion-flex-align-items-flex-start\" style=\"max-width:1300px;margin-left: calc(-4% \/ 2 );margin-right: calc(-4% \/ 2 );\"><div class=\"fusion-layout-column fusion_builder_column fusion-builder-column-0 fusion_builder_column_1_1 1_1 fusion-flex-column\"><div class=\"fusion-column-wrapper fusion-flex-justify-content-flex-start fusion-content-layout-column\" style=\"background-position:left top;background-repeat:no-repeat;-webkit-background-size:cover;-moz-background-size:cover;-o-background-size:cover;background-size:cover;padding: 0px 0px 0px 0px;\"><div class=\"fusion-text fusion-text-1\"><h2>Has pensado nunca en tener tu propio blog de fotograf\u00eda ?<\/h2>\n<p>Si es as\u00ed este es el taller que estabas esperando. Te explico cu\u00e1l es el plan &#8230;<\/p>\n<p>Haremos una primera sesi\u00f3n donde te explicar\u00e9 brevemente lo que necesitas saber para dar el paso.<\/p>\n<p>El temario resumido de esta primera sesi\u00f3n introductoria ser\u00e1 el siguiente:<\/p>\n<ul>\n<li>Porque tienes que tener un blog de fotograf\u00eda.<\/li>\n<li>Qu\u00e9 objetivos tienes que buscar en tu blog de fotograf\u00eda.<\/li>\n<li>Dominios y extensiones de dominio. C\u00f3mo elegirlos para lograr tus objetivos.<\/li>\n<li>Herramientas de creaci\u00f3n de blogs. Una breve visi\u00f3n de las mejores opciones que hay actualmente.<\/li>\n<li>Alojamiento de una web. El mejor no es siempre el m\u00e1s caro.<\/li>\n<li>Redes sociales y blog. C\u00f3mo se complementan.<\/li>\n<li>SEO. Qu\u00e9 es y porque es imprescindible.<\/li>\n<li>Herramientas de medida de calidad de una web y, no menos importante, de visitantes.<\/li>\n<\/ul>\n<p>Acabada la exposici\u00f3n abriremos un turno de preguntas porque puedas tener clara tu decisi\u00f3n y como orientarte.<\/p>\n<p>Si hay suficiente inter\u00e9s podremos continuar con algunas sesiones m\u00e1s donde veremos m\u00e1s en detalle:<\/p>\n<ul>\n<li>Las mejores herramientas para crear blogs como WordPress, Elementor o Divi, y algunos plugins imprescindibles.<\/li>\n<li>Como crear contenidos porque Google los considere interesantes y los posicione a las primeras posiciones de las llanuras de resultados. Veremos herramientas como Google Trends o Google Ads que nos ayudar\u00e1n a elegir las palabras clave.<\/li>\n<li>Como medir la actividad de una web con Google Analytics.<\/li>\n<\/ul>\n<p>La sesi\u00f3n introductoria ser\u00e1 on-line el pr\u00f3ximo martes 15 de marzo a las 19 horas.<\/p>\n<p>La sesi\u00f3n introductoria y las posibles sesiones siguientes ser\u00e1n impartidas por Toni Torras, vocal de comunicaci\u00f3n.<\/p>\n<p>Para apuntarte deber\u00edas que enviar un mail con el nombre y n\u00famero de socio a <a href=\"mailto:formacio@afc.cat\">formacio@afc.cat<\/a><\/p>\n<p>Si todav\u00eda no eres socio y quieres participar en esta sesi\u00f3n puedes hacerlo con toda libertad. Solo tienes que enviar un mail a <a href=\"mailto:formacio@afc.cat\">formacio@afc.cat<\/a> con tu nombre y recibir\u00e1s el link para conectar-te a la sesi\u00f3n introductoria.<\/p>\n<p>Jacint Guiteras<br \/>\nFormaci\u00f3n.<\/p>\n<\/div><\/div><style type=\"text\/css\">.fusion-body .fusion-builder-column-0{width:100% !important;margin-top : 0px;margin-bottom : 0px;}.fusion-builder-column-0 > .fusion-column-wrapper {padding-top : 0px !important;padding-right : 0px !important;margin-right : 1.92%;padding-bottom : 0px !important;padding-left : 0px !important;margin-left : 1.92%;}@media only screen and (max-width:1024px) {.fusion-body .fusion-builder-column-0{width:100% !important;}.fusion-builder-column-0 > .fusion-column-wrapper {margin-right : 1.92%;margin-left : 1.92%;}}@media only screen and (max-width:640px) {.fusion-body .fusion-builder-column-0{width:100% !important;}.fusion-builder-column-0 > .fusion-column-wrapper {margin-right : 1.92%;margin-left : 1.92%;}}<\/style><\/div><\/div><style type=\"text\/css\">.fusion-body .fusion-flex-container.fusion-builder-row-1{ padding-top : 0px;margin-top : 0px;padding-right : 0px;padding-bottom : 0px;margin-bottom : 0px;padding-left : 0px;}<\/style><\/div><div class=\"fusion-fullwidth fullwidth-box fusion-builder-row-2 fusion-flex-container nonhundred-percent-fullwidth non-hundred-percent-height-scrolling\" style=\"background-color: rgba(255,255,255,0);background-position: center center;background-repeat: no-repeat;border-width: 0px 0px 0px 0px;border-color:#ffffff;border-style:solid;\" ><div class=\"fusion-builder-row fusion-row fusion-flex-align-items-flex-start\" style=\"max-width:1300px;margin-left: calc(-4% \/ 2 );margin-right: calc(-4% \/ 2 );\"><div class=\"fusion-layout-column fusion_builder_column fusion-builder-column-1 fusion_builder_column_1_1 1_1 fusion-flex-column\"><div class=\"fusion-column-wrapper fusion-flex-justify-content-flex-start fusion-content-layout-column\" style=\"background-position:left top;background-repeat:no-repeat;-webkit-background-size:cover;-moz-background-size:cover;-o-background-size:cover;background-size:cover;padding: 0px 0px 0px 0px;\"><\/div><style type=\"text\/css\">.fusion-body .fusion-builder-column-1{width:100% !important;margin-top : 0px;margin-bottom : 20px;}.fusion-builder-column-1 > .fusion-column-wrapper {padding-top : 0px !important;padding-right : 0px !important;margin-right : 1.92%;padding-bottom : 0px !important;padding-left : 0px !important;margin-left : 1.92%;}@media only screen and (max-width:1024px) {.fusion-body .fusion-builder-column-1{width:100% !important;order : 0;}.fusion-builder-column-1 > .fusion-column-wrapper {margin-right : 1.92%;margin-left : 1.92%;}}@media only screen and (max-width:640px) {.fusion-body .fusion-builder-column-1{width:100% !important;order : 0;}.fusion-builder-column-1 > .fusion-column-wrapper {margin-right : 1.92%;margin-left : 1.92%;}}<\/style><\/div><\/div><style type=\"text\/css\">.fusion-body .fusion-flex-container.fusion-builder-row-2{ padding-top : 0px;margin-top : 0px;padding-right : 0px;padding-bottom : 0px;margin-bottom : 0px;padding-left : 0px;}<\/style><\/div><\/p>\n","protected":false},"excerpt":{"rendered":"","protected":false},"template":"","meta":{"_acf_changed":false},"wcs-type":[115],"wcs-room":[345],"wcs-instructor":[344],"class_list":["post-26455","class","type-class","status-publish","hentry","wcs-type-curso","wcs-room-on-line","wcs-instructor-toni-torras"],"acf":[],"yoast_head":"<!-- This site is optimized with the Yoast SEO plugin v27.5 - https:\/\/yoast.com\/product\/yoast-seo-wordpress\/ -->\n<title>Te gustar\u00eda tener tu propio blog de fotograf\u00eda ?<\/title>\n<meta name=\"description\" content=\"En aquest breu taller t&#039;explicar\u00e9 tot el que necessites saber per tenir exit en la creaci\u00f3 del teu propi blog de fotografia. T&#039;hi apuntes ?\" \/>\n<meta name=\"robots\" content=\"index, follow, max-snippet:-1, max-image-preview:large, max-video-preview:-1\" \/>\n<link rel=\"canonical\" href=\"https:\/\/afc.cat\/es\/activitat\/vols-el-teu-blog-de-fotografia\/\" \/>\n<meta property=\"og:locale\" content=\"es_ES\" \/>\n<meta property=\"og:type\" content=\"article\" \/>\n<meta property=\"og:title\" content=\"Te gustar\u00eda tener tu propio blog de fotograf\u00eda ?\" \/>\n<meta property=\"og:description\" content=\"En aquest breu taller t&#039;explicar\u00e9 tot el que necessites saber per tenir exit en la creaci\u00f3 del teu propi blog de fotografia. T&#039;hi apuntes ?\" \/>\n<meta property=\"og:url\" content=\"https:\/\/afc.cat\/es\/activitat\/vols-el-teu-blog-de-fotografia\/\" \/>\n<meta property=\"og:site_name\" content=\"Agrupaci\u00f3 Fotogr\u00e0fica de Catalunya\" \/>\n<meta property=\"article:modified_time\" content=\"2022-03-09T09:02:07+00:00\" \/>\n<meta name=\"twitter:card\" content=\"summary_large_image\" \/>\n<meta name=\"twitter:label1\" content=\"Tiempo de lectura\" \/>\n\t<meta name=\"twitter:data1\" content=\"4 minutos\" \/>\n<script type=\"application\/ld+json\" class=\"yoast-schema-graph\">{\"@context\":\"https:\\\/\\\/schema.org\",\"@graph\":[{\"@type\":\"WebPage\",\"@id\":\"https:\\\/\\\/afc.cat\\\/es\\\/activitat\\\/vols-el-teu-blog-de-fotografia\\\/\",\"url\":\"https:\\\/\\\/afc.cat\\\/es\\\/activitat\\\/vols-el-teu-blog-de-fotografia\\\/\",\"name\":\"Te gustar\u00eda tener tu propio blog de fotograf\u00eda ?\",\"isPartOf\":{\"@id\":\"https:\\\/\\\/afc.cat\\\/es\\\/#website\"},\"datePublished\":\"2022-03-04T11:13:36+00:00\",\"dateModified\":\"2022-03-09T09:02:07+00:00\",\"description\":\"En aquest breu taller t'explicar\u00e9 tot el que necessites saber per tenir exit en la creaci\u00f3 del teu propi blog de fotografia. T'hi apuntes ?\",\"breadcrumb\":{\"@id\":\"https:\\\/\\\/afc.cat\\\/es\\\/activitat\\\/vols-el-teu-blog-de-fotografia\\\/#breadcrumb\"},\"inLanguage\":\"es\",\"potentialAction\":[{\"@type\":\"ReadAction\",\"target\":[\"https:\\\/\\\/afc.cat\\\/es\\\/activitat\\\/vols-el-teu-blog-de-fotografia\\\/\"]}]},{\"@type\":\"BreadcrumbList\",\"@id\":\"https:\\\/\\\/afc.cat\\\/es\\\/activitat\\\/vols-el-teu-blog-de-fotografia\\\/#breadcrumb\",\"itemListElement\":[{\"@type\":\"ListItem\",\"position\":1,\"name\":\"Inicio\",\"item\":\"https:\\\/\\\/afc.cat\\\/es\\\/\"},{\"@type\":\"ListItem\",\"position\":2,\"name\":\"Te gustar\u00eda tener tu propio blog de fotograf\u00eda ?\"}]},{\"@type\":\"WebSite\",\"@id\":\"https:\\\/\\\/afc.cat\\\/es\\\/#website\",\"url\":\"https:\\\/\\\/afc.cat\\\/es\\\/\",\"name\":\"Agrupaci\u00f3 Fotogr\u00e0fica de Catalunya\",\"description\":\"Fomento y divulgaci\u00f3n de la fotograf\u00eda en todas sus variedades\",\"potentialAction\":[{\"@type\":\"SearchAction\",\"target\":{\"@type\":\"EntryPoint\",\"urlTemplate\":\"https:\\\/\\\/afc.cat\\\/es\\\/?s={search_term_string}\"},\"query-input\":{\"@type\":\"PropertyValueSpecification\",\"valueRequired\":true,\"valueName\":\"search_term_string\"}}],\"inLanguage\":\"es\"}]}<\/script>\n<!-- \/ Yoast SEO plugin. -->","yoast_head_json":{"title":"Te gustar\u00eda tener tu propio blog de fotograf\u00eda ?","description":"En aquest breu taller t'explicar\u00e9 tot el que necessites saber per tenir exit en la creaci\u00f3 del teu propi blog de fotografia. T'hi apuntes ?","robots":{"index":"index","follow":"follow","max-snippet":"max-snippet:-1","max-image-preview":"max-image-preview:large","max-video-preview":"max-video-preview:-1"},"canonical":"https:\/\/afc.cat\/es\/activitat\/vols-el-teu-blog-de-fotografia\/","og_locale":"es_ES","og_type":"article","og_title":"Te gustar\u00eda tener tu propio blog de fotograf\u00eda ?","og_description":"En aquest breu taller t'explicar\u00e9 tot el que necessites saber per tenir exit en la creaci\u00f3 del teu propi blog de fotografia. T'hi apuntes ?","og_url":"https:\/\/afc.cat\/es\/activitat\/vols-el-teu-blog-de-fotografia\/","og_site_name":"Agrupaci\u00f3 Fotogr\u00e0fica de Catalunya","article_modified_time":"2022-03-09T09:02:07+00:00","twitter_card":"summary_large_image","twitter_misc":{"Tiempo de lectura":"4 minutos"},"schema":{"@context":"https:\/\/schema.org","@graph":[{"@type":"WebPage","@id":"https:\/\/afc.cat\/es\/activitat\/vols-el-teu-blog-de-fotografia\/","url":"https:\/\/afc.cat\/es\/activitat\/vols-el-teu-blog-de-fotografia\/","name":"Te gustar\u00eda tener tu propio blog de fotograf\u00eda ?","isPartOf":{"@id":"https:\/\/afc.cat\/es\/#website"},"datePublished":"2022-03-04T11:13:36+00:00","dateModified":"2022-03-09T09:02:07+00:00","description":"En aquest breu taller t'explicar\u00e9 tot el que necessites saber per tenir exit en la creaci\u00f3 del teu propi blog de fotografia. T'hi apuntes ?","breadcrumb":{"@id":"https:\/\/afc.cat\/es\/activitat\/vols-el-teu-blog-de-fotografia\/#breadcrumb"},"inLanguage":"es","potentialAction":[{"@type":"ReadAction","target":["https:\/\/afc.cat\/es\/activitat\/vols-el-teu-blog-de-fotografia\/"]}]},{"@type":"BreadcrumbList","@id":"https:\/\/afc.cat\/es\/activitat\/vols-el-teu-blog-de-fotografia\/#breadcrumb","itemListElement":[{"@type":"ListItem","position":1,"name":"Inicio","item":"https:\/\/afc.cat\/es\/"},{"@type":"ListItem","position":2,"name":"Te gustar\u00eda tener tu propio blog de fotograf\u00eda ?"}]},{"@type":"WebSite","@id":"https:\/\/afc.cat\/es\/#website","url":"https:\/\/afc.cat\/es\/","name":"Agrupaci\u00f3 Fotogr\u00e0fica de Catalunya","description":"Fomento y divulgaci\u00f3n de la fotograf\u00eda en todas sus variedades","potentialAction":[{"@type":"SearchAction","target":{"@type":"EntryPoint","urlTemplate":"https:\/\/afc.cat\/es\/?s={search_term_string}"},"query-input":{"@type":"PropertyValueSpecification","valueRequired":true,"valueName":"search_term_string"}}],"inLanguage":"es"}]}},"_links":{"self":[{"href":"https:\/\/afc.cat\/es\/wp-json\/wp\/v2\/class\/26455","targetHints":{"allow":["GET"]}}],"collection":[{"href":"https:\/\/afc.cat\/es\/wp-json\/wp\/v2\/class"}],"about":[{"href":"https:\/\/afc.cat\/es\/wp-json\/wp\/v2\/types\/class"}],"wp:attachment":[{"href":"https:\/\/afc.cat\/es\/wp-json\/wp\/v2\/media?parent=26455"}],"wp:term":[{"taxonomy":"wcs-type","embeddable":true,"href":"https:\/\/afc.cat\/es\/wp-json\/wp\/v2\/wcs-type?post=26455"},{"taxonomy":"wcs-room","embeddable":true,"href":"https:\/\/afc.cat\/es\/wp-json\/wp\/v2\/wcs-room?post=26455"},{"taxonomy":"wcs-instructor","embeddable":true,"href":"https:\/\/afc.cat\/es\/wp-json\/wp\/v2\/wcs-instructor?post=26455"}],"curies":[{"name":"wp","href":"https:\/\/api.w.org\/{rel}","templated":true}]}}

Te gustaría tener tu propio blog de fotografía ?

<p><div class="fusion-fullwidth fullwidth-box fusion-builder-row-1 fusion-flex-container nonhundred-percent-fullwidth non-hundred-percent-height-scrolling" style="background-color: rgba(255,255,255,0);background-position: center center;background-repeat: no-repeat;border-width: 0px 15px 0px 0px;border-color:#ffffff;border-style:solid;" ><div class="fusion-builder-row fusion-row fusion-flex-align-items-flex-start" style="max-width:1300px;margin-left: calc(-4% / 2 );margin-right: calc(-4% / 2 );"><div class="fusion-layout-column fusion_builder_column fusion-builder-column-0 fusion_builder_column_1_1 1_1 fusion-flex-column"><div class="fusion-column-wrapper fusion-flex-justify-content-flex-start fusion-content-layout-column" style="background-position:left top;background-repeat:no-repeat;-webkit-background-size:cover;-moz-background-size:cover;-o-background-size:cover;background-size:cover;padding: 0px 0px 0px 0px;"><div class="fusion-text fusion-text-1"><h2>Has pensado nunca en tener tu propio blog de fotografía ?</h2>
<p>Si es así este es el taller que estabas esperando. Te explico cuál es el plan &#8230;</p>
<p>Haremos una primera sesión donde te explicaré brevemente lo que necesitas saber para dar el paso.</p>
<p>El temario resumido de esta primera sesión introductoria será el siguiente:</p>
<ul>
<li>Porque tienes que tener un blog de fotografía.</li>
<li>Qué objetivos tienes que buscar en tu blog de fotografía.</li>
<li>Dominios y extensiones de dominio. Cómo elegirlos para lograr tus objetivos.</li>
<li>Herramientas de creación de blogs. Una breve visión de las mejores opciones que hay actualmente.</li>
<li>Alojamiento de una web. El mejor no es siempre el más caro.</li>
<li>Redes sociales y blog. Cómo se complementan.</li>
<li>SEO. Qué es y porque es imprescindible.</li>
<li>Herramientas de medida de calidad de una web y, no menos importante, de visitantes.</li>
</ul>
<p>Acabada la exposición abriremos un turno de preguntas porque puedas tener clara tu decisión y como orientarte.</p>
<p>Si hay suficiente interés podremos continuar con algunas sesiones más donde veremos más en detalle:</p>
<ul>
<li>Las mejores herramientas para crear blogs como WordPress, Elementor o Divi, y algunos plugins imprescindibles.</li>
<li>Como crear contenidos porque Google los considere interesantes y los posicione a las primeras posiciones de las llanuras de resultados. Veremos herramientas como Google Trends o Google Ads que nos ayudarán a elegir las palabras clave.</li>
<li>Como medir la actividad de una web con Google Analytics.</li>
</ul>
<p>La sesión introductoria será on-line el próximo martes 15 de marzo a las 19 horas.</p>
<p>La sesión introductoria y las posibles sesiones siguientes serán impartidas por Toni Torras, vocal de comunicación.</p>
<p>Para apuntarte deberías que enviar un mail con el nombre y número de socio a <a href="mailto:formacio@afc.cat">formacio@afc.cat</a></p>
<p>Si todavía no eres socio y quieres participar en esta sesión puedes hacerlo con toda libertad. Solo tienes que enviar un mail a <a href="mailto:formacio@afc.cat">formacio@afc.cat</a> con tu nombre y recibirás el link para conectar-te a la sesión introductoria.</p>
<p>Jacint Guiteras<br />
Formación.</p>
</div></div><style type="text/css">.fusion-body .fusion-builder-column-0{width:100% !important;margin-top : 0px;margin-bottom : 0px;}.fusion-builder-column-0 > .fusion-column-wrapper {padding-top : 0px !important;padding-right : 0px !important;margin-right : 1.92%;padding-bottom : 0px !important;padding-left : 0px !important;margin-left : 1.92%;}@media only screen and (max-width:1024px) {.fusion-body .fusion-builder-column-0{width:100% !important;}.fusion-builder-column-0 > .fusion-column-wrapper {margin-right : 1.92%;margin-left : 1.92%;}}@media only screen and (max-width:640px) {.fusion-body .fusion-builder-column-0{width:100% !important;}.fusion-builder-column-0 > .fusion-column-wrapper {margin-right : 1.92%;margin-left : 1.92%;}}</style></div></div><style type="text/css">.fusion-body .fusion-flex-container.fusion-builder-row-1{ padding-top : 0px;margin-top : 0px;padding-right : 0px;padding-bottom : 0px;margin-bottom : 0px;padding-left : 0px;}</style></div><div class="fusion-fullwidth fullwidth-box fusion-builder-row-2 fusion-flex-container nonhundred-percent-fullwidth non-hundred-percent-height-scrolling" style="background-color: rgba(255,255,255,0);background-position: center center;background-repeat: no-repeat;border-width: 0px 0px 0px 0px;border-color:#ffffff;border-style:solid;" ><div class="fusion-builder-row fusion-row fusion-flex-align-items-flex-start" style="max-width:1300px;margin-left: calc(-4% / 2 );margin-right: calc(-4% / 2 );"><div class="fusion-layout-column fusion_builder_column fusion-builder-column-1 fusion_builder_column_1_1 1_1 fusion-flex-column"><div class="fusion-column-wrapper fusion-flex-justify-content-flex-start fusion-content-layout-column" style="background-position:left top;background-repeat:no-repeat;-webkit-background-size:cover;-moz-background-size:cover;-o-background-size:cover;background-size:cover;padding: 0px 0px 0px 0px;"></div><style type="text/css">.fusion-body .fusion-builder-column-1{width:100% !important;margin-top : 0px;margin-bottom : 20px;}.fusion-builder-column-1 > .fusion-column-wrapper {padding-top : 0px !important;padding-right : 0px !important;margin-right : 1.92%;padding-bottom : 0px !important;padding-left : 0px !important;margin-left : 1.92%;}@media only screen and (max-width:1024px) {.fusion-body .fusion-builder-column-1{width:100% !important;order : 0;}.fusion-builder-column-1 > .fusion-column-wrapper {margin-right : 1.92%;margin-left : 1.92%;}}@media only screen and (max-width:640px) {.fusion-body .fusion-builder-column-1{width:100% !important;order : 0;}.fusion-builder-column-1 > .fusion-column-wrapper {margin-right : 1.92%;margin-left : 1.92%;}}</style></div></div><style type="text/css">.fusion-body .fusion-flex-container.fusion-builder-row-2{ padding-top : 0px;margin-top : 0px;padding-right : 0px;padding-bottom : 0px;margin-bottom : 0px;padding-left : 0px;}</style></div></p>

<!-- This site is optimized with the Yoast SEO plugin v27.5 - https://yoast.com/product/yoast-seo-wordpress/ -->
<title>Te gustaría tener tu propio blog de fotografía ?</title>
<meta name="description" content="En aquest breu taller t&#039;explicaré tot el que necessites saber per tenir exit en la creació del teu propi blog de fotografia. T&#039;hi apuntes ?" />
<meta name="robots" content="index, follow, max-snippet:-1, max-image-preview:large, max-video-preview:-1" />
<link rel="canonical" href="https://afc.cat/es/activitat/vols-el-teu-blog-de-fotografia/" />
<meta property="og:locale" content="es_ES" />
<meta property="og:type" content="article" />
<meta property="og:title" content="Te gustaría tener tu propio blog de fotografía ?" />
<meta property="og:description" content="En aquest breu taller t&#039;explicaré tot el que necessites saber per tenir exit en la creació del teu propi blog de fotografia. T&#039;hi apuntes ?" />
<meta property="og:url" content="https://afc.cat/es/activitat/vols-el-teu-blog-de-fotografia/" />
<meta property="og:site_name" content="Agrupació Fotogràfica de Catalunya" />
<meta property="article:modified_time" content="2022-03-09T09:02:07+00:00" />
<meta name="twitter:card" content="summary_large_image" />
<meta name="twitter:label1" content="Tiempo de lectura" />
	<meta name="twitter:data1" content="4 minutos" />
<script type="application/ld+json" class="yoast-schema-graph">{"@context":"https:\/\/schema.org","@graph":[{"@type":"WebPage","@id":"https:\/\/afc.cat\/es\/activitat\/vols-el-teu-blog-de-fotografia\/","url":"https:\/\/afc.cat\/es\/activitat\/vols-el-teu-blog-de-fotografia\/","name":"Te gustaría tener tu propio blog de fotografía ?","isPartOf":{"@id":"https:\/\/afc.cat\/es\/#website"},"datePublished":"2022-03-04T11:13:36+00:00","dateModified":"2022-03-09T09:02:07+00:00","description":"En aquest breu taller t'explicaré tot el que necessites saber per tenir exit en la creació del teu propi blog de fotografia. T'hi apuntes ?","breadcrumb":{"@id":"https:\/\/afc.cat\/es\/activitat\/vols-el-teu-blog-de-fotografia\/#breadcrumb"},"inLanguage":"es","potentialAction":[{"@type":"ReadAction","target":["https:\/\/afc.cat\/es\/activitat\/vols-el-teu-blog-de-fotografia\/"]}]},{"@type":"BreadcrumbList","@id":"https:\/\/afc.cat\/es\/activitat\/vols-el-teu-blog-de-fotografia\/#breadcrumb","itemListElement":[{"@type":"ListItem","position":1,"name":"Inicio","item":"https:\/\/afc.cat\/es\/"},{"@type":"ListItem","position":2,"name":"Te gustaría tener tu propio blog de fotografía ?"}]},{"@type":"WebSite","@id":"https:\/\/afc.cat\/es\/#website","url":"https:\/\/afc.cat\/es\/","name":"Agrupació Fotogràfica de Catalunya","description":"Fomento y divulgación de la fotografía en todas sus variedades","potentialAction":[{"@type":"SearchAction","target":{"@type":"EntryPoint","urlTemplate":"https:\/\/afc.cat\/es\/?s={search_term_string}"},"query-input":{"@type":"PropertyValueSpecification","valueRequired":true,"valueName":"search_term_string"}}],"inLanguage":"es"}]}</script>
<!-- / Yoast SEO plugin. -->

En aquest breu taller t'explicaré tot el que necessites saber per tenir exit en la creació del teu propi blog de fotografia. T'hi apuntes ?

Agrupació Fotogràfica de Catalunya

Fomento y divulgación de la fotografía en todas sus variedades
