{"id":26741,"date":"2022-03-17T20:10:11","date_gmt":"2022-03-17T18:10:11","guid":{"rendered":"https:\/\/afc.cat\/?post_type=class&#038;p=26741"},"modified":"2022-03-28T16:08:08","modified_gmt":"2022-03-28T14:08:08","slug":"taller-teorico-practico-de-fotografia-de-aves-grupo-de-fotografia-de-natura","status":"publish","type":"class","link":"https:\/\/afc.cat\/es\/activitat\/taller-teorico-practico-de-fotografia-de-aves-grupo-de-fotografia-de-natura\/","title":{"rendered":"Taller te\u00f3rico-pr\u00e1ctico de fotograf\u00eda de aves \/ Grupo de Fotograf\u00eda de Naturaleza"},"content":{"rendered":"<p><div class=\"fusion-fullwidth fullwidth-box fusion-builder-row-1 fusion-flex-container nonhundred-percent-fullwidth non-hundred-percent-height-scrolling\" style=\"background-color: rgba(255,255,255,0);background-position: center center;background-repeat: no-repeat;border-width: 0px 15px 0px 0px;border-color:#ffffff;border-style:solid;\" ><div class=\"fusion-builder-row fusion-row fusion-flex-align-items-flex-start\" style=\"max-width:1300px;margin-left: calc(-4% \/ 2 );margin-right: calc(-4% \/ 2 );\"><div class=\"fusion-layout-column fusion_builder_column fusion-builder-column-0 fusion_builder_column_1_1 1_1 fusion-flex-column\"><div class=\"fusion-column-wrapper fusion-flex-justify-content-flex-start fusion-content-layout-column\" style=\"background-position:left top;background-repeat:no-repeat;-webkit-background-size:cover;-moz-background-size:cover;-o-background-size:cover;background-size:cover;padding: 0px 0px 0px 0px;\"><div class=\"fusion-text fusion-text-1\"><h2>Taller te\u00f3rico\/pr\u00e1ctico de fotograf\u00eda de aves<\/h2>\n<h3>Taller con contenido dividido en dos partes: una te\u00f3rica y otra pr\u00e1ctica<\/h3>\n<p>El <strong>contenido te\u00f3rico<\/strong> lo realizar\u00e1s de manera presencial el mi\u00e9rcoles d\u00eda 30 en las instalaciones de la AFC. Con una duraci\u00f3n de 2.30h se repasar\u00e1n las<strong> t\u00e9cnicas<\/strong> <strong>de composici\u00f3n<\/strong>, material recomendado, escenarios, as\u00ed como las posibles especies a fotografiar.<\/p>\n<p>La otra parte la materializar\u00e1s al d\u00eda siguiente jueves 31 en el <strong>Parc Natural dels Aiguamolls de l&#8217;Empord\u00e0<\/strong> donde practicar\u00e1s todo lo aprendido.<\/p>\n<p>Estamos en \u00e9poca de apareamiento y podr\u00e1s capturar buenas im\u00e1genes.<\/p>\n<p>Plazas recomendadas a un grupo de 10-12 personas por las caracter\u00edsticas de la actividad. Posibilidad de organizar otra salida el viernes d\u00eda 1 de abril con un <strong>segundo grupo.<\/strong><br \/>\nPosibilidad de compartir veh\u00edculo<\/p>\n<p>Inscripciones mediante mail a <a href=\"mailto:vfr800roja@yahoo.es\">Toni Torres<\/a><\/p>\n<p><strong>CALENDARIO<\/strong><\/p>\n<p>Taller te\u00f3rico presencial: Agrupaci\u00f3 Fotogr\u00e0fica de Catalunya<\/p>\n<p>Horario: 18.00-20.30h<\/p>\n<p>Taller pr\u00e1ctico: Parc Natural dels Aiguamolls de l&#8217;Empord\u00e0<\/p>\n<p>Horario: 9.00h-mediod\u00eda<\/p>\n<p>Precio: gratuito<\/p>\n<p>Taller exclusivo para asociados. \u00bfTe gusta lo que hacemos? <a href=\"https:\/\/afc.cat\/es\/asociate\/\">As\u00f3ciate<\/a><\/p>\n<\/div><\/div><style type=\"text\/css\">.fusion-body .fusion-builder-column-0{width:100% !important;margin-top : 0px;margin-bottom : 0px;}.fusion-builder-column-0 > .fusion-column-wrapper {padding-top : 0px !important;padding-right : 0px !important;margin-right : 1.92%;padding-bottom : 0px !important;padding-left : 0px !important;margin-left : 1.92%;}@media only screen and (max-width:1024px) {.fusion-body .fusion-builder-column-0{width:100% !important;}.fusion-builder-column-0 > .fusion-column-wrapper {margin-right : 1.92%;margin-left : 1.92%;}}@media only screen and (max-width:640px) {.fusion-body .fusion-builder-column-0{width:100% !important;}.fusion-builder-column-0 > .fusion-column-wrapper {margin-right : 1.92%;margin-left : 1.92%;}}<\/style><\/div><\/div><style type=\"text\/css\">.fusion-body .fusion-flex-container.fusion-builder-row-1{ padding-top : 0px;margin-top : 0px;padding-right : 0px;padding-bottom : 0px;margin-bottom : 0px;padding-left : 0px;}<\/style><\/div><div class=\"fusion-fullwidth fullwidth-box fusion-builder-row-2 fusion-flex-container nonhundred-percent-fullwidth non-hundred-percent-height-scrolling\" style=\"background-color: rgba(255,255,255,0);background-position: center center;background-repeat: no-repeat;border-width: 0px 0px 0px 0px;border-color:#ffffff;border-style:solid;\" ><div class=\"fusion-builder-row fusion-row fusion-flex-align-items-flex-start\" style=\"max-width:1300px;margin-left: calc(-4% \/ 2 );margin-right: calc(-4% \/ 2 );\"><div class=\"fusion-layout-column fusion_builder_column fusion-builder-column-1 fusion_builder_column_1_2 1_2 fusion-flex-column\"><div class=\"fusion-column-wrapper fusion-flex-justify-content-flex-start fusion-content-layout-column\" style=\"background-position:left top;background-repeat:no-repeat;-webkit-background-size:cover;-moz-background-size:cover;-o-background-size:cover;background-size:cover;padding: 0px 0px 0px 0px;\"><\/div><style type=\"text\/css\">.fusion-body .fusion-builder-column-1{width:50% !important;margin-top : 0px;margin-bottom : 20px;}.fusion-builder-column-1 > .fusion-column-wrapper {padding-top : 0px !important;padding-right : 0px !important;margin-right : 3.84%;padding-bottom : 0px !important;padding-left : 0px !important;margin-left : 3.84%;}@media only screen and (max-width:1024px) {.fusion-body .fusion-builder-column-1{width:50% !important;order : 0;}.fusion-builder-column-1 > .fusion-column-wrapper {margin-right : 3.84%;margin-left : 3.84%;}}@media only screen and (max-width:640px) {.fusion-body .fusion-builder-column-1{width:100% !important;order : 0;}.fusion-builder-column-1 > .fusion-column-wrapper {margin-right : 1.92%;margin-left : 1.92%;}}<\/style><\/div><div class=\"fusion-layout-column fusion_builder_column fusion-builder-column-2 fusion_builder_column_1_2 1_2 fusion-flex-column\"><div class=\"fusion-column-wrapper fusion-flex-justify-content-flex-start fusion-content-layout-column\" style=\"background-position:left top;background-repeat:no-repeat;-webkit-background-size:cover;-moz-background-size:cover;-o-background-size:cover;background-size:cover;padding: 0px 0px 0px 0px;\"><\/div><style type=\"text\/css\">.fusion-body .fusion-builder-column-2{width:50% !important;margin-top : 0px;margin-bottom : 20px;}.fusion-builder-column-2 > .fusion-column-wrapper {padding-top : 0px !important;padding-right : 0px !important;margin-right : 3.84%;padding-bottom : 0px !important;padding-left : 0px !important;margin-left : 3.84%;}@media only screen and (max-width:1024px) {.fusion-body .fusion-builder-column-2{width:50% !important;order : 0;}.fusion-builder-column-2 > .fusion-column-wrapper {margin-right : 3.84%;margin-left : 3.84%;}}@media only screen and (max-width:640px) {.fusion-body .fusion-builder-column-2{width:100% !important;order : 0;}.fusion-builder-column-2 > .fusion-column-wrapper {margin-right : 1.92%;margin-left : 1.92%;}}<\/style><\/div><\/div><style type=\"text\/css\">.fusion-body .fusion-flex-container.fusion-builder-row-2{ padding-top : 0px;margin-top : 0px;padding-right : 0px;padding-bottom : 0px;margin-bottom : 0px;padding-left : 0px;}<\/style><\/div><\/p>\n","protected":false},"excerpt":{"rendered":"","protected":false},"template":"","meta":{"_acf_changed":false},"wcs-type":[114,118],"wcs-room":[336],"wcs-instructor":[222],"class_list":["post-26741","class","type-class","status-publish","hentry","wcs-type-formacion","wcs-type-taller-es","wcs-room-hibrida-presencial-y-online","wcs-instructor-toni-torres"],"acf":[],"yoast_head":"<!-- This site is optimized with the Yoast SEO plugin v27.2 - https:\/\/yoast.com\/product\/yoast-seo-wordpress\/ -->\n<title>Taller te\u00f3rico-pr\u00e1ctico de fotograf\u00eda de aves \/ Grupo de Fotograf\u00eda de Naturaleza - Agrupaci\u00f3 Fotogr\u00e0fica de Catalunya<\/title>\n<meta name=\"robots\" content=\"index, follow, max-snippet:-1, max-image-preview:large, max-video-preview:-1\" \/>\n<link rel=\"canonical\" href=\"https:\/\/afc.cat\/es\/activitat\/taller-teorico-practico-de-fotografia-de-aves-grupo-de-fotografia-de-natura\/\" \/>\n<meta property=\"og:locale\" content=\"es_ES\" \/>\n<meta property=\"og:type\" content=\"article\" \/>\n<meta property=\"og:title\" content=\"Taller te\u00f3rico-pr\u00e1ctico de fotograf\u00eda de aves \/ Grupo de Fotograf\u00eda de Naturaleza - Agrupaci\u00f3 Fotogr\u00e0fica de Catalunya\" \/>\n<meta property=\"og:url\" content=\"https:\/\/afc.cat\/es\/activitat\/taller-teorico-practico-de-fotografia-de-aves-grupo-de-fotografia-de-natura\/\" \/>\n<meta property=\"og:site_name\" content=\"Agrupaci\u00f3 Fotogr\u00e0fica de Catalunya\" \/>\n<meta property=\"article:modified_time\" content=\"2022-03-28T14:08:08+00:00\" \/>\n<meta name=\"twitter:card\" content=\"summary_large_image\" \/>\n<script type=\"application\/ld+json\" class=\"yoast-schema-graph\">{\"@context\":\"https:\/\/schema.org\",\"@graph\":[{\"@type\":\"WebPage\",\"@id\":\"https:\/\/afc.cat\/es\/activitat\/taller-teorico-practico-de-fotografia-de-aves-grupo-de-fotografia-de-natura\/\",\"url\":\"https:\/\/afc.cat\/es\/activitat\/taller-teorico-practico-de-fotografia-de-aves-grupo-de-fotografia-de-natura\/\",\"name\":\"Taller te\u00f3rico-pr\u00e1ctico de fotograf\u00eda de aves \/ Grupo de Fotograf\u00eda de Naturaleza - Agrupaci\u00f3 Fotogr\u00e0fica de Catalunya\",\"isPartOf\":{\"@id\":\"https:\/\/afc.cat\/es\/#website\"},\"datePublished\":\"2022-03-17T18:10:11+00:00\",\"dateModified\":\"2022-03-28T14:08:08+00:00\",\"breadcrumb\":{\"@id\":\"https:\/\/afc.cat\/es\/activitat\/taller-teorico-practico-de-fotografia-de-aves-grupo-de-fotografia-de-natura\/#breadcrumb\"},\"inLanguage\":\"es\",\"potentialAction\":[{\"@type\":\"ReadAction\",\"target\":[\"https:\/\/afc.cat\/es\/activitat\/taller-teorico-practico-de-fotografia-de-aves-grupo-de-fotografia-de-natura\/\"]}]},{\"@type\":\"BreadcrumbList\",\"@id\":\"https:\/\/afc.cat\/es\/activitat\/taller-teorico-practico-de-fotografia-de-aves-grupo-de-fotografia-de-natura\/#breadcrumb\",\"itemListElement\":[{\"@type\":\"ListItem\",\"position\":1,\"name\":\"Inicio\",\"item\":\"https:\/\/afc.cat\/es\/\"},{\"@type\":\"ListItem\",\"position\":2,\"name\":\"Taller te\u00f3rico-pr\u00e1ctico de fotograf\u00eda de aves \/ Grupo de Fotograf\u00eda de Naturaleza\"}]},{\"@type\":\"WebSite\",\"@id\":\"https:\/\/afc.cat\/es\/#website\",\"url\":\"https:\/\/afc.cat\/es\/\",\"name\":\"Agrupaci\u00f3 Fotogr\u00e0fica de Catalunya\",\"description\":\"Fomento y divulgaci\u00f3n de la fotograf\u00eda en todas sus variedades\",\"potentialAction\":[{\"@type\":\"SearchAction\",\"target\":{\"@type\":\"EntryPoint\",\"urlTemplate\":\"https:\/\/afc.cat\/es\/?s={search_term_string}\"},\"query-input\":{\"@type\":\"PropertyValueSpecification\",\"valueRequired\":true,\"valueName\":\"search_term_string\"}}],\"inLanguage\":\"es\"}]}<\/script>\n<!-- \/ Yoast SEO plugin. -->","yoast_head_json":{"title":"Taller te\u00f3rico-pr\u00e1ctico de fotograf\u00eda de aves \/ Grupo de Fotograf\u00eda de Naturaleza - Agrupaci\u00f3 Fotogr\u00e0fica de Catalunya","robots":{"index":"index","follow":"follow","max-snippet":"max-snippet:-1","max-image-preview":"max-image-preview:large","max-video-preview":"max-video-preview:-1"},"canonical":"https:\/\/afc.cat\/es\/activitat\/taller-teorico-practico-de-fotografia-de-aves-grupo-de-fotografia-de-natura\/","og_locale":"es_ES","og_type":"article","og_title":"Taller te\u00f3rico-pr\u00e1ctico de fotograf\u00eda de aves \/ Grupo de Fotograf\u00eda de Naturaleza - Agrupaci\u00f3 Fotogr\u00e0fica de Catalunya","og_url":"https:\/\/afc.cat\/es\/activitat\/taller-teorico-practico-de-fotografia-de-aves-grupo-de-fotografia-de-natura\/","og_site_name":"Agrupaci\u00f3 Fotogr\u00e0fica de Catalunya","article_modified_time":"2022-03-28T14:08:08+00:00","twitter_card":"summary_large_image","schema":{"@context":"https:\/\/schema.org","@graph":[{"@type":"WebPage","@id":"https:\/\/afc.cat\/es\/activitat\/taller-teorico-practico-de-fotografia-de-aves-grupo-de-fotografia-de-natura\/","url":"https:\/\/afc.cat\/es\/activitat\/taller-teorico-practico-de-fotografia-de-aves-grupo-de-fotografia-de-natura\/","name":"Taller te\u00f3rico-pr\u00e1ctico de fotograf\u00eda de aves \/ Grupo de Fotograf\u00eda de Naturaleza - Agrupaci\u00f3 Fotogr\u00e0fica de Catalunya","isPartOf":{"@id":"https:\/\/afc.cat\/es\/#website"},"datePublished":"2022-03-17T18:10:11+00:00","dateModified":"2022-03-28T14:08:08+00:00","breadcrumb":{"@id":"https:\/\/afc.cat\/es\/activitat\/taller-teorico-practico-de-fotografia-de-aves-grupo-de-fotografia-de-natura\/#breadcrumb"},"inLanguage":"es","potentialAction":[{"@type":"ReadAction","target":["https:\/\/afc.cat\/es\/activitat\/taller-teorico-practico-de-fotografia-de-aves-grupo-de-fotografia-de-natura\/"]}]},{"@type":"BreadcrumbList","@id":"https:\/\/afc.cat\/es\/activitat\/taller-teorico-practico-de-fotografia-de-aves-grupo-de-fotografia-de-natura\/#breadcrumb","itemListElement":[{"@type":"ListItem","position":1,"name":"Inicio","item":"https:\/\/afc.cat\/es\/"},{"@type":"ListItem","position":2,"name":"Taller te\u00f3rico-pr\u00e1ctico de fotograf\u00eda de aves \/ Grupo de Fotograf\u00eda de Naturaleza"}]},{"@type":"WebSite","@id":"https:\/\/afc.cat\/es\/#website","url":"https:\/\/afc.cat\/es\/","name":"Agrupaci\u00f3 Fotogr\u00e0fica de Catalunya","description":"Fomento y divulgaci\u00f3n de la fotograf\u00eda en todas sus variedades","potentialAction":[{"@type":"SearchAction","target":{"@type":"EntryPoint","urlTemplate":"https:\/\/afc.cat\/es\/?s={search_term_string}"},"query-input":{"@type":"PropertyValueSpecification","valueRequired":true,"valueName":"search_term_string"}}],"inLanguage":"es"}]}},"_links":{"self":[{"href":"https:\/\/afc.cat\/es\/wp-json\/wp\/v2\/class\/26741","targetHints":{"allow":["GET"]}}],"collection":[{"href":"https:\/\/afc.cat\/es\/wp-json\/wp\/v2\/class"}],"about":[{"href":"https:\/\/afc.cat\/es\/wp-json\/wp\/v2\/types\/class"}],"wp:attachment":[{"href":"https:\/\/afc.cat\/es\/wp-json\/wp\/v2\/media?parent=26741"}],"wp:term":[{"taxonomy":"wcs-type","embeddable":true,"href":"https:\/\/afc.cat\/es\/wp-json\/wp\/v2\/wcs-type?post=26741"},{"taxonomy":"wcs-room","embeddable":true,"href":"https:\/\/afc.cat\/es\/wp-json\/wp\/v2\/wcs-room?post=26741"},{"taxonomy":"wcs-instructor","embeddable":true,"href":"https:\/\/afc.cat\/es\/wp-json\/wp\/v2\/wcs-instructor?post=26741"}],"curies":[{"name":"wp","href":"https:\/\/api.w.org\/{rel}","templated":true}]}}

Taller teórico-práctico de fotografía de aves / Grupo de Fotografía de Naturaleza

<p><div class="fusion-fullwidth fullwidth-box fusion-builder-row-1 fusion-flex-container nonhundred-percent-fullwidth non-hundred-percent-height-scrolling" style="background-color: rgba(255,255,255,0);background-position: center center;background-repeat: no-repeat;border-width: 0px 15px 0px 0px;border-color:#ffffff;border-style:solid;" ><div class="fusion-builder-row fusion-row fusion-flex-align-items-flex-start" style="max-width:1300px;margin-left: calc(-4% / 2 );margin-right: calc(-4% / 2 );"><div class="fusion-layout-column fusion_builder_column fusion-builder-column-0 fusion_builder_column_1_1 1_1 fusion-flex-column"><div class="fusion-column-wrapper fusion-flex-justify-content-flex-start fusion-content-layout-column" style="background-position:left top;background-repeat:no-repeat;-webkit-background-size:cover;-moz-background-size:cover;-o-background-size:cover;background-size:cover;padding: 0px 0px 0px 0px;"><div class="fusion-text fusion-text-1"><h2>Taller teórico/práctico de fotografía de aves</h2>
<h3>Taller con contenido dividido en dos partes: una teórica y otra práctica</h3>
<p>El <strong>contenido teórico</strong> lo realizarás de manera presencial el miércoles día 30 en las instalaciones de la AFC. Con una duración de 2.30h se repasarán las<strong> técnicas</strong> <strong>de composición</strong>, material recomendado, escenarios, así como las posibles especies a fotografiar.</p>
<p>La otra parte la materializarás al día siguiente jueves 31 en el <strong>Parc Natural dels Aiguamolls de l&#8217;Empordà</strong> donde practicarás todo lo aprendido.</p>
<p>Estamos en época de apareamiento y podrás capturar buenas imágenes.</p>
<p>Plazas recomendadas a un grupo de 10-12 personas por las características de la actividad. Posibilidad de organizar otra salida el viernes día 1 de abril con un <strong>segundo grupo.</strong><br />
Posibilidad de compartir vehículo</p>
<p>Inscripciones mediante mail a <a href="mailto:vfr800roja@yahoo.es">Toni Torres</a></p>
<p><strong>CALENDARIO</strong></p>
<p>Taller teórico presencial: Agrupació Fotogràfica de Catalunya</p>
<p>Horario: 18.00-20.30h</p>
<p>Taller práctico: Parc Natural dels Aiguamolls de l&#8217;Empordà</p>
<p>Horario: 9.00h-mediodía</p>
<p>Precio: gratuito</p>
<p>Taller exclusivo para asociados. ¿Te gusta lo que hacemos? <a href="https://afc.cat/es/asociate/">Asóciate</a></p>
</div></div><style type="text/css">.fusion-body .fusion-builder-column-0{width:100% !important;margin-top : 0px;margin-bottom : 0px;}.fusion-builder-column-0 > .fusion-column-wrapper {padding-top : 0px !important;padding-right : 0px !important;margin-right : 1.92%;padding-bottom : 0px !important;padding-left : 0px !important;margin-left : 1.92%;}@media only screen and (max-width:1024px) {.fusion-body .fusion-builder-column-0{width:100% !important;}.fusion-builder-column-0 > .fusion-column-wrapper {margin-right : 1.92%;margin-left : 1.92%;}}@media only screen and (max-width:640px) {.fusion-body .fusion-builder-column-0{width:100% !important;}.fusion-builder-column-0 > .fusion-column-wrapper {margin-right : 1.92%;margin-left : 1.92%;}}</style></div></div><style type="text/css">.fusion-body .fusion-flex-container.fusion-builder-row-1{ padding-top : 0px;margin-top : 0px;padding-right : 0px;padding-bottom : 0px;margin-bottom : 0px;padding-left : 0px;}</style></div><div class="fusion-fullwidth fullwidth-box fusion-builder-row-2 fusion-flex-container nonhundred-percent-fullwidth non-hundred-percent-height-scrolling" style="background-color: rgba(255,255,255,0);background-position: center center;background-repeat: no-repeat;border-width: 0px 0px 0px 0px;border-color:#ffffff;border-style:solid;" ><div class="fusion-builder-row fusion-row fusion-flex-align-items-flex-start" style="max-width:1300px;margin-left: calc(-4% / 2 );margin-right: calc(-4% / 2 );"><div class="fusion-layout-column fusion_builder_column fusion-builder-column-1 fusion_builder_column_1_2 1_2 fusion-flex-column"><div class="fusion-column-wrapper fusion-flex-justify-content-flex-start fusion-content-layout-column" style="background-position:left top;background-repeat:no-repeat;-webkit-background-size:cover;-moz-background-size:cover;-o-background-size:cover;background-size:cover;padding: 0px 0px 0px 0px;"></div><style type="text/css">.fusion-body .fusion-builder-column-1{width:50% !important;margin-top : 0px;margin-bottom : 20px;}.fusion-builder-column-1 > .fusion-column-wrapper {padding-top : 0px !important;padding-right : 0px !important;margin-right : 3.84%;padding-bottom : 0px !important;padding-left : 0px !important;margin-left : 3.84%;}@media only screen and (max-width:1024px) {.fusion-body .fusion-builder-column-1{width:50% !important;order : 0;}.fusion-builder-column-1 > .fusion-column-wrapper {margin-right : 3.84%;margin-left : 3.84%;}}@media only screen and (max-width:640px) {.fusion-body .fusion-builder-column-1{width:100% !important;order : 0;}.fusion-builder-column-1 > .fusion-column-wrapper {margin-right : 1.92%;margin-left : 1.92%;}}</style></div><div class="fusion-layout-column fusion_builder_column fusion-builder-column-2 fusion_builder_column_1_2 1_2 fusion-flex-column"><div class="fusion-column-wrapper fusion-flex-justify-content-flex-start fusion-content-layout-column" style="background-position:left top;background-repeat:no-repeat;-webkit-background-size:cover;-moz-background-size:cover;-o-background-size:cover;background-size:cover;padding: 0px 0px 0px 0px;"></div><style type="text/css">.fusion-body .fusion-builder-column-2{width:50% !important;margin-top : 0px;margin-bottom : 20px;}.fusion-builder-column-2 > .fusion-column-wrapper {padding-top : 0px !important;padding-right : 0px !important;margin-right : 3.84%;padding-bottom : 0px !important;padding-left : 0px !important;margin-left : 3.84%;}@media only screen and (max-width:1024px) {.fusion-body .fusion-builder-column-2{width:50% !important;order : 0;}.fusion-builder-column-2 > .fusion-column-wrapper {margin-right : 3.84%;margin-left : 3.84%;}}@media only screen and (max-width:640px) {.fusion-body .fusion-builder-column-2{width:100% !important;order : 0;}.fusion-builder-column-2 > .fusion-column-wrapper {margin-right : 1.92%;margin-left : 1.92%;}}</style></div></div><style type="text/css">.fusion-body .fusion-flex-container.fusion-builder-row-2{ padding-top : 0px;margin-top : 0px;padding-right : 0px;padding-bottom : 0px;margin-bottom : 0px;padding-left : 0px;}</style></div></p>

<!-- This site is optimized with the Yoast SEO plugin v27.2 - https://yoast.com/product/yoast-seo-wordpress/ -->
<title>Taller teórico-práctico de fotografía de aves / Grupo de Fotografía de Naturaleza - Agrupació Fotogràfica de Catalunya</title>
<meta name="robots" content="index, follow, max-snippet:-1, max-image-preview:large, max-video-preview:-1" />
<link rel="canonical" href="https://afc.cat/es/activitat/taller-teorico-practico-de-fotografia-de-aves-grupo-de-fotografia-de-natura/" />
<meta property="og:locale" content="es_ES" />
<meta property="og:type" content="article" />
<meta property="og:title" content="Taller teórico-práctico de fotografía de aves / Grupo de Fotografía de Naturaleza - Agrupació Fotogràfica de Catalunya" />
<meta property="og:url" content="https://afc.cat/es/activitat/taller-teorico-practico-de-fotografia-de-aves-grupo-de-fotografia-de-natura/" />
<meta property="og:site_name" content="Agrupació Fotogràfica de Catalunya" />
<meta property="article:modified_time" content="2022-03-28T14:08:08+00:00" />
<meta name="twitter:card" content="summary_large_image" />
<script type="application/ld+json" class="yoast-schema-graph">{"@context":"https://schema.org","@graph":[{"@type":"WebPage","@id":"https://afc.cat/es/activitat/taller-teorico-practico-de-fotografia-de-aves-grupo-de-fotografia-de-natura/","url":"https://afc.cat/es/activitat/taller-teorico-practico-de-fotografia-de-aves-grupo-de-fotografia-de-natura/","name":"Taller teórico-práctico de fotografía de aves / Grupo de Fotografía de Naturaleza - Agrupació Fotogràfica de Catalunya","isPartOf":{"@id":"https://afc.cat/es/#website"},"datePublished":"2022-03-17T18:10:11+00:00","dateModified":"2022-03-28T14:08:08+00:00","breadcrumb":{"@id":"https://afc.cat/es/activitat/taller-teorico-practico-de-fotografia-de-aves-grupo-de-fotografia-de-natura/#breadcrumb"},"inLanguage":"es","potentialAction":[{"@type":"ReadAction","target":["https://afc.cat/es/activitat/taller-teorico-practico-de-fotografia-de-aves-grupo-de-fotografia-de-natura/"]}]},{"@type":"BreadcrumbList","@id":"https://afc.cat/es/activitat/taller-teorico-practico-de-fotografia-de-aves-grupo-de-fotografia-de-natura/#breadcrumb","itemListElement":[{"@type":"ListItem","position":1,"name":"Inicio","item":"https://afc.cat/es/"},{"@type":"ListItem","position":2,"name":"Taller teórico-práctico de fotografía de aves / Grupo de Fotografía de Naturaleza"}]},{"@type":"WebSite","@id":"https://afc.cat/es/#website","url":"https://afc.cat/es/","name":"Agrupació Fotogràfica de Catalunya","description":"Fomento y divulgación de la fotografía en todas sus variedades","potentialAction":[{"@type":"SearchAction","target":{"@type":"EntryPoint","urlTemplate":"https://afc.cat/es/?s={search_term_string}"},"query-input":{"@type":"PropertyValueSpecification","valueRequired":true,"valueName":"search_term_string"}}],"inLanguage":"es"}]}</script>
<!-- / Yoast SEO plugin. -->

Taller teórico-práctico de fotografía de aves / Grupo de Fotografía de Naturaleza - Agrupació Fotogràfica de Catalunya

Agrupació Fotogràfica de Catalunya

Fomento y divulgación de la fotografía en todas sus variedades
