{"id":27947,"date":"2022-05-18T09:07:29","date_gmt":"2022-05-18T07:07:29","guid":{"rendered":"https:\/\/afc.cat\/activitat\/exposicio-col-lectiva-pandemia\/"},"modified":"2022-05-19T13:05:26","modified_gmt":"2022-05-19T11:05:26","slug":"exposicio-col-lectiva-pandemia","status":"publish","type":"class","link":"https:\/\/afc.cat\/es\/activitat\/exposicio-col-lectiva-pandemia\/","title":{"rendered":"Exposici\u00f3n colectiva \u00abPandemia\u00bb"},"content":{"rendered":"<div class=\"fusion-fullwidth fullwidth-box fusion-builder-row-1 fusion-flex-container nonhundred-percent-fullwidth non-hundred-percent-height-scrolling\" style=\"background-color: rgba(255,255,255,0);background-position: center center;background-repeat: no-repeat;border-width: 0px 0px 0px 0px;border-color:#ffffff;border-style:solid;\" ><div class=\"fusion-builder-row fusion-row fusion-flex-align-items-flex-start\" style=\"max-width:1300px;margin-left: calc(-4% \/ 2 );margin-right: calc(-4% \/ 2 );\"><div class=\"fusion-layout-column fusion_builder_column fusion-builder-column-0 fusion_builder_column_1_1 1_1 fusion-flex-column\"><div class=\"fusion-column-wrapper fusion-flex-justify-content-flex-start fusion-content-layout-column\" style=\"background-position:left top;background-repeat:no-repeat;-webkit-background-size:cover;-moz-background-size:cover;-o-background-size:cover;background-size:cover;padding: 0px 0px 0px 0px;\"><div class=\"fusion-text fusion-text-1\"><p>Enmarcando las fotograf\u00edas para la exposici\u00f3n del concurso social \u00abPandemia\u00bb<\/p>\n<p>\u00bfSabes enmarcar fotos en un paspart\u00fa y montarlas en los marcos? \u00a1Pues nosotros ya s\u00ed! El pasado d\u00eda 18 de mayo quedamos con algunos participantes del concurso social de la AFCat para empezar a cortar los paspartus y enmarcar las fotograf\u00edas.<\/p>\n<p>\u00a1Ahora s\u00ed que lucen! Ya lo hac\u00edan, puesto que la calidad de las im\u00e1genes impresas en el laboratorio EGM ya valen la pena por s\u00ed solas, pero una vez montadas&#8230; han quedado fant\u00e1sticas.<\/p>\n<p>Si a\u00fan no las has podido montar, sigue atento a los correos que haremos otra quedada en la sede para acabar de presentarlas correctamente.<\/p>\n<p>Desde aqu\u00ed queremos agradecer personalmente a Adolf y Albert Folch que siempre est\u00e1n all\u00ed para echar una mano&#8230; gracias a ellos pudimos utilizar bien las cortadoras y los marcos, gracias, compa\u00f1eros.<\/p>\n<p>el martes 31 de mayo a las 19:00 inauguraremos la exposici\u00f3n colectiva \u00abPandemia\u00bb en la sala Bruno Argem\u00ed de la AFCat.<\/p>\n<p>Esta exposici\u00f3n est\u00e1 formada por 30 fotos de 30 socios de la Agrupaci\u00f3n que participaron en el concurso de fotograf\u00eda por redes sociales llevado a cabo en tiempo de confinamiento.<\/p>\n<p>Este concurso se someti\u00f3 a votaciones por los propios socios y sali\u00f3 elegida como primer premio la fotograf\u00eda \u00abBarcelona en Pandemia\u00bb de Albert Ca\u00f1ellas.<\/p>\n<p>Desde AFCat hemos impreso todas las 30 fotograf\u00edas participantes en papel estucado art\u00edstico, con tintas pigmentadas que ciertamente dan gusto de ver. Han sido todas impresas a formato 30 x 40 o equivalente en el laboratorio EGM de Barcelona.<\/p>\n<p>\u00bfOs perder\u00e9is esta magn\u00edfica exposici\u00f3n? Por supuesto que no<\/p>\n<p>\u00a1Os esperamos!<\/p>\n<\/div><style type=\"text\/css\">.fusion-gallery-1 .fusion-gallery-image {border:0px solid #e2e2e2;}<\/style><div class=\"fusion-gallery fusion-gallery-container fusion-grid-3 fusion-columns-total-3 fusion-gallery-layout-grid fusion-gallery-1\" style=\"margin:-5px;\"><div style=\"padding:5px;\" class=\"fusion-grid-column fusion-gallery-column fusion-gallery-column-3 hover-type-none\"><div class=\"fusion-gallery-image\"><a rel=\"noreferrer\" data-rel=\"iLightbox[gallery_image_1]\" class=\"fusion-lightbox\" target=\"_self\"><img decoding=\"async\" src=\"\" width=\"\" height=\"\" alt=\"\" title=\"\" aria-label=\"\" class=\"img-responsive wp-image-28013\" \/><\/a><\/div><\/div><div style=\"padding:5px;\" class=\"fusion-grid-column fusion-gallery-column fusion-gallery-column-3 hover-type-none\"><div class=\"fusion-gallery-image\"><a rel=\"noreferrer\" data-rel=\"iLightbox[gallery_image_1]\" class=\"fusion-lightbox\" target=\"_self\"><img decoding=\"async\" src=\"\" width=\"\" height=\"\" alt=\"\" title=\"\" aria-label=\"\" class=\"img-responsive wp-image-28011\" \/><\/a><\/div><\/div><div style=\"padding:5px;\" class=\"fusion-grid-column fusion-gallery-column fusion-gallery-column-3 hover-type-none\"><div class=\"fusion-gallery-image\"><a rel=\"noreferrer\" data-rel=\"iLightbox[gallery_image_1]\" class=\"fusion-lightbox\" target=\"_self\"><img decoding=\"async\" src=\"\" width=\"\" height=\"\" alt=\"\" title=\"\" aria-label=\"\" class=\"img-responsive wp-image-28009\" \/><\/a><\/div><\/div><div class=\"clearfix\"><\/div><\/div><\/div><style type=\"text\/css\">.fusion-body .fusion-builder-column-0{width:100% !important;margin-top : 0px;margin-bottom : 0px;}.fusion-builder-column-0 > .fusion-column-wrapper {padding-top : 0px !important;padding-right : 0px !important;margin-right : 2.56%;padding-bottom : 0px !important;padding-left : 0px !important;margin-left : 1.92%;}@media only screen and (max-width:1024px) {.fusion-body .fusion-builder-column-0{width:100% !important;}.fusion-builder-column-0 > .fusion-column-wrapper {margin-right : 2.56%;margin-left : 1.92%;}}@media only screen and (max-width:640px) {.fusion-body .fusion-builder-column-0{width:100% !important;}.fusion-builder-column-0 > .fusion-column-wrapper {margin-right : 1.92%;margin-left : 1.92%;}}<\/style><\/div><\/div><style type=\"text\/css\">.fusion-body .fusion-flex-container.fusion-builder-row-1{ padding-top : 0px;margin-top : 0px;padding-right : 0px;padding-bottom : 0px;margin-bottom : 0px;padding-left : 0px;}<\/style><\/div>\n","protected":false},"excerpt":{"rendered":"","protected":false},"template":"","meta":{"_acf_changed":false},"wcs-type":[112],"wcs-room":[],"wcs-instructor":[],"class_list":["post-27947","class","type-class","status-publish","hentry","wcs-type-exposiciones-afc"],"acf":[],"yoast_head":"<!-- This site is optimized with the Yoast SEO plugin v27.2 - https:\/\/yoast.com\/product\/yoast-seo-wordpress\/ -->\n<title>Exposici\u00f3n colectiva &quot;Pandemia&quot; - Agrupaci\u00f3 Fotogr\u00e0fica de Catalunya<\/title>\n<meta name=\"robots\" content=\"index, follow, max-snippet:-1, max-image-preview:large, max-video-preview:-1\" \/>\n<link rel=\"canonical\" href=\"https:\/\/afc.cat\/es\/activitat\/exposicio-col-lectiva-pandemia\/\" \/>\n<meta property=\"og:locale\" content=\"es_ES\" \/>\n<meta property=\"og:type\" content=\"article\" \/>\n<meta property=\"og:title\" content=\"Exposici\u00f3n colectiva &quot;Pandemia&quot; - Agrupaci\u00f3 Fotogr\u00e0fica de Catalunya\" \/>\n<meta property=\"og:url\" content=\"https:\/\/afc.cat\/es\/activitat\/exposicio-col-lectiva-pandemia\/\" \/>\n<meta property=\"og:site_name\" content=\"Agrupaci\u00f3 Fotogr\u00e0fica de Catalunya\" \/>\n<meta property=\"article:modified_time\" content=\"2022-05-19T11:05:26+00:00\" \/>\n<meta name=\"twitter:card\" content=\"summary_large_image\" \/>\n<meta name=\"twitter:label1\" content=\"Tiempo de lectura\" \/>\n\t<meta name=\"twitter:data1\" content=\"2 minutos\" \/>\n<script type=\"application\/ld+json\" class=\"yoast-schema-graph\">{\"@context\":\"https:\/\/schema.org\",\"@graph\":[{\"@type\":\"WebPage\",\"@id\":\"https:\/\/afc.cat\/es\/activitat\/exposicio-col-lectiva-pandemia\/\",\"url\":\"https:\/\/afc.cat\/es\/activitat\/exposicio-col-lectiva-pandemia\/\",\"name\":\"Exposici\u00f3n colectiva \\\"Pandemia\\\" - Agrupaci\u00f3 Fotogr\u00e0fica de Catalunya\",\"isPartOf\":{\"@id\":\"https:\/\/afc.cat\/es\/#website\"},\"datePublished\":\"2022-05-18T07:07:29+00:00\",\"dateModified\":\"2022-05-19T11:05:26+00:00\",\"breadcrumb\":{\"@id\":\"https:\/\/afc.cat\/es\/activitat\/exposicio-col-lectiva-pandemia\/#breadcrumb\"},\"inLanguage\":\"es\",\"potentialAction\":[{\"@type\":\"ReadAction\",\"target\":[\"https:\/\/afc.cat\/es\/activitat\/exposicio-col-lectiva-pandemia\/\"]}]},{\"@type\":\"BreadcrumbList\",\"@id\":\"https:\/\/afc.cat\/es\/activitat\/exposicio-col-lectiva-pandemia\/#breadcrumb\",\"itemListElement\":[{\"@type\":\"ListItem\",\"position\":1,\"name\":\"Inicio\",\"item\":\"https:\/\/afc.cat\/es\/\"},{\"@type\":\"ListItem\",\"position\":2,\"name\":\"Exposici\u00f3n colectiva &#8220;Pandemia&#8221;\"}]},{\"@type\":\"WebSite\",\"@id\":\"https:\/\/afc.cat\/es\/#website\",\"url\":\"https:\/\/afc.cat\/es\/\",\"name\":\"Agrupaci\u00f3 Fotogr\u00e0fica de Catalunya\",\"description\":\"Fomento y divulgaci\u00f3n de la fotograf\u00eda en todas sus variedades\",\"potentialAction\":[{\"@type\":\"SearchAction\",\"target\":{\"@type\":\"EntryPoint\",\"urlTemplate\":\"https:\/\/afc.cat\/es\/?s={search_term_string}\"},\"query-input\":{\"@type\":\"PropertyValueSpecification\",\"valueRequired\":true,\"valueName\":\"search_term_string\"}}],\"inLanguage\":\"es\"}]}<\/script>\n<!-- \/ Yoast SEO plugin. -->","yoast_head_json":{"title":"Exposici\u00f3n colectiva \"Pandemia\" - Agrupaci\u00f3 Fotogr\u00e0fica de Catalunya","robots":{"index":"index","follow":"follow","max-snippet":"max-snippet:-1","max-image-preview":"max-image-preview:large","max-video-preview":"max-video-preview:-1"},"canonical":"https:\/\/afc.cat\/es\/activitat\/exposicio-col-lectiva-pandemia\/","og_locale":"es_ES","og_type":"article","og_title":"Exposici\u00f3n colectiva \"Pandemia\" - Agrupaci\u00f3 Fotogr\u00e0fica de Catalunya","og_url":"https:\/\/afc.cat\/es\/activitat\/exposicio-col-lectiva-pandemia\/","og_site_name":"Agrupaci\u00f3 Fotogr\u00e0fica de Catalunya","article_modified_time":"2022-05-19T11:05:26+00:00","twitter_card":"summary_large_image","twitter_misc":{"Tiempo de lectura":"2 minutos"},"schema":{"@context":"https:\/\/schema.org","@graph":[{"@type":"WebPage","@id":"https:\/\/afc.cat\/es\/activitat\/exposicio-col-lectiva-pandemia\/","url":"https:\/\/afc.cat\/es\/activitat\/exposicio-col-lectiva-pandemia\/","name":"Exposici\u00f3n colectiva \"Pandemia\" - Agrupaci\u00f3 Fotogr\u00e0fica de Catalunya","isPartOf":{"@id":"https:\/\/afc.cat\/es\/#website"},"datePublished":"2022-05-18T07:07:29+00:00","dateModified":"2022-05-19T11:05:26+00:00","breadcrumb":{"@id":"https:\/\/afc.cat\/es\/activitat\/exposicio-col-lectiva-pandemia\/#breadcrumb"},"inLanguage":"es","potentialAction":[{"@type":"ReadAction","target":["https:\/\/afc.cat\/es\/activitat\/exposicio-col-lectiva-pandemia\/"]}]},{"@type":"BreadcrumbList","@id":"https:\/\/afc.cat\/es\/activitat\/exposicio-col-lectiva-pandemia\/#breadcrumb","itemListElement":[{"@type":"ListItem","position":1,"name":"Inicio","item":"https:\/\/afc.cat\/es\/"},{"@type":"ListItem","position":2,"name":"Exposici\u00f3n colectiva &#8220;Pandemia&#8221;"}]},{"@type":"WebSite","@id":"https:\/\/afc.cat\/es\/#website","url":"https:\/\/afc.cat\/es\/","name":"Agrupaci\u00f3 Fotogr\u00e0fica de Catalunya","description":"Fomento y divulgaci\u00f3n de la fotograf\u00eda en todas sus variedades","potentialAction":[{"@type":"SearchAction","target":{"@type":"EntryPoint","urlTemplate":"https:\/\/afc.cat\/es\/?s={search_term_string}"},"query-input":{"@type":"PropertyValueSpecification","valueRequired":true,"valueName":"search_term_string"}}],"inLanguage":"es"}]}},"_links":{"self":[{"href":"https:\/\/afc.cat\/es\/wp-json\/wp\/v2\/class\/27947","targetHints":{"allow":["GET"]}}],"collection":[{"href":"https:\/\/afc.cat\/es\/wp-json\/wp\/v2\/class"}],"about":[{"href":"https:\/\/afc.cat\/es\/wp-json\/wp\/v2\/types\/class"}],"wp:attachment":[{"href":"https:\/\/afc.cat\/es\/wp-json\/wp\/v2\/media?parent=27947"}],"wp:term":[{"taxonomy":"wcs-type","embeddable":true,"href":"https:\/\/afc.cat\/es\/wp-json\/wp\/v2\/wcs-type?post=27947"},{"taxonomy":"wcs-room","embeddable":true,"href":"https:\/\/afc.cat\/es\/wp-json\/wp\/v2\/wcs-room?post=27947"},{"taxonomy":"wcs-instructor","embeddable":true,"href":"https:\/\/afc.cat\/es\/wp-json\/wp\/v2\/wcs-instructor?post=27947"}],"curies":[{"name":"wp","href":"https:\/\/api.w.org\/{rel}","templated":true}]}}

Exposición colectiva «Pandemia»

<div class="fusion-fullwidth fullwidth-box fusion-builder-row-1 fusion-flex-container nonhundred-percent-fullwidth non-hundred-percent-height-scrolling" style="background-color: rgba(255,255,255,0);background-position: center center;background-repeat: no-repeat;border-width: 0px 0px 0px 0px;border-color:#ffffff;border-style:solid;" ><div class="fusion-builder-row fusion-row fusion-flex-align-items-flex-start" style="max-width:1300px;margin-left: calc(-4% / 2 );margin-right: calc(-4% / 2 );"><div class="fusion-layout-column fusion_builder_column fusion-builder-column-0 fusion_builder_column_1_1 1_1 fusion-flex-column"><div class="fusion-column-wrapper fusion-flex-justify-content-flex-start fusion-content-layout-column" style="background-position:left top;background-repeat:no-repeat;-webkit-background-size:cover;-moz-background-size:cover;-o-background-size:cover;background-size:cover;padding: 0px 0px 0px 0px;"><div class="fusion-text fusion-text-1"><p>Enmarcando las fotografías para la exposición del concurso social «Pandemia»</p>
<p>¿Sabes enmarcar fotos en un paspartú y montarlas en los marcos? ¡Pues nosotros ya sí! El pasado día 18 de mayo quedamos con algunos participantes del concurso social de la AFCat para empezar a cortar los paspartus y enmarcar las fotografías.</p>
<p>¡Ahora sí que lucen! Ya lo hacían, puesto que la calidad de las imágenes impresas en el laboratorio EGM ya valen la pena por sí solas, pero una vez montadas&#8230; han quedado fantásticas.</p>
<p>Si aún no las has podido montar, sigue atento a los correos que haremos otra quedada en la sede para acabar de presentarlas correctamente.</p>
<p>Desde aquí queremos agradecer personalmente a Adolf y Albert Folch que siempre están allí para echar una mano&#8230; gracias a ellos pudimos utilizar bien las cortadoras y los marcos, gracias, compañeros.</p>
<p>el martes 31 de mayo a las 19:00 inauguraremos la exposición colectiva «Pandemia» en la sala Bruno Argemí de la AFCat.</p>
<p>Esta exposición está formada por 30 fotos de 30 socios de la Agrupación que participaron en el concurso de fotografía por redes sociales llevado a cabo en tiempo de confinamiento.</p>
<p>Este concurso se sometió a votaciones por los propios socios y salió elegida como primer premio la fotografía «Barcelona en Pandemia» de Albert Cañellas.</p>
<p>Desde AFCat hemos impreso todas las 30 fotografías participantes en papel estucado artístico, con tintas pigmentadas que ciertamente dan gusto de ver. Han sido todas impresas a formato 30 x 40 o equivalente en el laboratorio EGM de Barcelona.</p>
<p>¿Os perderéis esta magnífica exposición? Por supuesto que no</p>
<p>¡Os esperamos!</p>
</div><style type="text/css">.fusion-gallery-1 .fusion-gallery-image {border:0px solid #e2e2e2;}</style><div class="fusion-gallery fusion-gallery-container fusion-grid-3 fusion-columns-total-3 fusion-gallery-layout-grid fusion-gallery-1" style="margin:-5px;"><div style="padding:5px;" class="fusion-grid-column fusion-gallery-column fusion-gallery-column-3 hover-type-none"><div class="fusion-gallery-image"><a rel="noreferrer" data-rel="iLightbox[gallery_image_1]" class="fusion-lightbox" target="_self"><img decoding="async" src="" width="" height="" alt="" title="" aria-label="" class="img-responsive wp-image-28013" /></a></div></div><div style="padding:5px;" class="fusion-grid-column fusion-gallery-column fusion-gallery-column-3 hover-type-none"><div class="fusion-gallery-image"><a rel="noreferrer" data-rel="iLightbox[gallery_image_1]" class="fusion-lightbox" target="_self"><img decoding="async" src="" width="" height="" alt="" title="" aria-label="" class="img-responsive wp-image-28011" /></a></div></div><div style="padding:5px;" class="fusion-grid-column fusion-gallery-column fusion-gallery-column-3 hover-type-none"><div class="fusion-gallery-image"><a rel="noreferrer" data-rel="iLightbox[gallery_image_1]" class="fusion-lightbox" target="_self"><img decoding="async" src="" width="" height="" alt="" title="" aria-label="" class="img-responsive wp-image-28009" /></a></div></div><div class="clearfix"></div></div></div><style type="text/css">.fusion-body .fusion-builder-column-0{width:100% !important;margin-top : 0px;margin-bottom : 0px;}.fusion-builder-column-0 > .fusion-column-wrapper {padding-top : 0px !important;padding-right : 0px !important;margin-right : 2.56%;padding-bottom : 0px !important;padding-left : 0px !important;margin-left : 1.92%;}@media only screen and (max-width:1024px) {.fusion-body .fusion-builder-column-0{width:100% !important;}.fusion-builder-column-0 > .fusion-column-wrapper {margin-right : 2.56%;margin-left : 1.92%;}}@media only screen and (max-width:640px) {.fusion-body .fusion-builder-column-0{width:100% !important;}.fusion-builder-column-0 > .fusion-column-wrapper {margin-right : 1.92%;margin-left : 1.92%;}}</style></div></div><style type="text/css">.fusion-body .fusion-flex-container.fusion-builder-row-1{ padding-top : 0px;margin-top : 0px;padding-right : 0px;padding-bottom : 0px;margin-bottom : 0px;padding-left : 0px;}</style></div>

<!-- This site is optimized with the Yoast SEO plugin v27.2 - https://yoast.com/product/yoast-seo-wordpress/ -->
<title>Exposición colectiva &quot;Pandemia&quot; - Agrupació Fotogràfica de Catalunya</title>
<meta name="robots" content="index, follow, max-snippet:-1, max-image-preview:large, max-video-preview:-1" />
<link rel="canonical" href="https://afc.cat/es/activitat/exposicio-col-lectiva-pandemia/" />
<meta property="og:locale" content="es_ES" />
<meta property="og:type" content="article" />
<meta property="og:title" content="Exposición colectiva &quot;Pandemia&quot; - Agrupació Fotogràfica de Catalunya" />
<meta property="og:url" content="https://afc.cat/es/activitat/exposicio-col-lectiva-pandemia/" />
<meta property="og:site_name" content="Agrupació Fotogràfica de Catalunya" />
<meta property="article:modified_time" content="2022-05-19T11:05:26+00:00" />
<meta name="twitter:card" content="summary_large_image" />
<meta name="twitter:label1" content="Tiempo de lectura" />
	<meta name="twitter:data1" content="2 minutos" />
<script type="application/ld+json" class="yoast-schema-graph">{"@context":"https://schema.org","@graph":[{"@type":"WebPage","@id":"https://afc.cat/es/activitat/exposicio-col-lectiva-pandemia/","url":"https://afc.cat/es/activitat/exposicio-col-lectiva-pandemia/","name":"Exposición colectiva \"Pandemia\" - Agrupació Fotogràfica de Catalunya","isPartOf":{"@id":"https://afc.cat/es/#website"},"datePublished":"2022-05-18T07:07:29+00:00","dateModified":"2022-05-19T11:05:26+00:00","breadcrumb":{"@id":"https://afc.cat/es/activitat/exposicio-col-lectiva-pandemia/#breadcrumb"},"inLanguage":"es","potentialAction":[{"@type":"ReadAction","target":["https://afc.cat/es/activitat/exposicio-col-lectiva-pandemia/"]}]},{"@type":"BreadcrumbList","@id":"https://afc.cat/es/activitat/exposicio-col-lectiva-pandemia/#breadcrumb","itemListElement":[{"@type":"ListItem","position":1,"name":"Inicio","item":"https://afc.cat/es/"},{"@type":"ListItem","position":2,"name":"Exposición colectiva &#8220;Pandemia&#8221;"}]},{"@type":"WebSite","@id":"https://afc.cat/es/#website","url":"https://afc.cat/es/","name":"Agrupació Fotogràfica de Catalunya","description":"Fomento y divulgación de la fotografía en todas sus variedades","potentialAction":[{"@type":"SearchAction","target":{"@type":"EntryPoint","urlTemplate":"https://afc.cat/es/?s={search_term_string}"},"query-input":{"@type":"PropertyValueSpecification","valueRequired":true,"valueName":"search_term_string"}}],"inLanguage":"es"}]}</script>
<!-- / Yoast SEO plugin. -->

Exposición colectiva "Pandemia" - Agrupació Fotogràfica de Catalunya

Agrupació Fotogràfica de Catalunya

Exposición colectiva &#8220;Pandemia&#8221;

Fomento y divulgación de la fotografía en todas sus variedades
