{"id":28029,"date":"2022-05-19T18:22:28","date_gmt":"2022-05-19T16:22:28","guid":{"rendered":"https:\/\/afc.cat\/?post_type=class&#038;p=28029"},"modified":"2022-05-25T19:21:25","modified_gmt":"2022-05-25T17:21:25","slug":"sessio-d-estudi-amb-dos-models","status":"publish","type":"class","link":"https:\/\/afc.cat\/es\/activitat\/sessio-d-estudi-amb-dos-models\/","title":{"rendered":"Sesi\u00f3n de Estudio con dos modelos"},"content":{"rendered":"<div class=\"fusion-fullwidth fullwidth-box fusion-builder-row-1 fusion-flex-container nonhundred-percent-fullwidth non-hundred-percent-height-scrolling\" style=\"background-color: rgba(255,255,255,0);background-position: center center;background-repeat: no-repeat;border-width: 0px 0px 0px 0px;border-color:#ffffff;border-style:solid;\" ><div class=\"fusion-builder-row fusion-row fusion-flex-align-items-flex-start\" style=\"max-width:1300px;margin-left: calc(-4% \/ 2 );margin-right: calc(-4% \/ 2 );\"><div class=\"fusion-layout-column fusion_builder_column fusion-builder-column-0 fusion_builder_column_1_1 1_1 fusion-flex-column\"><div class=\"fusion-column-wrapper fusion-flex-justify-content-flex-start fusion-content-layout-column\" style=\"background-position:left top;background-repeat:no-repeat;-webkit-background-size:cover;-moz-background-size:cover;-o-background-size:cover;background-size:cover;padding: 0px 0px 0px 0px;\"><div class=\"fusion-text fusion-text-1\"><h2>Una sesi\u00f3n de estudio con dos modelos<\/h2>\n<h3>Aforo completo<\/h3>\n<p>Con esta sesi\u00f3n de retrato te proponemos un nuevo reto, el retrato y la direcci\u00f3n de dos modelos a la vez, en un mismo plat\u00f3.<br \/>\nPosar\u00e1n durante tres horas con tres sets diferentes, moda, lencer\u00eda y desnudo art\u00edstico.<br \/>\nPara ello tendremos a dos modelos, las cuales ya han posado en anteriores ocasiones juntas, y \u00e9sto ,nos facilitar\u00e1 bastante la labor.<\/p>\n<p>Adem\u00e1s, una de ellas es ya conocida por algunos, en anteriores sesiones, <strong>Luz del Fierro<\/strong>.<a href=\"https:\/\/www.instagram.com\/luzdelfierro_oficial\"> https:\/\/www.instagram.com\/luzdelfierro_oficial<\/a><br \/>\nla acompa\u00f1ar\u00e1 otra super modelo tambi\u00e9n con gran experiencia <strong>Laisha Cross<\/strong>. <a href=\"https:\/\/instagram.com\/laisha.cross\">https:\/\/instagram.com\/laisha.cross<\/a><\/p>\n<p>Ser\u00e1 el s\u00e1bado <strong>d\u00eda 28 de mayo<\/strong> a partir de las 10 de la ma\u00f1ana.<\/p>\n<p>Limitada a ocho fot\u00f3graf@s.<br \/>\nPara apuntarte env\u00eda un correo electr\u00f3nico indicando tu nombre y tu n\u00famero de socio.<\/p>\n<p>Si no eres socio y quieres participar en esta sesi\u00f3n o en pr\u00f3ximas, lo tienes muy f\u00e1cil, hazte socio de la AFC.<br \/>\nAqu\u00ed te dejo <a href=\"https:\/\/afc.cat\/es\/associat\/\">el enlace<\/a> a la p\u00e1gina donde te explico como apuntarte.<\/p>\n<p>\u00a1Te esperamos!<\/p>\n<p><strong>Jacint Guiteras \/ Pere Lluis Serracanta<\/strong><\/p>\n<\/div><style type=\"text\/css\">.fusion-gallery-1 .fusion-gallery-image {border:0px solid #e2e2e2;}<\/style><div class=\"fusion-gallery fusion-gallery-container fusion-grid-6 fusion-columns-total-2 fusion-gallery-layout-masonry fusion-gallery-1\" style=\"margin:-5px;\"><div class=\"fusion-grid-column fusion-gallery-column fusion-gallery-column-6 hover-type-zoomin fusion-grid-sizer\"><\/div><div style=\"padding:5px;\" class=\"fusion-grid-column fusion-gallery-column fusion-gallery-column-6 hover-type-zoomin fusion-element-landscape fusion-element-portrait\"><div class=\"fusion-gallery-image\"><a href=\"https:\/\/afc.cat\/wp-content\/uploads\/2022\/05\/Imagen2.jpg\" data-title=\"Imagen2\" title=\"Imagen2\" rel=\"noreferrer\" data-rel=\"iLightbox[gallery_image_1]\" class=\"fusion-lightbox\" target=\"_self\"><div style=\"background-image:url(https:\/\/afc.cat\/wp-content\/uploads\/2022\/05\/Imagen2.jpg);padding-top:calc((100% + 10px) * 0.8);\" class=\"fusion-masonry-element-container\"><img decoding=\"async\" src=\"https:\/\/afc.cat\/wp-content\/uploads\/2022\/05\/Imagen2.jpg\" width=\"662\" height=\"409\" alt=\"\" title=\"Imagen2\" aria-label=\"Imagen2\" class=\"img-responsive wp-image-28025\" srcset=\"https:\/\/afc.cat\/wp-content\/uploads\/2022\/05\/Imagen2-200x124.jpg 200w, https:\/\/afc.cat\/wp-content\/uploads\/2022\/05\/Imagen2-400x247.jpg 400w, https:\/\/afc.cat\/wp-content\/uploads\/2022\/05\/Imagen2-600x371.jpg 600w, https:\/\/afc.cat\/wp-content\/uploads\/2022\/05\/Imagen2.jpg 662w\" sizes=\"(min-width: 2200px) 100vw, (min-width: 832px) 413px, (min-width: 736px) 620px, (min-width: 640px) 736px, \" \/><\/div><\/a><\/div><\/div><div style=\"padding:5px;\" class=\"fusion-grid-column fusion-gallery-column fusion-gallery-column-6 hover-type-zoomin fusion-element-portrait\"><div class=\"fusion-gallery-image\"><a href=\"https:\/\/afc.cat\/wp-content\/uploads\/2022\/05\/Imagen3.jpg\" data-title=\"Imagen3\" title=\"Imagen3\" rel=\"noreferrer\" data-rel=\"iLightbox[gallery_image_1]\" class=\"fusion-lightbox\" target=\"_self\"><div style=\"background-image:url(https:\/\/afc.cat\/wp-content\/uploads\/2022\/05\/Imagen3.jpg);padding-top:calc((100% + 10px) * 1.6);\" class=\"fusion-masonry-element-container\"><img decoding=\"async\" src=\"https:\/\/afc.cat\/wp-content\/uploads\/2022\/05\/Imagen3.jpg\" width=\"1387\" height=\"2087\" alt=\"\" title=\"Imagen3\" aria-label=\"Imagen3\" class=\"img-responsive wp-image-28027\" srcset=\"https:\/\/afc.cat\/wp-content\/uploads\/2022\/05\/Imagen3-200x301.jpg 200w, https:\/\/afc.cat\/wp-content\/uploads\/2022\/05\/Imagen3-400x602.jpg 400w, https:\/\/afc.cat\/wp-content\/uploads\/2022\/05\/Imagen3-600x903.jpg 600w, https:\/\/afc.cat\/wp-content\/uploads\/2022\/05\/Imagen3-800x1204.jpg 800w, https:\/\/afc.cat\/wp-content\/uploads\/2022\/05\/Imagen3-1200x1806.jpg 1200w, https:\/\/afc.cat\/wp-content\/uploads\/2022\/05\/Imagen3.jpg 1387w\" sizes=\"(min-width: 2200px) 100vw, (min-width: 1120px) 204px, (min-width: 1024px) 245px, (min-width: 928px) 306px, (min-width: 832px) 408px, (min-width: 736px) 613px, (min-width: 640px) 736px, \" \/><\/div><\/a><\/div><\/div><\/div><\/div><style type=\"text\/css\">.fusion-body .fusion-builder-column-0{width:100% !important;margin-top : 0px;margin-bottom : 20px;}.fusion-builder-column-0 > .fusion-column-wrapper {padding-top : 0px !important;padding-right : 0px !important;margin-right : 1.92%;padding-bottom : 0px !important;padding-left : 0px !important;margin-left : 1.92%;}@media only screen and (max-width:1024px) {.fusion-body .fusion-builder-column-0{width:100% !important;order : 0;}.fusion-builder-column-0 > .fusion-column-wrapper {margin-right : 1.92%;margin-left : 1.92%;}}@media only screen and (max-width:640px) {.fusion-body .fusion-builder-column-0{width:100% !important;order : 0;}.fusion-builder-column-0 > .fusion-column-wrapper {margin-right : 1.92%;margin-left : 1.92%;}}<\/style><\/div><\/div><style type=\"text\/css\">.fusion-body .fusion-flex-container.fusion-builder-row-1{ padding-top : 0px;margin-top : 0px;padding-right : 0px;padding-bottom : 0px;margin-bottom : 0px;padding-left : 0px;}<\/style><\/div>\n","protected":false},"excerpt":{"rendered":"","protected":false},"template":"","meta":{"_acf_changed":false},"wcs-type":[100,125,124],"wcs-room":[131],"wcs-instructor":[391],"class_list":["post-28029","class","type-class","status-publish","hentry","wcs-type-actos-sociales","wcs-type-sesion-de-estudio","wcs-type-sesion-fotografica","wcs-room-agrupacio-fotografica-de-catalunya","wcs-instructor-jacint-guiteras-pere-lluis-serracanta"],"acf":[],"yoast_head":"<!-- This site is optimized with the Yoast SEO plugin v27.5 - https:\/\/yoast.com\/product\/yoast-seo-wordpress\/ -->\n<title>Sesi\u00f3n de Estudio con dos modelos - Agrupaci\u00f3 Fotogr\u00e0fica de Catalunya<\/title>\n<meta name=\"robots\" content=\"index, follow, max-snippet:-1, max-image-preview:large, max-video-preview:-1\" \/>\n<link rel=\"canonical\" href=\"https:\/\/afc.cat\/es\/activitat\/sessio-d-estudi-amb-dos-models\/\" \/>\n<meta property=\"og:locale\" content=\"es_ES\" \/>\n<meta property=\"og:type\" content=\"article\" \/>\n<meta property=\"og:title\" content=\"Sesi\u00f3n de Estudio con dos modelos - Agrupaci\u00f3 Fotogr\u00e0fica de Catalunya\" \/>\n<meta property=\"og:url\" content=\"https:\/\/afc.cat\/es\/activitat\/sessio-d-estudi-amb-dos-models\/\" \/>\n<meta property=\"og:site_name\" content=\"Agrupaci\u00f3 Fotogr\u00e0fica de Catalunya\" \/>\n<meta property=\"article:modified_time\" content=\"2022-05-25T17:21:25+00:00\" \/>\n<meta name=\"twitter:card\" content=\"summary_large_image\" \/>\n<meta name=\"twitter:label1\" content=\"Tiempo de lectura\" \/>\n\t<meta name=\"twitter:data1\" content=\"4 minutos\" \/>\n<script type=\"application\/ld+json\" class=\"yoast-schema-graph\">{\"@context\":\"https:\\\/\\\/schema.org\",\"@graph\":[{\"@type\":\"WebPage\",\"@id\":\"https:\\\/\\\/afc.cat\\\/es\\\/activitat\\\/sessio-d-estudi-amb-dos-models\\\/\",\"url\":\"https:\\\/\\\/afc.cat\\\/es\\\/activitat\\\/sessio-d-estudi-amb-dos-models\\\/\",\"name\":\"Sesi\u00f3n de Estudio con dos modelos - Agrupaci\u00f3 Fotogr\u00e0fica de Catalunya\",\"isPartOf\":{\"@id\":\"https:\\\/\\\/afc.cat\\\/es\\\/#website\"},\"datePublished\":\"2022-05-19T16:22:28+00:00\",\"dateModified\":\"2022-05-25T17:21:25+00:00\",\"breadcrumb\":{\"@id\":\"https:\\\/\\\/afc.cat\\\/es\\\/activitat\\\/sessio-d-estudi-amb-dos-models\\\/#breadcrumb\"},\"inLanguage\":\"es\",\"potentialAction\":[{\"@type\":\"ReadAction\",\"target\":[\"https:\\\/\\\/afc.cat\\\/es\\\/activitat\\\/sessio-d-estudi-amb-dos-models\\\/\"]}]},{\"@type\":\"BreadcrumbList\",\"@id\":\"https:\\\/\\\/afc.cat\\\/es\\\/activitat\\\/sessio-d-estudi-amb-dos-models\\\/#breadcrumb\",\"itemListElement\":[{\"@type\":\"ListItem\",\"position\":1,\"name\":\"Inicio\",\"item\":\"https:\\\/\\\/afc.cat\\\/es\\\/\"},{\"@type\":\"ListItem\",\"position\":2,\"name\":\"Sesi\u00f3n de Estudio con dos modelos\"}]},{\"@type\":\"WebSite\",\"@id\":\"https:\\\/\\\/afc.cat\\\/es\\\/#website\",\"url\":\"https:\\\/\\\/afc.cat\\\/es\\\/\",\"name\":\"Agrupaci\u00f3 Fotogr\u00e0fica de Catalunya\",\"description\":\"Fomento y divulgaci\u00f3n de la fotograf\u00eda en todas sus variedades\",\"potentialAction\":[{\"@type\":\"SearchAction\",\"target\":{\"@type\":\"EntryPoint\",\"urlTemplate\":\"https:\\\/\\\/afc.cat\\\/es\\\/?s={search_term_string}\"},\"query-input\":{\"@type\":\"PropertyValueSpecification\",\"valueRequired\":true,\"valueName\":\"search_term_string\"}}],\"inLanguage\":\"es\"}]}<\/script>\n<!-- \/ Yoast SEO plugin. -->","yoast_head_json":{"title":"Sesi\u00f3n de Estudio con dos modelos - Agrupaci\u00f3 Fotogr\u00e0fica de Catalunya","robots":{"index":"index","follow":"follow","max-snippet":"max-snippet:-1","max-image-preview":"max-image-preview:large","max-video-preview":"max-video-preview:-1"},"canonical":"https:\/\/afc.cat\/es\/activitat\/sessio-d-estudi-amb-dos-models\/","og_locale":"es_ES","og_type":"article","og_title":"Sesi\u00f3n de Estudio con dos modelos - Agrupaci\u00f3 Fotogr\u00e0fica de Catalunya","og_url":"https:\/\/afc.cat\/es\/activitat\/sessio-d-estudi-amb-dos-models\/","og_site_name":"Agrupaci\u00f3 Fotogr\u00e0fica de Catalunya","article_modified_time":"2022-05-25T17:21:25+00:00","twitter_card":"summary_large_image","twitter_misc":{"Tiempo de lectura":"4 minutos"},"schema":{"@context":"https:\/\/schema.org","@graph":[{"@type":"WebPage","@id":"https:\/\/afc.cat\/es\/activitat\/sessio-d-estudi-amb-dos-models\/","url":"https:\/\/afc.cat\/es\/activitat\/sessio-d-estudi-amb-dos-models\/","name":"Sesi\u00f3n de Estudio con dos modelos - Agrupaci\u00f3 Fotogr\u00e0fica de Catalunya","isPartOf":{"@id":"https:\/\/afc.cat\/es\/#website"},"datePublished":"2022-05-19T16:22:28+00:00","dateModified":"2022-05-25T17:21:25+00:00","breadcrumb":{"@id":"https:\/\/afc.cat\/es\/activitat\/sessio-d-estudi-amb-dos-models\/#breadcrumb"},"inLanguage":"es","potentialAction":[{"@type":"ReadAction","target":["https:\/\/afc.cat\/es\/activitat\/sessio-d-estudi-amb-dos-models\/"]}]},{"@type":"BreadcrumbList","@id":"https:\/\/afc.cat\/es\/activitat\/sessio-d-estudi-amb-dos-models\/#breadcrumb","itemListElement":[{"@type":"ListItem","position":1,"name":"Inicio","item":"https:\/\/afc.cat\/es\/"},{"@type":"ListItem","position":2,"name":"Sesi\u00f3n de Estudio con dos modelos"}]},{"@type":"WebSite","@id":"https:\/\/afc.cat\/es\/#website","url":"https:\/\/afc.cat\/es\/","name":"Agrupaci\u00f3 Fotogr\u00e0fica de Catalunya","description":"Fomento y divulgaci\u00f3n de la fotograf\u00eda en todas sus variedades","potentialAction":[{"@type":"SearchAction","target":{"@type":"EntryPoint","urlTemplate":"https:\/\/afc.cat\/es\/?s={search_term_string}"},"query-input":{"@type":"PropertyValueSpecification","valueRequired":true,"valueName":"search_term_string"}}],"inLanguage":"es"}]}},"_links":{"self":[{"href":"https:\/\/afc.cat\/es\/wp-json\/wp\/v2\/class\/28029","targetHints":{"allow":["GET"]}}],"collection":[{"href":"https:\/\/afc.cat\/es\/wp-json\/wp\/v2\/class"}],"about":[{"href":"https:\/\/afc.cat\/es\/wp-json\/wp\/v2\/types\/class"}],"wp:attachment":[{"href":"https:\/\/afc.cat\/es\/wp-json\/wp\/v2\/media?parent=28029"}],"wp:term":[{"taxonomy":"wcs-type","embeddable":true,"href":"https:\/\/afc.cat\/es\/wp-json\/wp\/v2\/wcs-type?post=28029"},{"taxonomy":"wcs-room","embeddable":true,"href":"https:\/\/afc.cat\/es\/wp-json\/wp\/v2\/wcs-room?post=28029"},{"taxonomy":"wcs-instructor","embeddable":true,"href":"https:\/\/afc.cat\/es\/wp-json\/wp\/v2\/wcs-instructor?post=28029"}],"curies":[{"name":"wp","href":"https:\/\/api.w.org\/{rel}","templated":true}]}}

Sesión de Estudio con dos modelos

<div class="fusion-fullwidth fullwidth-box fusion-builder-row-1 fusion-flex-container nonhundred-percent-fullwidth non-hundred-percent-height-scrolling" style="background-color: rgba(255,255,255,0);background-position: center center;background-repeat: no-repeat;border-width: 0px 0px 0px 0px;border-color:#ffffff;border-style:solid;" ><div class="fusion-builder-row fusion-row fusion-flex-align-items-flex-start" style="max-width:1300px;margin-left: calc(-4% / 2 );margin-right: calc(-4% / 2 );"><div class="fusion-layout-column fusion_builder_column fusion-builder-column-0 fusion_builder_column_1_1 1_1 fusion-flex-column"><div class="fusion-column-wrapper fusion-flex-justify-content-flex-start fusion-content-layout-column" style="background-position:left top;background-repeat:no-repeat;-webkit-background-size:cover;-moz-background-size:cover;-o-background-size:cover;background-size:cover;padding: 0px 0px 0px 0px;"><div class="fusion-text fusion-text-1"><h2>Una sesión de estudio con dos modelos</h2>
<h3>Aforo completo</h3>
<p>Con esta sesión de retrato te proponemos un nuevo reto, el retrato y la dirección de dos modelos a la vez, en un mismo plató.<br />
Posarán durante tres horas con tres sets diferentes, moda, lencería y desnudo artístico.<br />
Para ello tendremos a dos modelos, las cuales ya han posado en anteriores ocasiones juntas, y ésto ,nos facilitará bastante la labor.</p>
<p>Además, una de ellas es ya conocida por algunos, en anteriores sesiones, <strong>Luz del Fierro</strong>.<a href="https://www.instagram.com/luzdelfierro_oficial"> https://www.instagram.com/luzdelfierro_oficial</a><br />
la acompañará otra super modelo también con gran experiencia <strong>Laisha Cross</strong>. <a href="https://instagram.com/laisha.cross">https://instagram.com/laisha.cross</a></p>
<p>Será el sábado <strong>día 28 de mayo</strong> a partir de las 10 de la mañana.</p>
<p>Limitada a ocho fotógraf@s.<br />
Para apuntarte envía un correo electrónico indicando tu nombre y tu número de socio.</p>
<p>Si no eres socio y quieres participar en esta sesión o en próximas, lo tienes muy fácil, hazte socio de la AFC.<br />
Aquí te dejo <a href="https://afc.cat/es/associat/">el enlace</a> a la página donde te explico como apuntarte.</p>
<p>¡Te esperamos!</p>
<p><strong>Jacint Guiteras / Pere Lluis Serracanta</strong></p>
</div><style type="text/css">.fusion-gallery-1 .fusion-gallery-image {border:0px solid #e2e2e2;}</style><div class="fusion-gallery fusion-gallery-container fusion-grid-6 fusion-columns-total-2 fusion-gallery-layout-masonry fusion-gallery-1" style="margin:-5px;"><div class="fusion-grid-column fusion-gallery-column fusion-gallery-column-6 hover-type-zoomin fusion-grid-sizer"></div><div style="padding:5px;" class="fusion-grid-column fusion-gallery-column fusion-gallery-column-6 hover-type-zoomin fusion-element-landscape fusion-element-portrait"><div class="fusion-gallery-image"><a href="https://afc.cat/wp-content/uploads/2022/05/Imagen2.jpg" data-title="Imagen2" title="Imagen2" rel="noreferrer" data-rel="iLightbox[gallery_image_1]" class="fusion-lightbox" target="_self"><div style="background-image:url(https://afc.cat/wp-content/uploads/2022/05/Imagen2.jpg);padding-top:calc((100% + 10px) * 0.8);" class="fusion-masonry-element-container"><img decoding="async" src="https://afc.cat/wp-content/uploads/2022/05/Imagen2.jpg" width="662" height="409" alt="" title="Imagen2" aria-label="Imagen2" class="img-responsive wp-image-28025" srcset="https://afc.cat/wp-content/uploads/2022/05/Imagen2-200x124.jpg 200w, https://afc.cat/wp-content/uploads/2022/05/Imagen2-400x247.jpg 400w, https://afc.cat/wp-content/uploads/2022/05/Imagen2-600x371.jpg 600w, https://afc.cat/wp-content/uploads/2022/05/Imagen2.jpg 662w" sizes="(min-width: 2200px) 100vw, (min-width: 832px) 413px, (min-width: 736px) 620px, (min-width: 640px) 736px, " /></div></a></div></div><div style="padding:5px;" class="fusion-grid-column fusion-gallery-column fusion-gallery-column-6 hover-type-zoomin fusion-element-portrait"><div class="fusion-gallery-image"><a href="https://afc.cat/wp-content/uploads/2022/05/Imagen3.jpg" data-title="Imagen3" title="Imagen3" rel="noreferrer" data-rel="iLightbox[gallery_image_1]" class="fusion-lightbox" target="_self"><div style="background-image:url(https://afc.cat/wp-content/uploads/2022/05/Imagen3.jpg);padding-top:calc((100% + 10px) * 1.6);" class="fusion-masonry-element-container"><img decoding="async" src="https://afc.cat/wp-content/uploads/2022/05/Imagen3.jpg" width="1387" height="2087" alt="" title="Imagen3" aria-label="Imagen3" class="img-responsive wp-image-28027" srcset="https://afc.cat/wp-content/uploads/2022/05/Imagen3-200x301.jpg 200w, https://afc.cat/wp-content/uploads/2022/05/Imagen3-400x602.jpg 400w, https://afc.cat/wp-content/uploads/2022/05/Imagen3-600x903.jpg 600w, https://afc.cat/wp-content/uploads/2022/05/Imagen3-800x1204.jpg 800w, https://afc.cat/wp-content/uploads/2022/05/Imagen3-1200x1806.jpg 1200w, https://afc.cat/wp-content/uploads/2022/05/Imagen3.jpg 1387w" sizes="(min-width: 2200px) 100vw, (min-width: 1120px) 204px, (min-width: 1024px) 245px, (min-width: 928px) 306px, (min-width: 832px) 408px, (min-width: 736px) 613px, (min-width: 640px) 736px, " /></div></a></div></div></div></div><style type="text/css">.fusion-body .fusion-builder-column-0{width:100% !important;margin-top : 0px;margin-bottom : 20px;}.fusion-builder-column-0 > .fusion-column-wrapper {padding-top : 0px !important;padding-right : 0px !important;margin-right : 1.92%;padding-bottom : 0px !important;padding-left : 0px !important;margin-left : 1.92%;}@media only screen and (max-width:1024px) {.fusion-body .fusion-builder-column-0{width:100% !important;order : 0;}.fusion-builder-column-0 > .fusion-column-wrapper {margin-right : 1.92%;margin-left : 1.92%;}}@media only screen and (max-width:640px) {.fusion-body .fusion-builder-column-0{width:100% !important;order : 0;}.fusion-builder-column-0 > .fusion-column-wrapper {margin-right : 1.92%;margin-left : 1.92%;}}</style></div></div><style type="text/css">.fusion-body .fusion-flex-container.fusion-builder-row-1{ padding-top : 0px;margin-top : 0px;padding-right : 0px;padding-bottom : 0px;margin-bottom : 0px;padding-left : 0px;}</style></div>

<!-- This site is optimized with the Yoast SEO plugin v27.5 - https://yoast.com/product/yoast-seo-wordpress/ -->
<title>Sesión de Estudio con dos modelos - Agrupació Fotogràfica de Catalunya</title>
<meta name="robots" content="index, follow, max-snippet:-1, max-image-preview:large, max-video-preview:-1" />
<link rel="canonical" href="https://afc.cat/es/activitat/sessio-d-estudi-amb-dos-models/" />
<meta property="og:locale" content="es_ES" />
<meta property="og:type" content="article" />
<meta property="og:title" content="Sesión de Estudio con dos modelos - Agrupació Fotogràfica de Catalunya" />
<meta property="og:url" content="https://afc.cat/es/activitat/sessio-d-estudi-amb-dos-models/" />
<meta property="og:site_name" content="Agrupació Fotogràfica de Catalunya" />
<meta property="article:modified_time" content="2022-05-25T17:21:25+00:00" />
<meta name="twitter:card" content="summary_large_image" />
<meta name="twitter:label1" content="Tiempo de lectura" />
	<meta name="twitter:data1" content="4 minutos" />
<script type="application/ld+json" class="yoast-schema-graph">{"@context":"https:\/\/schema.org","@graph":[{"@type":"WebPage","@id":"https:\/\/afc.cat\/es\/activitat\/sessio-d-estudi-amb-dos-models\/","url":"https:\/\/afc.cat\/es\/activitat\/sessio-d-estudi-amb-dos-models\/","name":"Sesión de Estudio con dos modelos - Agrupació Fotogràfica de Catalunya","isPartOf":{"@id":"https:\/\/afc.cat\/es\/#website"},"datePublished":"2022-05-19T16:22:28+00:00","dateModified":"2022-05-25T17:21:25+00:00","breadcrumb":{"@id":"https:\/\/afc.cat\/es\/activitat\/sessio-d-estudi-amb-dos-models\/#breadcrumb"},"inLanguage":"es","potentialAction":[{"@type":"ReadAction","target":["https:\/\/afc.cat\/es\/activitat\/sessio-d-estudi-amb-dos-models\/"]}]},{"@type":"BreadcrumbList","@id":"https:\/\/afc.cat\/es\/activitat\/sessio-d-estudi-amb-dos-models\/#breadcrumb","itemListElement":[{"@type":"ListItem","position":1,"name":"Inicio","item":"https:\/\/afc.cat\/es\/"},{"@type":"ListItem","position":2,"name":"Sesión de Estudio con dos modelos"}]},{"@type":"WebSite","@id":"https:\/\/afc.cat\/es\/#website","url":"https:\/\/afc.cat\/es\/","name":"Agrupació Fotogràfica de Catalunya","description":"Fomento y divulgación de la fotografía en todas sus variedades","potentialAction":[{"@type":"SearchAction","target":{"@type":"EntryPoint","urlTemplate":"https:\/\/afc.cat\/es\/?s={search_term_string}"},"query-input":{"@type":"PropertyValueSpecification","valueRequired":true,"valueName":"search_term_string"}}],"inLanguage":"es"}]}</script>
<!-- / Yoast SEO plugin. -->

Sesión de Estudio con dos modelos - Agrupació Fotogràfica de Catalunya

Agrupació Fotogràfica de Catalunya

Fomento y divulgación de la fotografía en todas sus variedades
