{"id":28317,"date":"2022-06-09T10:53:12","date_gmt":"2022-06-09T08:53:12","guid":{"rendered":"https:\/\/afc.cat\/activitat\/curs-dinici-a-la-fotografia-gratuit\/"},"modified":"2022-06-10T09:22:53","modified_gmt":"2022-06-10T07:22:53","slug":"curs-dinici-a-la-fotografia-gratuit","status":"publish","type":"class","link":"https:\/\/afc.cat\/es\/activitat\/curs-dinici-a-la-fotografia-gratuit\/","title":{"rendered":"Curso de inicio a la fotograf\u00eda gratuito"},"content":{"rendered":"<h2>Como desde hace 100 a\u00f1os.<\/h2>\n<p>El Curso de inicio a la fotograf\u00eda gratuito es una tradici\u00f3n que La Agrupaci\u00f3n Fotogr\u00e1fica de Catalu\u00f1a, entidad centenaria, tradicionalmente ha impartido entre sus socios.<\/p>\n<p>Por nuestras aulas han pasado nombres como Eugeni Forcano, Catal\u00e0-Roca, Maspons o Pla Janini. Todos y cada uno de ellos, se acercaron a la Agrupaci\u00f3n para formarse y compartir su afici\u00f3n que posteriormente se convirti\u00f3 en su profesi\u00f3n.<\/p>\n<p>Siguiendo con esta tradici\u00f3n impartiremos un curso de inicio a la fotograf\u00eda gratuito por todos aquellos socios que quieran aprender las bases de este arte o simplemente quieran arreciar sus conocimientos b\u00e1sicos.<\/p>\n<h2>Temario del curso de inicio a la fotograf\u00eda gratuito.<\/h2>\n<p>Hemos dise\u00f1ado un temario suficientemente extenso por no dejar nada fuera y bastante condensado para tener una visi\u00f3n r\u00e1pida de este mundo apasionante en unas pocas sesiones.<\/p>\n<p>Los puntos a tratar ser\u00e1n los siguientes.<\/p>\n<ul>\n<li>Tipo de c\u00e1maras: Mirrorless, DSLR, compactos, m\u00f3viles. Ventajas e inconvenientes de cada una.<\/li>\n<li>Caracter\u00edsticas deseables en una c\u00e1mara; como elegir un buen compromiso.<\/li>\n<li>Velocidad de obturaci\u00f3n, apertura e ISO.<\/li>\n<li>Exposici\u00f3n en modo manual y modos autom\u00e1ticos.<\/li>\n<li>Medida de exposici\u00f3n: puntual, ponderada, matricial. Luz incidente y reflejada.<\/li>\n<li>Modas de enfoque: autom\u00e1tico o manual, simple o continuo, punto peque\u00f1o o \u00e1rea grande, prioridad al enfoque o al disparadero, enfoque a la cara o en el ojo, tracking.<\/li>\n<li>Fotograf\u00eda con flash: hijo flash, hoja flash, *HSS. Precauciones con los visores y obturadores electr\u00f3nicos.<\/li>\n<li>Objetivos adecuados para cada tipo de fotograf\u00eda. Caracter\u00edsticas deseables en un objetivo. Focales fijas y zooms, ventajas e inconvenientes.<\/li>\n<li>Normas de composici\u00f3n.<\/li>\n<li>RAW \u2013 JPEG: ventajas de disparar en RAW y breve introducci\u00f3n al revelado de im\u00e1genes.<\/li>\n<li>Dudas<\/li>\n<\/ul>\n<h2>Te apuntas en el curso de inicio a la fotograf\u00eda gratuito?<\/h2>\n<p>Quieres hacer fotos como las que puedes ver en nuestra <a href=\"https:\/\/afc.cat\/es\/exposicio-de-fotografies\/\" target=\"_blank\" rel=\"noopener\">galer\u00eda<\/a> o las galardonadas a los concursos? Pues, este es tu primer curso que tienes que seguir.<\/p>\n<p>Este curso ser\u00e1 impartido por nuestros compa\u00f1eros Jacint Figueras y Josep Llu\u00eds Saucheroin de forma gratuita para los socios.<\/p>\n<p>Los requisitos para acceder al curso son muy asequibles:<\/p>\n<ul>\n<li>Tener ganas de disfrutar de la fotograf\u00eda<\/li>\n<li>Ser socio de la Agrupaci\u00f3n Fotogr\u00e1fica de Catalu\u00f1a. Si todav\u00eda no eres socio, <a href=\"https:\/\/afc.cat\/es\/associat\/\" target=\"_blank\" rel=\"noopener\">puedes hacerte aqu\u00ed<\/a>.<\/li>\n<\/ul>\n<p>El curso se impartir\u00e1 para un m\u00ednimo de 6 personas i en cuatro sesiones en las siguientes fechas:<\/p>\n<p>Mi\u00e9rcoles 6 de julio<br \/>\nJueves 7 de julio<br \/>\nMartes 12 de julio<br \/>\nJueves 14 de julio<\/p>\n<p>Las sessions se har\u00e1n de forma presencial de 19h a 21h.<\/p>\n<p>Para apuntarte, por favor, env\u00eda un mail a <a href=\"mailto:formacio@afc.cat\">formacio@afc.cat<\/a> indicando tu nombre y n\u00famero de socio.<\/p>\n<p><a href=\"https:\/\/www.fotografia.photos\/\" target=\"_blank\" rel=\"noopener\">Toni Torras<\/a><br \/>\nComunicaci\u00f3n<\/p>\n<p>&nbsp;<\/p>\n","protected":false},"excerpt":{"rendered":"<p>Como desde hace 100 a\u00f1os. El Curso de inicio a [&hellip;]<\/p>\n","protected":false},"template":"","meta":{"_acf_changed":false},"wcs-type":[115],"wcs-room":[131],"wcs-instructor":[230,373],"class_list":["post-28317","class","type-class","status-publish","hentry","wcs-type-curso","wcs-room-agrupacio-fotografica-de-catalunya","wcs-instructor-jacint-guiteras","wcs-instructor-josep-ll-soucheiron"],"acf":[],"yoast_head":"<!-- This site is optimized with the Yoast SEO plugin v27.5 - https:\/\/yoast.com\/product\/yoast-seo-wordpress\/ -->\n<title>Curso de inicio a la fotograf\u00eda gratuito<\/title>\n<meta name=\"description\" content=\"Desde hace 100 cent anys la AFC ha formado a los mejores fot\u00f3grafos. Te apuntes al curso de inicio a la fotograf\u00eda gratuito ?\" \/>\n<meta name=\"robots\" content=\"index, follow, max-snippet:-1, max-image-preview:large, max-video-preview:-1\" \/>\n<link rel=\"canonical\" href=\"https:\/\/afc.cat\/es\/activitat\/curs-dinici-a-la-fotografia-gratuit\/\" \/>\n<meta property=\"og:locale\" content=\"es_ES\" \/>\n<meta property=\"og:type\" content=\"article\" \/>\n<meta property=\"og:title\" content=\"Curso de inicio a la fotograf\u00eda gratuito\" \/>\n<meta property=\"og:description\" content=\"Desde hace 100 cent anys la AFC ha formado a los mejores fot\u00f3grafos. Te apuntes al curso de inicio a la fotograf\u00eda gratuito ?\" \/>\n<meta property=\"og:url\" content=\"https:\/\/afc.cat\/es\/activitat\/curs-dinici-a-la-fotografia-gratuit\/\" \/>\n<meta property=\"og:site_name\" content=\"Agrupaci\u00f3 Fotogr\u00e0fica de Catalunya\" \/>\n<meta property=\"article:modified_time\" content=\"2022-06-10T07:22:53+00:00\" \/>\n<meta name=\"twitter:card\" content=\"summary_large_image\" \/>\n<meta name=\"twitter:label1\" content=\"Tiempo de lectura\" \/>\n\t<meta name=\"twitter:data1\" content=\"3 minutos\" \/>\n<script type=\"application\/ld+json\" class=\"yoast-schema-graph\">{\"@context\":\"https:\\\/\\\/schema.org\",\"@graph\":[{\"@type\":\"WebPage\",\"@id\":\"https:\\\/\\\/afc.cat\\\/es\\\/activitat\\\/curs-dinici-a-la-fotografia-gratuit\\\/\",\"url\":\"https:\\\/\\\/afc.cat\\\/es\\\/activitat\\\/curs-dinici-a-la-fotografia-gratuit\\\/\",\"name\":\"Curso de inicio a la fotograf\u00eda gratuito\",\"isPartOf\":{\"@id\":\"https:\\\/\\\/afc.cat\\\/es\\\/#website\"},\"datePublished\":\"2022-06-09T08:53:12+00:00\",\"dateModified\":\"2022-06-10T07:22:53+00:00\",\"description\":\"Desde hace 100 cent anys la AFC ha formado a los mejores fot\u00f3grafos. Te apuntes al curso de inicio a la fotograf\u00eda gratuito ?\",\"breadcrumb\":{\"@id\":\"https:\\\/\\\/afc.cat\\\/es\\\/activitat\\\/curs-dinici-a-la-fotografia-gratuit\\\/#breadcrumb\"},\"inLanguage\":\"es\",\"potentialAction\":[{\"@type\":\"ReadAction\",\"target\":[\"https:\\\/\\\/afc.cat\\\/es\\\/activitat\\\/curs-dinici-a-la-fotografia-gratuit\\\/\"]}]},{\"@type\":\"BreadcrumbList\",\"@id\":\"https:\\\/\\\/afc.cat\\\/es\\\/activitat\\\/curs-dinici-a-la-fotografia-gratuit\\\/#breadcrumb\",\"itemListElement\":[{\"@type\":\"ListItem\",\"position\":1,\"name\":\"Inicio\",\"item\":\"https:\\\/\\\/afc.cat\\\/es\\\/\"},{\"@type\":\"ListItem\",\"position\":2,\"name\":\"Curso de inicio a la fotograf\u00eda gratuito\"}]},{\"@type\":\"WebSite\",\"@id\":\"https:\\\/\\\/afc.cat\\\/es\\\/#website\",\"url\":\"https:\\\/\\\/afc.cat\\\/es\\\/\",\"name\":\"Agrupaci\u00f3 Fotogr\u00e0fica de Catalunya\",\"description\":\"Fomento y divulgaci\u00f3n de la fotograf\u00eda en todas sus variedades\",\"potentialAction\":[{\"@type\":\"SearchAction\",\"target\":{\"@type\":\"EntryPoint\",\"urlTemplate\":\"https:\\\/\\\/afc.cat\\\/es\\\/?s={search_term_string}\"},\"query-input\":{\"@type\":\"PropertyValueSpecification\",\"valueRequired\":true,\"valueName\":\"search_term_string\"}}],\"inLanguage\":\"es\"}]}<\/script>\n<!-- \/ Yoast SEO plugin. -->","yoast_head_json":{"title":"Curso de inicio a la fotograf\u00eda gratuito","description":"Desde hace 100 cent anys la AFC ha formado a los mejores fot\u00f3grafos. Te apuntes al curso de inicio a la fotograf\u00eda gratuito ?","robots":{"index":"index","follow":"follow","max-snippet":"max-snippet:-1","max-image-preview":"max-image-preview:large","max-video-preview":"max-video-preview:-1"},"canonical":"https:\/\/afc.cat\/es\/activitat\/curs-dinici-a-la-fotografia-gratuit\/","og_locale":"es_ES","og_type":"article","og_title":"Curso de inicio a la fotograf\u00eda gratuito","og_description":"Desde hace 100 cent anys la AFC ha formado a los mejores fot\u00f3grafos. Te apuntes al curso de inicio a la fotograf\u00eda gratuito ?","og_url":"https:\/\/afc.cat\/es\/activitat\/curs-dinici-a-la-fotografia-gratuit\/","og_site_name":"Agrupaci\u00f3 Fotogr\u00e0fica de Catalunya","article_modified_time":"2022-06-10T07:22:53+00:00","twitter_card":"summary_large_image","twitter_misc":{"Tiempo de lectura":"3 minutos"},"schema":{"@context":"https:\/\/schema.org","@graph":[{"@type":"WebPage","@id":"https:\/\/afc.cat\/es\/activitat\/curs-dinici-a-la-fotografia-gratuit\/","url":"https:\/\/afc.cat\/es\/activitat\/curs-dinici-a-la-fotografia-gratuit\/","name":"Curso de inicio a la fotograf\u00eda gratuito","isPartOf":{"@id":"https:\/\/afc.cat\/es\/#website"},"datePublished":"2022-06-09T08:53:12+00:00","dateModified":"2022-06-10T07:22:53+00:00","description":"Desde hace 100 cent anys la AFC ha formado a los mejores fot\u00f3grafos. Te apuntes al curso de inicio a la fotograf\u00eda gratuito ?","breadcrumb":{"@id":"https:\/\/afc.cat\/es\/activitat\/curs-dinici-a-la-fotografia-gratuit\/#breadcrumb"},"inLanguage":"es","potentialAction":[{"@type":"ReadAction","target":["https:\/\/afc.cat\/es\/activitat\/curs-dinici-a-la-fotografia-gratuit\/"]}]},{"@type":"BreadcrumbList","@id":"https:\/\/afc.cat\/es\/activitat\/curs-dinici-a-la-fotografia-gratuit\/#breadcrumb","itemListElement":[{"@type":"ListItem","position":1,"name":"Inicio","item":"https:\/\/afc.cat\/es\/"},{"@type":"ListItem","position":2,"name":"Curso de inicio a la fotograf\u00eda gratuito"}]},{"@type":"WebSite","@id":"https:\/\/afc.cat\/es\/#website","url":"https:\/\/afc.cat\/es\/","name":"Agrupaci\u00f3 Fotogr\u00e0fica de Catalunya","description":"Fomento y divulgaci\u00f3n de la fotograf\u00eda en todas sus variedades","potentialAction":[{"@type":"SearchAction","target":{"@type":"EntryPoint","urlTemplate":"https:\/\/afc.cat\/es\/?s={search_term_string}"},"query-input":{"@type":"PropertyValueSpecification","valueRequired":true,"valueName":"search_term_string"}}],"inLanguage":"es"}]}},"_links":{"self":[{"href":"https:\/\/afc.cat\/es\/wp-json\/wp\/v2\/class\/28317","targetHints":{"allow":["GET"]}}],"collection":[{"href":"https:\/\/afc.cat\/es\/wp-json\/wp\/v2\/class"}],"about":[{"href":"https:\/\/afc.cat\/es\/wp-json\/wp\/v2\/types\/class"}],"wp:attachment":[{"href":"https:\/\/afc.cat\/es\/wp-json\/wp\/v2\/media?parent=28317"}],"wp:term":[{"taxonomy":"wcs-type","embeddable":true,"href":"https:\/\/afc.cat\/es\/wp-json\/wp\/v2\/wcs-type?post=28317"},{"taxonomy":"wcs-room","embeddable":true,"href":"https:\/\/afc.cat\/es\/wp-json\/wp\/v2\/wcs-room?post=28317"},{"taxonomy":"wcs-instructor","embeddable":true,"href":"https:\/\/afc.cat\/es\/wp-json\/wp\/v2\/wcs-instructor?post=28317"}],"curies":[{"name":"wp","href":"https:\/\/api.w.org\/{rel}","templated":true}]}}

Curso de inicio a la fotografía gratuito

<h2>Como desde hace 100 años.</h2>
<p>El Curso de inicio a la fotografía gratuito es una tradición que La Agrupación Fotográfica de Cataluña, entidad centenaria, tradicionalmente ha impartido entre sus socios.</p>
<p>Por nuestras aulas han pasado nombres como Eugeni Forcano, Català-Roca, Maspons o Pla Janini. Todos y cada uno de ellos, se acercaron a la Agrupación para formarse y compartir su afición que posteriormente se convirtió en su profesión.</p>
<p>Siguiendo con esta tradición impartiremos un curso de inicio a la fotografía gratuito por todos aquellos socios que quieran aprender las bases de este arte o simplemente quieran arreciar sus conocimientos básicos.</p>
<h2>Temario del curso de inicio a la fotografía gratuito.</h2>
<p>Hemos diseñado un temario suficientemente extenso por no dejar nada fuera y bastante condensado para tener una visión rápida de este mundo apasionante en unas pocas sesiones.</p>
<p>Los puntos a tratar serán los siguientes.</p>
<ul>
<li>Tipo de cámaras: Mirrorless, DSLR, compactos, móviles. Ventajas e inconvenientes de cada una.</li>
<li>Características deseables en una cámara; como elegir un buen compromiso.</li>
<li>Velocidad de obturación, apertura e ISO.</li>
<li>Exposición en modo manual y modos automáticos.</li>
<li>Medida de exposición: puntual, ponderada, matricial. Luz incidente y reflejada.</li>
<li>Modas de enfoque: automático o manual, simple o continuo, punto pequeño o área grande, prioridad al enfoque o al disparadero, enfoque a la cara o en el ojo, tracking.</li>
<li>Fotografía con flash: hijo flash, hoja flash, *HSS. Precauciones con los visores y obturadores electrónicos.</li>
<li>Objetivos adecuados para cada tipo de fotografía. Características deseables en un objetivo. Focales fijas y zooms, ventajas e inconvenientes.</li>
<li>Normas de composición.</li>
<li>RAW – JPEG: ventajas de disparar en RAW y breve introducción al revelado de imágenes.</li>
<li>Dudas</li>
</ul>
<h2>Te apuntas en el curso de inicio a la fotografía gratuito?</h2>
<p>Quieres hacer fotos como las que puedes ver en nuestra <a href="https://afc.cat/es/exposicio-de-fotografies/" target="_blank" rel="noopener">galería</a> o las galardonadas a los concursos? Pues, este es tu primer curso que tienes que seguir.</p>
<p>Este curso será impartido por nuestros compañeros Jacint Figueras y Josep Lluís Saucheroin de forma gratuita para los socios.</p>
<p>Los requisitos para acceder al curso son muy asequibles:</p>
<ul>
<li>Tener ganas de disfrutar de la fotografía</li>
<li>Ser socio de la Agrupación Fotográfica de Cataluña. Si todavía no eres socio, <a href="https://afc.cat/es/associat/" target="_blank" rel="noopener">puedes hacerte aquí</a>.</li>
</ul>
<p>El curso se impartirá para un mínimo de 6 personas i en cuatro sesiones en las siguientes fechas:</p>
<p>Miércoles 6 de julio<br />
Jueves 7 de julio<br />
Martes 12 de julio<br />
Jueves 14 de julio</p>
<p>Las sessions se harán de forma presencial de 19h a 21h.</p>
<p>Para apuntarte, por favor, envía un mail a <a href="mailto:formacio@afc.cat">formacio@afc.cat</a> indicando tu nombre y número de socio.</p>
<p><a href="https://www.fotografia.photos/" target="_blank" rel="noopener">Toni Torras</a><br />
Comunicación</p>
<p>&nbsp;</p>

<p>Como desde hace 100 años. El Curso de inicio a [&hellip;]</p>

<!-- This site is optimized with the Yoast SEO plugin v27.5 - https://yoast.com/product/yoast-seo-wordpress/ -->
<title>Curso de inicio a la fotografía gratuito</title>
<meta name="description" content="Desde hace 100 cent anys la AFC ha formado a los mejores fotógrafos. Te apuntes al curso de inicio a la fotografía gratuito ?" />
<meta name="robots" content="index, follow, max-snippet:-1, max-image-preview:large, max-video-preview:-1" />
<link rel="canonical" href="https://afc.cat/es/activitat/curs-dinici-a-la-fotografia-gratuit/" />
<meta property="og:locale" content="es_ES" />
<meta property="og:type" content="article" />
<meta property="og:title" content="Curso de inicio a la fotografía gratuito" />
<meta property="og:description" content="Desde hace 100 cent anys la AFC ha formado a los mejores fotógrafos. Te apuntes al curso de inicio a la fotografía gratuito ?" />
<meta property="og:url" content="https://afc.cat/es/activitat/curs-dinici-a-la-fotografia-gratuit/" />
<meta property="og:site_name" content="Agrupació Fotogràfica de Catalunya" />
<meta property="article:modified_time" content="2022-06-10T07:22:53+00:00" />
<meta name="twitter:card" content="summary_large_image" />
<meta name="twitter:label1" content="Tiempo de lectura" />
	<meta name="twitter:data1" content="3 minutos" />
<script type="application/ld+json" class="yoast-schema-graph">{"@context":"https:\/\/schema.org","@graph":[{"@type":"WebPage","@id":"https:\/\/afc.cat\/es\/activitat\/curs-dinici-a-la-fotografia-gratuit\/","url":"https:\/\/afc.cat\/es\/activitat\/curs-dinici-a-la-fotografia-gratuit\/","name":"Curso de inicio a la fotografía gratuito","isPartOf":{"@id":"https:\/\/afc.cat\/es\/#website"},"datePublished":"2022-06-09T08:53:12+00:00","dateModified":"2022-06-10T07:22:53+00:00","description":"Desde hace 100 cent anys la AFC ha formado a los mejores fotógrafos. Te apuntes al curso de inicio a la fotografía gratuito ?","breadcrumb":{"@id":"https:\/\/afc.cat\/es\/activitat\/curs-dinici-a-la-fotografia-gratuit\/#breadcrumb"},"inLanguage":"es","potentialAction":[{"@type":"ReadAction","target":["https:\/\/afc.cat\/es\/activitat\/curs-dinici-a-la-fotografia-gratuit\/"]}]},{"@type":"BreadcrumbList","@id":"https:\/\/afc.cat\/es\/activitat\/curs-dinici-a-la-fotografia-gratuit\/#breadcrumb","itemListElement":[{"@type":"ListItem","position":1,"name":"Inicio","item":"https:\/\/afc.cat\/es\/"},{"@type":"ListItem","position":2,"name":"Curso de inicio a la fotografía gratuito"}]},{"@type":"WebSite","@id":"https:\/\/afc.cat\/es\/#website","url":"https:\/\/afc.cat\/es\/","name":"Agrupació Fotogràfica de Catalunya","description":"Fomento y divulgación de la fotografía en todas sus variedades","potentialAction":[{"@type":"SearchAction","target":{"@type":"EntryPoint","urlTemplate":"https:\/\/afc.cat\/es\/?s={search_term_string}"},"query-input":{"@type":"PropertyValueSpecification","valueRequired":true,"valueName":"search_term_string"}}],"inLanguage":"es"}]}</script>
<!-- / Yoast SEO plugin. -->

Desde hace 100 cent anys la AFC ha formado a los mejores fotógrafos. Te apuntes al curso de inicio a la fotografía gratuito ?

Agrupació Fotogràfica de Catalunya

Fomento y divulgación de la fotografía en todas sus variedades
