{"id":30182,"date":"2023-01-10T20:22:10","date_gmt":"2023-01-10T18:22:10","guid":{"rendered":"https:\/\/afc.cat\/?post_type=class&#038;p=30182"},"modified":"2023-01-16T20:49:57","modified_gmt":"2023-01-16T18:49:57","slug":"xerrada-novetats-en-fotografia","status":"publish","type":"class","link":"https:\/\/afc.cat\/es\/activitat\/xerrada-novetats-en-fotografia\/","title":{"rendered":"Charla: Novedades en fotograf\u00eda"},"content":{"rendered":"<div class=\"fusion-fullwidth fullwidth-box fusion-builder-row-1 fusion-flex-container nonhundred-percent-fullwidth non-hundred-percent-height-scrolling\" style=\"background-color: rgba(255,255,255,0);background-position: center center;background-repeat: no-repeat;border-width: 0px 0px 0px 0px;border-color:#ffffff;border-style:solid;\" ><div class=\"fusion-builder-row fusion-row fusion-flex-align-items-flex-start\" style=\"max-width:1300px;margin-left: calc(-4% \/ 2 );margin-right: calc(-4% \/ 2 );\"><div class=\"fusion-layout-column fusion_builder_column fusion-builder-column-0 fusion_builder_column_1_1 1_1 fusion-flex-column\"><div class=\"fusion-column-wrapper fusion-flex-justify-content-flex-start fusion-content-layout-column\" style=\"background-position:left top;background-repeat:no-repeat;-webkit-background-size:cover;-moz-background-size:cover;-o-background-size:cover;background-size:cover;padding: 0px 0px 0px 0px;\"><div class=\"fusion-text fusion-text-1\"><h2>Una charla que no puedes perderte<\/h2>\n<h3>CALENDARIO Y HORARIO<\/h3>\n<p>D\u00eda: viernes 20 de enero, de 18h a 20.45h<\/p>\n<p>Modalidad presencial<\/p>\n<p>Lugar: Agrupaci\u00f3 Fotogr\u00e0fica de Catalunya<\/p>\n<p>Precio: contribuci\u00f3n voluntaria<\/p>\n<p>Elegir un equipo fotogr\u00e1fico de calidad y que se adapte a nuestras necesidades se ha convertido en una decisi\u00f3n complicada, ya que actualmente existen varios tama\u00f1os de sensores, cada uno con sus ventajas e inconvenientes.<\/p>\n<p>Si nos centramos en sistemas que ofrecen \u00f3pticas intercambiables y unos precios que no sean totalmente prohibitivos, los dos casos extremos son las c\u00e1maras de medio formato con sensores de 33&#215;44 mm y hasta 100 Mpx de resoluci\u00f3n y las micro 4\/3, con sensores de 13&#215;17,3 mm y aproximadamente 20 Mpx de resoluci\u00f3n. Desde el punto de vista de la calidad pura, las c\u00e1maras de medio formato ganan de forma clara, pero hay que tener en cuenta que, en general, estas c\u00e1maras est\u00e1n optimizadas para tomar fotos de estudio, o paisajes y, a menudo, tanto los suyos sistemas de enfoque como sus gamas \u00f3pticas tienen limitaciones. En cambio, las c\u00e1maras micro 4\/3 disponen de una amplia variedad de objetivos que, adem\u00e1s, son relativamente peque\u00f1os y ligeros, lo que hace que estos sistemas sean ideales cuando se desea tener la m\u00e1xima versatilidad con el m\u00ednimo peso, aunque, evidentemente, las reducidas dimensiones de los sensores imponen unas limitaciones que tambi\u00e9n es necesario valorar. Entre estos dos extremos se encuentran las c\u00e1maras full frame, con sensores de 24&#215;36 mm y hasta 60 Mpx y las APS-C, con sensores de 16&#215;24 mm y hasta 40 Mpx.<\/p>\n<p>Hacer una elecci\u00f3n acertada no es sencillo, ya que intervienen muchos factores, entre ellos el tipo de fotos que queremos hacer, los objetivos que necesitamos y, tambi\u00e9n, hasta qu\u00e9 punto son importantes factores como un buen estabilizador de im\u00e1genes, la capacidad de enfocar en el ojo o de hacer un buen seguimiento de objetos en movimiento, el precio, el peso o, incluso, un buen aislamiento contra el polvo y el agua.<\/p>\n<p>En este taller de 2,30h, se comentar\u00e1n los diferentes formatos fotogr\u00e1ficos, sus ventajas e inconvenientes y su adecuaci\u00f3n a diferentes tipos de fotograf\u00eda (nocturna, urbana, deporte, naturaleza&#8230;). Tambi\u00e9n se hablar\u00e1 de las \u00faltimas novedades en c\u00e1maras y objetivos.<\/p>\n<p>El taller lo impartir\u00e1 David Escobosa, con amplia experiencia como fot\u00f3grafo profesional y como profesor de fotograf\u00eda. El taller est\u00e1 abierto a todos los socios de la AFC.<\/p>\n<p>El taller est\u00e1 abierto a asociados y a no asociados.<\/p>\n<p>Si no eres socio y te interesa asistir a este taller,<a href=\"https:\/\/afc.cat\/es\/contacto\/\"> contacta<\/a> con la Agrupaci\u00f3 Fotogr\u00e0fica de Catalunya<\/p>\n<p>Para inscripciones, <a href=\"https:\/\/afc.playoffinformatica.com\/actividad\/23\/Novetats-en-fotografia\/\">click aqu\u00ed<\/a><\/p>\n<\/div><style type=\"text\/css\">.fusion-gallery-1 .fusion-gallery-image {border:0px solid #e2e2e2;}<\/style><div class=\"fusion-gallery fusion-gallery-container fusion-grid-6 fusion-columns-total-0 fusion-gallery-layout-masonry fusion-gallery-1\" style=\"margin:-5px;\"><div class=\"fusion-grid-column fusion-gallery-column fusion-gallery-column-6 hover-type-zoomin fusion-grid-sizer\"><\/div><\/div><\/div><style type=\"text\/css\">.fusion-body .fusion-builder-column-0{width:100% !important;margin-top : 0px;margin-bottom : 20px;}.fusion-builder-column-0 > .fusion-column-wrapper {padding-top : 0px !important;padding-right : 0px !important;margin-right : 1.92%;padding-bottom : 0px !important;padding-left : 0px !important;margin-left : 1.92%;}@media only screen and (max-width:1024px) {.fusion-body .fusion-builder-column-0{width:100% !important;order : 0;}.fusion-builder-column-0 > .fusion-column-wrapper {margin-right : 1.92%;margin-left : 1.92%;}}@media only screen and (max-width:640px) {.fusion-body .fusion-builder-column-0{width:100% !important;order : 0;}.fusion-builder-column-0 > .fusion-column-wrapper {margin-right : 1.92%;margin-left : 1.92%;}}<\/style><\/div><\/div><style type=\"text\/css\">.fusion-body .fusion-flex-container.fusion-builder-row-1{ padding-top : 0px;margin-top : 0px;padding-right : 0px;padding-bottom : 0px;margin-bottom : 0px;padding-left : 0px;}<\/style><\/div>\n","protected":false},"excerpt":{"rendered":"","protected":false},"template":"","meta":{"_acf_changed":false},"wcs-type":[100,119],"wcs-room":[414],"wcs-instructor":[381],"class_list":["post-30182","class","type-class","status-publish","hentry","wcs-type-actos-sociales","wcs-type-charla","wcs-room-modalitat-presencial-agrupacio-fotografica-de-catalunya","wcs-instructor-david-escobosa"],"acf":[],"yoast_head":"<!-- This site is optimized with the Yoast SEO plugin v27.5 - https:\/\/yoast.com\/product\/yoast-seo-wordpress\/ -->\n<title>Charla: Novedades en fotograf\u00eda - Agrupaci\u00f3 Fotogr\u00e0fica de Catalunya<\/title>\n<meta name=\"robots\" content=\"index, follow, max-snippet:-1, max-image-preview:large, max-video-preview:-1\" \/>\n<link rel=\"canonical\" href=\"https:\/\/afc.cat\/es\/activitat\/xerrada-novetats-en-fotografia\/\" \/>\n<meta property=\"og:locale\" content=\"es_ES\" \/>\n<meta property=\"og:type\" content=\"article\" \/>\n<meta property=\"og:title\" content=\"Charla: Novedades en fotograf\u00eda - Agrupaci\u00f3 Fotogr\u00e0fica de Catalunya\" \/>\n<meta property=\"og:url\" content=\"https:\/\/afc.cat\/es\/activitat\/xerrada-novetats-en-fotografia\/\" \/>\n<meta property=\"og:site_name\" content=\"Agrupaci\u00f3 Fotogr\u00e0fica de Catalunya\" \/>\n<meta property=\"article:modified_time\" content=\"2023-01-16T18:49:57+00:00\" \/>\n<meta name=\"twitter:card\" content=\"summary_large_image\" \/>\n<meta name=\"twitter:label1\" content=\"Tiempo de lectura\" \/>\n\t<meta name=\"twitter:data1\" content=\"5 minutos\" \/>\n<script type=\"application\/ld+json\" class=\"yoast-schema-graph\">{\"@context\":\"https:\\\/\\\/schema.org\",\"@graph\":[{\"@type\":\"WebPage\",\"@id\":\"https:\\\/\\\/afc.cat\\\/es\\\/activitat\\\/xerrada-novetats-en-fotografia\\\/\",\"url\":\"https:\\\/\\\/afc.cat\\\/es\\\/activitat\\\/xerrada-novetats-en-fotografia\\\/\",\"name\":\"Charla: Novedades en fotograf\u00eda - Agrupaci\u00f3 Fotogr\u00e0fica de Catalunya\",\"isPartOf\":{\"@id\":\"https:\\\/\\\/afc.cat\\\/es\\\/#website\"},\"datePublished\":\"2023-01-10T18:22:10+00:00\",\"dateModified\":\"2023-01-16T18:49:57+00:00\",\"breadcrumb\":{\"@id\":\"https:\\\/\\\/afc.cat\\\/es\\\/activitat\\\/xerrada-novetats-en-fotografia\\\/#breadcrumb\"},\"inLanguage\":\"es\",\"potentialAction\":[{\"@type\":\"ReadAction\",\"target\":[\"https:\\\/\\\/afc.cat\\\/es\\\/activitat\\\/xerrada-novetats-en-fotografia\\\/\"]}]},{\"@type\":\"BreadcrumbList\",\"@id\":\"https:\\\/\\\/afc.cat\\\/es\\\/activitat\\\/xerrada-novetats-en-fotografia\\\/#breadcrumb\",\"itemListElement\":[{\"@type\":\"ListItem\",\"position\":1,\"name\":\"Inicio\",\"item\":\"https:\\\/\\\/afc.cat\\\/es\\\/\"},{\"@type\":\"ListItem\",\"position\":2,\"name\":\"Charla: Novedades en fotograf\u00eda\"}]},{\"@type\":\"WebSite\",\"@id\":\"https:\\\/\\\/afc.cat\\\/es\\\/#website\",\"url\":\"https:\\\/\\\/afc.cat\\\/es\\\/\",\"name\":\"Agrupaci\u00f3 Fotogr\u00e0fica de Catalunya\",\"description\":\"Fomento y divulgaci\u00f3n de la fotograf\u00eda en todas sus variedades\",\"potentialAction\":[{\"@type\":\"SearchAction\",\"target\":{\"@type\":\"EntryPoint\",\"urlTemplate\":\"https:\\\/\\\/afc.cat\\\/es\\\/?s={search_term_string}\"},\"query-input\":{\"@type\":\"PropertyValueSpecification\",\"valueRequired\":true,\"valueName\":\"search_term_string\"}}],\"inLanguage\":\"es\"}]}<\/script>\n<!-- \/ Yoast SEO plugin. -->","yoast_head_json":{"title":"Charla: Novedades en fotograf\u00eda - Agrupaci\u00f3 Fotogr\u00e0fica de Catalunya","robots":{"index":"index","follow":"follow","max-snippet":"max-snippet:-1","max-image-preview":"max-image-preview:large","max-video-preview":"max-video-preview:-1"},"canonical":"https:\/\/afc.cat\/es\/activitat\/xerrada-novetats-en-fotografia\/","og_locale":"es_ES","og_type":"article","og_title":"Charla: Novedades en fotograf\u00eda - Agrupaci\u00f3 Fotogr\u00e0fica de Catalunya","og_url":"https:\/\/afc.cat\/es\/activitat\/xerrada-novetats-en-fotografia\/","og_site_name":"Agrupaci\u00f3 Fotogr\u00e0fica de Catalunya","article_modified_time":"2023-01-16T18:49:57+00:00","twitter_card":"summary_large_image","twitter_misc":{"Tiempo de lectura":"5 minutos"},"schema":{"@context":"https:\/\/schema.org","@graph":[{"@type":"WebPage","@id":"https:\/\/afc.cat\/es\/activitat\/xerrada-novetats-en-fotografia\/","url":"https:\/\/afc.cat\/es\/activitat\/xerrada-novetats-en-fotografia\/","name":"Charla: Novedades en fotograf\u00eda - Agrupaci\u00f3 Fotogr\u00e0fica de Catalunya","isPartOf":{"@id":"https:\/\/afc.cat\/es\/#website"},"datePublished":"2023-01-10T18:22:10+00:00","dateModified":"2023-01-16T18:49:57+00:00","breadcrumb":{"@id":"https:\/\/afc.cat\/es\/activitat\/xerrada-novetats-en-fotografia\/#breadcrumb"},"inLanguage":"es","potentialAction":[{"@type":"ReadAction","target":["https:\/\/afc.cat\/es\/activitat\/xerrada-novetats-en-fotografia\/"]}]},{"@type":"BreadcrumbList","@id":"https:\/\/afc.cat\/es\/activitat\/xerrada-novetats-en-fotografia\/#breadcrumb","itemListElement":[{"@type":"ListItem","position":1,"name":"Inicio","item":"https:\/\/afc.cat\/es\/"},{"@type":"ListItem","position":2,"name":"Charla: Novedades en fotograf\u00eda"}]},{"@type":"WebSite","@id":"https:\/\/afc.cat\/es\/#website","url":"https:\/\/afc.cat\/es\/","name":"Agrupaci\u00f3 Fotogr\u00e0fica de Catalunya","description":"Fomento y divulgaci\u00f3n de la fotograf\u00eda en todas sus variedades","potentialAction":[{"@type":"SearchAction","target":{"@type":"EntryPoint","urlTemplate":"https:\/\/afc.cat\/es\/?s={search_term_string}"},"query-input":{"@type":"PropertyValueSpecification","valueRequired":true,"valueName":"search_term_string"}}],"inLanguage":"es"}]}},"_links":{"self":[{"href":"https:\/\/afc.cat\/es\/wp-json\/wp\/v2\/class\/30182","targetHints":{"allow":["GET"]}}],"collection":[{"href":"https:\/\/afc.cat\/es\/wp-json\/wp\/v2\/class"}],"about":[{"href":"https:\/\/afc.cat\/es\/wp-json\/wp\/v2\/types\/class"}],"wp:attachment":[{"href":"https:\/\/afc.cat\/es\/wp-json\/wp\/v2\/media?parent=30182"}],"wp:term":[{"taxonomy":"wcs-type","embeddable":true,"href":"https:\/\/afc.cat\/es\/wp-json\/wp\/v2\/wcs-type?post=30182"},{"taxonomy":"wcs-room","embeddable":true,"href":"https:\/\/afc.cat\/es\/wp-json\/wp\/v2\/wcs-room?post=30182"},{"taxonomy":"wcs-instructor","embeddable":true,"href":"https:\/\/afc.cat\/es\/wp-json\/wp\/v2\/wcs-instructor?post=30182"}],"curies":[{"name":"wp","href":"https:\/\/api.w.org\/{rel}","templated":true}]}}

Charla: Novedades en fotografía

<div class="fusion-fullwidth fullwidth-box fusion-builder-row-1 fusion-flex-container nonhundred-percent-fullwidth non-hundred-percent-height-scrolling" style="background-color: rgba(255,255,255,0);background-position: center center;background-repeat: no-repeat;border-width: 0px 0px 0px 0px;border-color:#ffffff;border-style:solid;" ><div class="fusion-builder-row fusion-row fusion-flex-align-items-flex-start" style="max-width:1300px;margin-left: calc(-4% / 2 );margin-right: calc(-4% / 2 );"><div class="fusion-layout-column fusion_builder_column fusion-builder-column-0 fusion_builder_column_1_1 1_1 fusion-flex-column"><div class="fusion-column-wrapper fusion-flex-justify-content-flex-start fusion-content-layout-column" style="background-position:left top;background-repeat:no-repeat;-webkit-background-size:cover;-moz-background-size:cover;-o-background-size:cover;background-size:cover;padding: 0px 0px 0px 0px;"><div class="fusion-text fusion-text-1"><h2>Una charla que no puedes perderte</h2>
<h3>CALENDARIO Y HORARIO</h3>
<p>Día: viernes 20 de enero, de 18h a 20.45h</p>
<p>Modalidad presencial</p>
<p>Lugar: Agrupació Fotogràfica de Catalunya</p>
<p>Precio: contribución voluntaria</p>
<p>Elegir un equipo fotográfico de calidad y que se adapte a nuestras necesidades se ha convertido en una decisión complicada, ya que actualmente existen varios tamaños de sensores, cada uno con sus ventajas e inconvenientes.</p>
<p>Si nos centramos en sistemas que ofrecen ópticas intercambiables y unos precios que no sean totalmente prohibitivos, los dos casos extremos son las cámaras de medio formato con sensores de 33&#215;44 mm y hasta 100 Mpx de resolución y las micro 4/3, con sensores de 13&#215;17,3 mm y aproximadamente 20 Mpx de resolución. Desde el punto de vista de la calidad pura, las cámaras de medio formato ganan de forma clara, pero hay que tener en cuenta que, en general, estas cámaras están optimizadas para tomar fotos de estudio, o paisajes y, a menudo, tanto los suyos sistemas de enfoque como sus gamas ópticas tienen limitaciones. En cambio, las cámaras micro 4/3 disponen de una amplia variedad de objetivos que, además, son relativamente pequeños y ligeros, lo que hace que estos sistemas sean ideales cuando se desea tener la máxima versatilidad con el mínimo peso, aunque, evidentemente, las reducidas dimensiones de los sensores imponen unas limitaciones que también es necesario valorar. Entre estos dos extremos se encuentran las cámaras full frame, con sensores de 24&#215;36 mm y hasta 60 Mpx y las APS-C, con sensores de 16&#215;24 mm y hasta 40 Mpx.</p>
<p>Hacer una elección acertada no es sencillo, ya que intervienen muchos factores, entre ellos el tipo de fotos que queremos hacer, los objetivos que necesitamos y, también, hasta qué punto son importantes factores como un buen estabilizador de imágenes, la capacidad de enfocar en el ojo o de hacer un buen seguimiento de objetos en movimiento, el precio, el peso o, incluso, un buen aislamiento contra el polvo y el agua.</p>
<p>En este taller de 2,30h, se comentarán los diferentes formatos fotográficos, sus ventajas e inconvenientes y su adecuación a diferentes tipos de fotografía (nocturna, urbana, deporte, naturaleza&#8230;). También se hablará de las últimas novedades en cámaras y objetivos.</p>
<p>El taller lo impartirá David Escobosa, con amplia experiencia como fotógrafo profesional y como profesor de fotografía. El taller está abierto a todos los socios de la AFC.</p>
<p>El taller está abierto a asociados y a no asociados.</p>
<p>Si no eres socio y te interesa asistir a este taller,<a href="https://afc.cat/es/contacto/"> contacta</a> con la Agrupació Fotogràfica de Catalunya</p>
<p>Para inscripciones, <a href="https://afc.playoffinformatica.com/actividad/23/Novetats-en-fotografia/">click aquí</a></p>
</div><style type="text/css">.fusion-gallery-1 .fusion-gallery-image {border:0px solid #e2e2e2;}</style><div class="fusion-gallery fusion-gallery-container fusion-grid-6 fusion-columns-total-0 fusion-gallery-layout-masonry fusion-gallery-1" style="margin:-5px;"><div class="fusion-grid-column fusion-gallery-column fusion-gallery-column-6 hover-type-zoomin fusion-grid-sizer"></div></div></div><style type="text/css">.fusion-body .fusion-builder-column-0{width:100% !important;margin-top : 0px;margin-bottom : 20px;}.fusion-builder-column-0 > .fusion-column-wrapper {padding-top : 0px !important;padding-right : 0px !important;margin-right : 1.92%;padding-bottom : 0px !important;padding-left : 0px !important;margin-left : 1.92%;}@media only screen and (max-width:1024px) {.fusion-body .fusion-builder-column-0{width:100% !important;order : 0;}.fusion-builder-column-0 > .fusion-column-wrapper {margin-right : 1.92%;margin-left : 1.92%;}}@media only screen and (max-width:640px) {.fusion-body .fusion-builder-column-0{width:100% !important;order : 0;}.fusion-builder-column-0 > .fusion-column-wrapper {margin-right : 1.92%;margin-left : 1.92%;}}</style></div></div><style type="text/css">.fusion-body .fusion-flex-container.fusion-builder-row-1{ padding-top : 0px;margin-top : 0px;padding-right : 0px;padding-bottom : 0px;margin-bottom : 0px;padding-left : 0px;}</style></div>

<!-- This site is optimized with the Yoast SEO plugin v27.5 - https://yoast.com/product/yoast-seo-wordpress/ -->
<title>Charla: Novedades en fotografía - Agrupació Fotogràfica de Catalunya</title>
<meta name="robots" content="index, follow, max-snippet:-1, max-image-preview:large, max-video-preview:-1" />
<link rel="canonical" href="https://afc.cat/es/activitat/xerrada-novetats-en-fotografia/" />
<meta property="og:locale" content="es_ES" />
<meta property="og:type" content="article" />
<meta property="og:title" content="Charla: Novedades en fotografía - Agrupació Fotogràfica de Catalunya" />
<meta property="og:url" content="https://afc.cat/es/activitat/xerrada-novetats-en-fotografia/" />
<meta property="og:site_name" content="Agrupació Fotogràfica de Catalunya" />
<meta property="article:modified_time" content="2023-01-16T18:49:57+00:00" />
<meta name="twitter:card" content="summary_large_image" />
<meta name="twitter:label1" content="Tiempo de lectura" />
	<meta name="twitter:data1" content="5 minutos" />
<script type="application/ld+json" class="yoast-schema-graph">{"@context":"https:\/\/schema.org","@graph":[{"@type":"WebPage","@id":"https:\/\/afc.cat\/es\/activitat\/xerrada-novetats-en-fotografia\/","url":"https:\/\/afc.cat\/es\/activitat\/xerrada-novetats-en-fotografia\/","name":"Charla: Novedades en fotografía - Agrupació Fotogràfica de Catalunya","isPartOf":{"@id":"https:\/\/afc.cat\/es\/#website"},"datePublished":"2023-01-10T18:22:10+00:00","dateModified":"2023-01-16T18:49:57+00:00","breadcrumb":{"@id":"https:\/\/afc.cat\/es\/activitat\/xerrada-novetats-en-fotografia\/#breadcrumb"},"inLanguage":"es","potentialAction":[{"@type":"ReadAction","target":["https:\/\/afc.cat\/es\/activitat\/xerrada-novetats-en-fotografia\/"]}]},{"@type":"BreadcrumbList","@id":"https:\/\/afc.cat\/es\/activitat\/xerrada-novetats-en-fotografia\/#breadcrumb","itemListElement":[{"@type":"ListItem","position":1,"name":"Inicio","item":"https:\/\/afc.cat\/es\/"},{"@type":"ListItem","position":2,"name":"Charla: Novedades en fotografía"}]},{"@type":"WebSite","@id":"https:\/\/afc.cat\/es\/#website","url":"https:\/\/afc.cat\/es\/","name":"Agrupació Fotogràfica de Catalunya","description":"Fomento y divulgación de la fotografía en todas sus variedades","potentialAction":[{"@type":"SearchAction","target":{"@type":"EntryPoint","urlTemplate":"https:\/\/afc.cat\/es\/?s={search_term_string}"},"query-input":{"@type":"PropertyValueSpecification","valueRequired":true,"valueName":"search_term_string"}}],"inLanguage":"es"}]}</script>
<!-- / Yoast SEO plugin. -->

Charla: Novedades en fotografía - Agrupació Fotogràfica de Catalunya

Agrupació Fotogràfica de Catalunya

Fomento y divulgación de la fotografía en todas sus variedades
