{"id":39191,"date":"2024-09-17T16:35:44","date_gmt":"2024-09-17T14:35:44","guid":{"rendered":"https:\/\/afc.cat\/?post_type=class&#038;p=39191"},"modified":"2024-12-13T14:04:26","modified_gmt":"2024-12-13T12:04:26","slug":"quieres-participar-en-la-formacion-de-la-afc","status":"publish","type":"class","link":"https:\/\/afc.cat\/es\/activitat\/quieres-participar-en-la-formacion-de-la-afc\/","title":{"rendered":"\u00bfQuieres participar en la formaci\u00f3n de la AFC?"},"content":{"rendered":"<p><div class=\"fusion-fullwidth fullwidth-box fusion-builder-row-1 fusion-flex-container nonhundred-percent-fullwidth non-hundred-percent-height-scrolling\" style=\"background-color: rgba(255,255,255,0);background-position: center center;background-repeat: no-repeat;border-width: 0px 15px 0px 0px;border-color:#ffffff;border-style:solid;\" ><div class=\"fusion-builder-row fusion-row fusion-flex-align-items-flex-start\" style=\"max-width:1300px;margin-left: calc(-4% \/ 2 );margin-right: calc(-4% \/ 2 );\"><div class=\"fusion-layout-column fusion_builder_column fusion-builder-column-0 fusion_builder_column_1_1 1_1 fusion-flex-column\"><div class=\"fusion-column-wrapper fusion-flex-justify-content-flex-start fusion-content-layout-column\" style=\"background-position:left top;background-repeat:no-repeat;-webkit-background-size:cover;-moz-background-size:cover;-o-background-size:cover;background-size:cover;padding: 0px 0px 0px 0px;\"><div class=\"fusion-text fusion-text-1\"><p>Esperamos que est\u00e9is disfrutando de nuestra oferta formativa fotogr\u00e1fica tanto como nosotros. Hoy queremos proponerlos una oportunidad emocionante que no solo fortalecer\u00e1 nuestro grupo, sino que tambi\u00e9n los permitir\u00e1 compartir nuestros conocimientos por la fotograf\u00eda con otros socios:<\/p>\n<p><strong>DAR CLASES, TALLERES O ACTIVIDADES POR TODOS LOS SOCIOS QUE QUIERAN PARTICIPAR<\/strong><\/p>\n<p>Imaginamos el impacto positivo que podr\u00edamos tener si cada cual aporta un poco de su conocimiento y experiencia. Desde t\u00e9cnicas b\u00e1sicas hasta consejos avanzados, cada uno de vosotros tiene algo valiosa para ofrecer. Las clases pueden ser una manera excelente de profundizar en temas espec\u00edficos, explorar nuevas t\u00e9cnicas o incluso desarrollar habilidades de ense\u00f1anza que enriquecer\u00e1n su propia pr\u00e1ctica fotogr\u00e1fica.<br \/>\n\u00bfPor qu\u00e9 impartir clases?<\/p>\n<p>Compartir el conocimiento: Cada cual de nosotros ha acumulado una gran cantidad de experiencia y habilidades. Ense\u00f1ar es una forma maravillosa de compartir este conocimiento y ayudar los otros a crecer.<\/p>\n<p>Fomentar la Comunidad: Las clases son una excelente manera de fortalecer nuestra agrupaci\u00f3n, creando un ambiente m\u00e1s colaborativo y unido.<\/p>\n<p>Desarrollar Nuevas Habilidades: La ense\u00f1anza no solo beneficia los estudiantes, sino tambi\u00e9n los instructores, que a menudo encuentran nuevas perspectivas y comprensiones en el proceso.<\/p>\n<p>Inspirar otros: Tu entusiasmo y pasi\u00f3n por la fotograf\u00eda pueden ser la chispa que inspire otras a explorar su creatividad y amor por esta forma de arte.<\/p>\n<p>\u00bfC\u00f3mo podemos participar?<\/p>\n<p>Proponer Temas: Si tienes una idea espec\u00edfica para una clase o taller, \u00a1nos encantar\u00eda conocerla! Pueden ser temas t\u00e9cnicos, creativos o pr\u00e1cticos.<\/p>\n<p>Organizar Talleres: Ofrece tus servicios para organizar y dirigir talleres o cursos.<\/p>\n<p>Ayudar en la Planificaci\u00f3n: Si prefieres apoyar en la parte organizativa, \u00a1tu ayuda tambi\u00e9n es bienvenida!<\/p>\n<p>Estamos aqu\u00ed para apoyarlos en este proceso, desde la planificaci\u00f3n hasta la ejecuci\u00f3n de las clases. Si est\u00e1s interesado o tienes preguntas, no dudes a ponerte en contacto con nosotros por correo electr\u00f3nico: formaci\u00f3@afc.cat<\/p>\n<p>\u00a1Un\u00e1monos para hacer de la agrupaci\u00f3 un lugar todav\u00eda m\u00e1s vibrante y educativo!<\/p>\n<p>\u00a1Esperamos contar con vuestra participaci\u00f3n y entusiasmo!<\/p>\n<p>Con aprecio,<\/p>\n<p><strong>Vocal\u00eda de formaci\u00f3 de la Agrupaci\u00f3 Fotogr\u00e1fica de Catalunya<\/strong><\/p>\n<\/div><\/div><style type=\"text\/css\">.fusion-body .fusion-builder-column-0{width:100% !important;margin-top : 0px;margin-bottom : 0px;}.fusion-builder-column-0 > .fusion-column-wrapper {padding-top : 0px !important;padding-right : 0px !important;margin-right : 1.92%;padding-bottom : 0px !important;padding-left : 0px !important;margin-left : 1.92%;}@media only screen and (max-width:1024px) {.fusion-body .fusion-builder-column-0{width:100% !important;}.fusion-builder-column-0 > .fusion-column-wrapper {margin-right : 1.92%;margin-left : 1.92%;}}@media only screen and (max-width:640px) {.fusion-body .fusion-builder-column-0{width:100% !important;}.fusion-builder-column-0 > .fusion-column-wrapper {margin-right : 1.92%;margin-left : 1.92%;}}<\/style><\/div><\/div><style type=\"text\/css\">.fusion-body .fusion-flex-container.fusion-builder-row-1{ padding-top : 0px;margin-top : 0px;padding-right : 0px;padding-bottom : 0px;margin-bottom : 0px;padding-left : 0px;}<\/style><\/div><div class=\"fusion-fullwidth fullwidth-box fusion-builder-row-2 fusion-flex-container nonhundred-percent-fullwidth non-hundred-percent-height-scrolling\" style=\"background-color: rgba(255,255,255,0);background-position: center center;background-repeat: no-repeat;border-width: 0px 0px 0px 0px;border-color:#ffffff;border-style:solid;\" ><div class=\"fusion-builder-row fusion-row fusion-flex-align-items-flex-start\" style=\"max-width:1300px;margin-left: calc(-4% \/ 2 );margin-right: calc(-4% \/ 2 );\"><div class=\"fusion-layout-column fusion_builder_column fusion-builder-column-1 fusion_builder_column_1_2 1_2 fusion-flex-column\"><div class=\"fusion-column-wrapper fusion-flex-justify-content-flex-start fusion-content-layout-column\" style=\"background-position:left top;background-repeat:no-repeat;-webkit-background-size:cover;-moz-background-size:cover;-o-background-size:cover;background-size:cover;padding: 0px 0px 0px 0px;\"><\/div><style type=\"text\/css\">.fusion-body .fusion-builder-column-1{width:50% !important;margin-top : 0px;margin-bottom : 20px;}.fusion-builder-column-1 > .fusion-column-wrapper {padding-top : 0px !important;padding-right : 0px !important;margin-right : 3.84%;padding-bottom : 0px !important;padding-left : 0px !important;margin-left : 3.84%;}@media only screen and (max-width:1024px) {.fusion-body .fusion-builder-column-1{width:50% !important;order : 0;}.fusion-builder-column-1 > .fusion-column-wrapper {margin-right : 3.84%;margin-left : 3.84%;}}@media only screen and (max-width:640px) {.fusion-body .fusion-builder-column-1{width:100% !important;order : 0;}.fusion-builder-column-1 > .fusion-column-wrapper {margin-right : 1.92%;margin-left : 1.92%;}}<\/style><\/div><div class=\"fusion-layout-column fusion_builder_column fusion-builder-column-2 fusion_builder_column_1_2 1_2 fusion-flex-column\"><div class=\"fusion-column-wrapper fusion-flex-justify-content-flex-start fusion-content-layout-column\" style=\"background-position:left top;background-repeat:no-repeat;-webkit-background-size:cover;-moz-background-size:cover;-o-background-size:cover;background-size:cover;padding: 0px 0px 0px 0px;\"><\/div><style type=\"text\/css\">.fusion-body .fusion-builder-column-2{width:50% !important;margin-top : 0px;margin-bottom : 20px;}.fusion-builder-column-2 > .fusion-column-wrapper {padding-top : 0px !important;padding-right : 0px !important;margin-right : 3.84%;padding-bottom : 0px !important;padding-left : 0px !important;margin-left : 3.84%;}@media only screen and (max-width:1024px) {.fusion-body .fusion-builder-column-2{width:50% !important;order : 0;}.fusion-builder-column-2 > .fusion-column-wrapper {margin-right : 3.84%;margin-left : 3.84%;}}@media only screen and (max-width:640px) {.fusion-body .fusion-builder-column-2{width:100% !important;order : 0;}.fusion-builder-column-2 > .fusion-column-wrapper {margin-right : 1.92%;margin-left : 1.92%;}}<\/style><\/div><\/div><style type=\"text\/css\">.fusion-body .fusion-flex-container.fusion-builder-row-2{ padding-top : 0px;margin-top : 0px;padding-right : 0px;padding-bottom : 0px;margin-bottom : 0px;padding-left : 0px;}<\/style><\/div><\/p>\n","protected":false},"excerpt":{"rendered":"","protected":false},"template":"","meta":{"_acf_changed":false},"wcs-type":[114],"wcs-room":[131],"wcs-instructor":[575],"class_list":["post-39191","class","type-class","status-publish","hentry","wcs-type-formacion","wcs-room-agrupacio-fotografica-de-catalunya","wcs-instructor-vocalia-formacio"],"acf":[],"yoast_head":"<!-- This site is optimized with the Yoast SEO plugin v27.2 - https:\/\/yoast.com\/product\/yoast-seo-wordpress\/ -->\n<title>\u00bfQuieres participar en la formaci\u00f3n de la AFC? - Agrupaci\u00f3 Fotogr\u00e0fica de Catalunya<\/title>\n<meta name=\"robots\" content=\"index, follow, max-snippet:-1, max-image-preview:large, max-video-preview:-1\" \/>\n<link rel=\"canonical\" href=\"https:\/\/afc.cat\/es\/activitat\/quieres-participar-en-la-formacion-de-la-afc\/\" \/>\n<meta property=\"og:locale\" content=\"es_ES\" \/>\n<meta property=\"og:type\" content=\"article\" \/>\n<meta property=\"og:title\" content=\"\u00bfQuieres participar en la formaci\u00f3n de la AFC? - Agrupaci\u00f3 Fotogr\u00e0fica de Catalunya\" \/>\n<meta property=\"og:url\" content=\"https:\/\/afc.cat\/es\/activitat\/quieres-participar-en-la-formacion-de-la-afc\/\" \/>\n<meta property=\"og:site_name\" content=\"Agrupaci\u00f3 Fotogr\u00e0fica de Catalunya\" \/>\n<meta property=\"article:modified_time\" content=\"2024-12-13T12:04:26+00:00\" \/>\n<meta name=\"twitter:card\" content=\"summary_large_image\" \/>\n<meta name=\"twitter:label1\" content=\"Tiempo de lectura\" \/>\n\t<meta name=\"twitter:data1\" content=\"9 minutos\" \/>\n<script type=\"application\/ld+json\" class=\"yoast-schema-graph\">{\"@context\":\"https:\/\/schema.org\",\"@graph\":[{\"@type\":\"WebPage\",\"@id\":\"https:\/\/afc.cat\/es\/activitat\/quieres-participar-en-la-formacion-de-la-afc\/\",\"url\":\"https:\/\/afc.cat\/es\/activitat\/quieres-participar-en-la-formacion-de-la-afc\/\",\"name\":\"\u00bfQuieres participar en la formaci\u00f3n de la AFC? - Agrupaci\u00f3 Fotogr\u00e0fica de Catalunya\",\"isPartOf\":{\"@id\":\"https:\/\/afc.cat\/es\/#website\"},\"datePublished\":\"2024-09-17T14:35:44+00:00\",\"dateModified\":\"2024-12-13T12:04:26+00:00\",\"breadcrumb\":{\"@id\":\"https:\/\/afc.cat\/es\/activitat\/quieres-participar-en-la-formacion-de-la-afc\/#breadcrumb\"},\"inLanguage\":\"es\",\"potentialAction\":[{\"@type\":\"ReadAction\",\"target\":[\"https:\/\/afc.cat\/es\/activitat\/quieres-participar-en-la-formacion-de-la-afc\/\"]}]},{\"@type\":\"BreadcrumbList\",\"@id\":\"https:\/\/afc.cat\/es\/activitat\/quieres-participar-en-la-formacion-de-la-afc\/#breadcrumb\",\"itemListElement\":[{\"@type\":\"ListItem\",\"position\":1,\"name\":\"Inicio\",\"item\":\"https:\/\/afc.cat\/es\/\"},{\"@type\":\"ListItem\",\"position\":2,\"name\":\"\u00bfQuieres participar en la formaci\u00f3n de la AFC?\"}]},{\"@type\":\"WebSite\",\"@id\":\"https:\/\/afc.cat\/es\/#website\",\"url\":\"https:\/\/afc.cat\/es\/\",\"name\":\"Agrupaci\u00f3 Fotogr\u00e0fica de Catalunya\",\"description\":\"Fomento y divulgaci\u00f3n de la fotograf\u00eda en todas sus variedades\",\"potentialAction\":[{\"@type\":\"SearchAction\",\"target\":{\"@type\":\"EntryPoint\",\"urlTemplate\":\"https:\/\/afc.cat\/es\/?s={search_term_string}\"},\"query-input\":{\"@type\":\"PropertyValueSpecification\",\"valueRequired\":true,\"valueName\":\"search_term_string\"}}],\"inLanguage\":\"es\"}]}<\/script>\n<!-- \/ Yoast SEO plugin. -->","yoast_head_json":{"title":"\u00bfQuieres participar en la formaci\u00f3n de la AFC? - Agrupaci\u00f3 Fotogr\u00e0fica de Catalunya","robots":{"index":"index","follow":"follow","max-snippet":"max-snippet:-1","max-image-preview":"max-image-preview:large","max-video-preview":"max-video-preview:-1"},"canonical":"https:\/\/afc.cat\/es\/activitat\/quieres-participar-en-la-formacion-de-la-afc\/","og_locale":"es_ES","og_type":"article","og_title":"\u00bfQuieres participar en la formaci\u00f3n de la AFC? - Agrupaci\u00f3 Fotogr\u00e0fica de Catalunya","og_url":"https:\/\/afc.cat\/es\/activitat\/quieres-participar-en-la-formacion-de-la-afc\/","og_site_name":"Agrupaci\u00f3 Fotogr\u00e0fica de Catalunya","article_modified_time":"2024-12-13T12:04:26+00:00","twitter_card":"summary_large_image","twitter_misc":{"Tiempo de lectura":"9 minutos"},"schema":{"@context":"https:\/\/schema.org","@graph":[{"@type":"WebPage","@id":"https:\/\/afc.cat\/es\/activitat\/quieres-participar-en-la-formacion-de-la-afc\/","url":"https:\/\/afc.cat\/es\/activitat\/quieres-participar-en-la-formacion-de-la-afc\/","name":"\u00bfQuieres participar en la formaci\u00f3n de la AFC? - Agrupaci\u00f3 Fotogr\u00e0fica de Catalunya","isPartOf":{"@id":"https:\/\/afc.cat\/es\/#website"},"datePublished":"2024-09-17T14:35:44+00:00","dateModified":"2024-12-13T12:04:26+00:00","breadcrumb":{"@id":"https:\/\/afc.cat\/es\/activitat\/quieres-participar-en-la-formacion-de-la-afc\/#breadcrumb"},"inLanguage":"es","potentialAction":[{"@type":"ReadAction","target":["https:\/\/afc.cat\/es\/activitat\/quieres-participar-en-la-formacion-de-la-afc\/"]}]},{"@type":"BreadcrumbList","@id":"https:\/\/afc.cat\/es\/activitat\/quieres-participar-en-la-formacion-de-la-afc\/#breadcrumb","itemListElement":[{"@type":"ListItem","position":1,"name":"Inicio","item":"https:\/\/afc.cat\/es\/"},{"@type":"ListItem","position":2,"name":"\u00bfQuieres participar en la formaci\u00f3n de la AFC?"}]},{"@type":"WebSite","@id":"https:\/\/afc.cat\/es\/#website","url":"https:\/\/afc.cat\/es\/","name":"Agrupaci\u00f3 Fotogr\u00e0fica de Catalunya","description":"Fomento y divulgaci\u00f3n de la fotograf\u00eda en todas sus variedades","potentialAction":[{"@type":"SearchAction","target":{"@type":"EntryPoint","urlTemplate":"https:\/\/afc.cat\/es\/?s={search_term_string}"},"query-input":{"@type":"PropertyValueSpecification","valueRequired":true,"valueName":"search_term_string"}}],"inLanguage":"es"}]}},"_links":{"self":[{"href":"https:\/\/afc.cat\/es\/wp-json\/wp\/v2\/class\/39191","targetHints":{"allow":["GET"]}}],"collection":[{"href":"https:\/\/afc.cat\/es\/wp-json\/wp\/v2\/class"}],"about":[{"href":"https:\/\/afc.cat\/es\/wp-json\/wp\/v2\/types\/class"}],"wp:attachment":[{"href":"https:\/\/afc.cat\/es\/wp-json\/wp\/v2\/media?parent=39191"}],"wp:term":[{"taxonomy":"wcs-type","embeddable":true,"href":"https:\/\/afc.cat\/es\/wp-json\/wp\/v2\/wcs-type?post=39191"},{"taxonomy":"wcs-room","embeddable":true,"href":"https:\/\/afc.cat\/es\/wp-json\/wp\/v2\/wcs-room?post=39191"},{"taxonomy":"wcs-instructor","embeddable":true,"href":"https:\/\/afc.cat\/es\/wp-json\/wp\/v2\/wcs-instructor?post=39191"}],"curies":[{"name":"wp","href":"https:\/\/api.w.org\/{rel}","templated":true}]}}

¿Quieres participar en la formación de la AFC?

<p><div class="fusion-fullwidth fullwidth-box fusion-builder-row-1 fusion-flex-container nonhundred-percent-fullwidth non-hundred-percent-height-scrolling" style="background-color: rgba(255,255,255,0);background-position: center center;background-repeat: no-repeat;border-width: 0px 15px 0px 0px;border-color:#ffffff;border-style:solid;" ><div class="fusion-builder-row fusion-row fusion-flex-align-items-flex-start" style="max-width:1300px;margin-left: calc(-4% / 2 );margin-right: calc(-4% / 2 );"><div class="fusion-layout-column fusion_builder_column fusion-builder-column-0 fusion_builder_column_1_1 1_1 fusion-flex-column"><div class="fusion-column-wrapper fusion-flex-justify-content-flex-start fusion-content-layout-column" style="background-position:left top;background-repeat:no-repeat;-webkit-background-size:cover;-moz-background-size:cover;-o-background-size:cover;background-size:cover;padding: 0px 0px 0px 0px;"><div class="fusion-text fusion-text-1"><p>Esperamos que estéis disfrutando de nuestra oferta formativa fotográfica tanto como nosotros. Hoy queremos proponerlos una oportunidad emocionante que no solo fortalecerá nuestro grupo, sino que también los permitirá compartir nuestros conocimientos por la fotografía con otros socios:</p>
<p><strong>DAR CLASES, TALLERES O ACTIVIDADES POR TODOS LOS SOCIOS QUE QUIERAN PARTICIPAR</strong></p>
<p>Imaginamos el impacto positivo que podríamos tener si cada cual aporta un poco de su conocimiento y experiencia. Desde técnicas básicas hasta consejos avanzados, cada uno de vosotros tiene algo valiosa para ofrecer. Las clases pueden ser una manera excelente de profundizar en temas específicos, explorar nuevas técnicas o incluso desarrollar habilidades de enseñanza que enriquecerán su propia práctica fotográfica.<br />
¿Por qué impartir clases?</p>
<p>Compartir el conocimiento: Cada cual de nosotros ha acumulado una gran cantidad de experiencia y habilidades. Enseñar es una forma maravillosa de compartir este conocimiento y ayudar los otros a crecer.</p>
<p>Fomentar la Comunidad: Las clases son una excelente manera de fortalecer nuestra agrupación, creando un ambiente más colaborativo y unido.</p>
<p>Desarrollar Nuevas Habilidades: La enseñanza no solo beneficia los estudiantes, sino también los instructores, que a menudo encuentran nuevas perspectivas y comprensiones en el proceso.</p>
<p>Inspirar otros: Tu entusiasmo y pasión por la fotografía pueden ser la chispa que inspire otras a explorar su creatividad y amor por esta forma de arte.</p>
<p>¿Cómo podemos participar?</p>
<p>Proponer Temas: Si tienes una idea específica para una clase o taller, ¡nos encantaría conocerla! Pueden ser temas técnicos, creativos o prácticos.</p>
<p>Organizar Talleres: Ofrece tus servicios para organizar y dirigir talleres o cursos.</p>
<p>Ayudar en la Planificación: Si prefieres apoyar en la parte organizativa, ¡tu ayuda también es bienvenida!</p>
<p>Estamos aquí para apoyarlos en este proceso, desde la planificación hasta la ejecución de las clases. Si estás interesado o tienes preguntas, no dudes a ponerte en contacto con nosotros por correo electrónico: formació@afc.cat</p>
<p>¡Unámonos para hacer de la agrupació un lugar todavía más vibrante y educativo!</p>
<p>¡Esperamos contar con vuestra participación y entusiasmo!</p>
<p>Con aprecio,</p>
<p><strong>Vocalía de formació de la Agrupació Fotográfica de Catalunya</strong></p>
</div></div><style type="text/css">.fusion-body .fusion-builder-column-0{width:100% !important;margin-top : 0px;margin-bottom : 0px;}.fusion-builder-column-0 > .fusion-column-wrapper {padding-top : 0px !important;padding-right : 0px !important;margin-right : 1.92%;padding-bottom : 0px !important;padding-left : 0px !important;margin-left : 1.92%;}@media only screen and (max-width:1024px) {.fusion-body .fusion-builder-column-0{width:100% !important;}.fusion-builder-column-0 > .fusion-column-wrapper {margin-right : 1.92%;margin-left : 1.92%;}}@media only screen and (max-width:640px) {.fusion-body .fusion-builder-column-0{width:100% !important;}.fusion-builder-column-0 > .fusion-column-wrapper {margin-right : 1.92%;margin-left : 1.92%;}}</style></div></div><style type="text/css">.fusion-body .fusion-flex-container.fusion-builder-row-1{ padding-top : 0px;margin-top : 0px;padding-right : 0px;padding-bottom : 0px;margin-bottom : 0px;padding-left : 0px;}</style></div><div class="fusion-fullwidth fullwidth-box fusion-builder-row-2 fusion-flex-container nonhundred-percent-fullwidth non-hundred-percent-height-scrolling" style="background-color: rgba(255,255,255,0);background-position: center center;background-repeat: no-repeat;border-width: 0px 0px 0px 0px;border-color:#ffffff;border-style:solid;" ><div class="fusion-builder-row fusion-row fusion-flex-align-items-flex-start" style="max-width:1300px;margin-left: calc(-4% / 2 );margin-right: calc(-4% / 2 );"><div class="fusion-layout-column fusion_builder_column fusion-builder-column-1 fusion_builder_column_1_2 1_2 fusion-flex-column"><div class="fusion-column-wrapper fusion-flex-justify-content-flex-start fusion-content-layout-column" style="background-position:left top;background-repeat:no-repeat;-webkit-background-size:cover;-moz-background-size:cover;-o-background-size:cover;background-size:cover;padding: 0px 0px 0px 0px;"></div><style type="text/css">.fusion-body .fusion-builder-column-1{width:50% !important;margin-top : 0px;margin-bottom : 20px;}.fusion-builder-column-1 > .fusion-column-wrapper {padding-top : 0px !important;padding-right : 0px !important;margin-right : 3.84%;padding-bottom : 0px !important;padding-left : 0px !important;margin-left : 3.84%;}@media only screen and (max-width:1024px) {.fusion-body .fusion-builder-column-1{width:50% !important;order : 0;}.fusion-builder-column-1 > .fusion-column-wrapper {margin-right : 3.84%;margin-left : 3.84%;}}@media only screen and (max-width:640px) {.fusion-body .fusion-builder-column-1{width:100% !important;order : 0;}.fusion-builder-column-1 > .fusion-column-wrapper {margin-right : 1.92%;margin-left : 1.92%;}}</style></div><div class="fusion-layout-column fusion_builder_column fusion-builder-column-2 fusion_builder_column_1_2 1_2 fusion-flex-column"><div class="fusion-column-wrapper fusion-flex-justify-content-flex-start fusion-content-layout-column" style="background-position:left top;background-repeat:no-repeat;-webkit-background-size:cover;-moz-background-size:cover;-o-background-size:cover;background-size:cover;padding: 0px 0px 0px 0px;"></div><style type="text/css">.fusion-body .fusion-builder-column-2{width:50% !important;margin-top : 0px;margin-bottom : 20px;}.fusion-builder-column-2 > .fusion-column-wrapper {padding-top : 0px !important;padding-right : 0px !important;margin-right : 3.84%;padding-bottom : 0px !important;padding-left : 0px !important;margin-left : 3.84%;}@media only screen and (max-width:1024px) {.fusion-body .fusion-builder-column-2{width:50% !important;order : 0;}.fusion-builder-column-2 > .fusion-column-wrapper {margin-right : 3.84%;margin-left : 3.84%;}}@media only screen and (max-width:640px) {.fusion-body .fusion-builder-column-2{width:100% !important;order : 0;}.fusion-builder-column-2 > .fusion-column-wrapper {margin-right : 1.92%;margin-left : 1.92%;}}</style></div></div><style type="text/css">.fusion-body .fusion-flex-container.fusion-builder-row-2{ padding-top : 0px;margin-top : 0px;padding-right : 0px;padding-bottom : 0px;margin-bottom : 0px;padding-left : 0px;}</style></div></p>

<!-- This site is optimized with the Yoast SEO plugin v27.2 - https://yoast.com/product/yoast-seo-wordpress/ -->
<title>¿Quieres participar en la formación de la AFC? - Agrupació Fotogràfica de Catalunya</title>
<meta name="robots" content="index, follow, max-snippet:-1, max-image-preview:large, max-video-preview:-1" />
<link rel="canonical" href="https://afc.cat/es/activitat/quieres-participar-en-la-formacion-de-la-afc/" />
<meta property="og:locale" content="es_ES" />
<meta property="og:type" content="article" />
<meta property="og:title" content="¿Quieres participar en la formación de la AFC? - Agrupació Fotogràfica de Catalunya" />
<meta property="og:url" content="https://afc.cat/es/activitat/quieres-participar-en-la-formacion-de-la-afc/" />
<meta property="og:site_name" content="Agrupació Fotogràfica de Catalunya" />
<meta property="article:modified_time" content="2024-12-13T12:04:26+00:00" />
<meta name="twitter:card" content="summary_large_image" />
<meta name="twitter:label1" content="Tiempo de lectura" />
	<meta name="twitter:data1" content="9 minutos" />
<script type="application/ld+json" class="yoast-schema-graph">{"@context":"https://schema.org","@graph":[{"@type":"WebPage","@id":"https://afc.cat/es/activitat/quieres-participar-en-la-formacion-de-la-afc/","url":"https://afc.cat/es/activitat/quieres-participar-en-la-formacion-de-la-afc/","name":"¿Quieres participar en la formación de la AFC? - Agrupació Fotogràfica de Catalunya","isPartOf":{"@id":"https://afc.cat/es/#website"},"datePublished":"2024-09-17T14:35:44+00:00","dateModified":"2024-12-13T12:04:26+00:00","breadcrumb":{"@id":"https://afc.cat/es/activitat/quieres-participar-en-la-formacion-de-la-afc/#breadcrumb"},"inLanguage":"es","potentialAction":[{"@type":"ReadAction","target":["https://afc.cat/es/activitat/quieres-participar-en-la-formacion-de-la-afc/"]}]},{"@type":"BreadcrumbList","@id":"https://afc.cat/es/activitat/quieres-participar-en-la-formacion-de-la-afc/#breadcrumb","itemListElement":[{"@type":"ListItem","position":1,"name":"Inicio","item":"https://afc.cat/es/"},{"@type":"ListItem","position":2,"name":"¿Quieres participar en la formación de la AFC?"}]},{"@type":"WebSite","@id":"https://afc.cat/es/#website","url":"https://afc.cat/es/","name":"Agrupació Fotogràfica de Catalunya","description":"Fomento y divulgación de la fotografía en todas sus variedades","potentialAction":[{"@type":"SearchAction","target":{"@type":"EntryPoint","urlTemplate":"https://afc.cat/es/?s={search_term_string}"},"query-input":{"@type":"PropertyValueSpecification","valueRequired":true,"valueName":"search_term_string"}}],"inLanguage":"es"}]}</script>
<!-- / Yoast SEO plugin. -->

¿Quieres participar en la formación de la AFC? - Agrupació Fotogràfica de Catalunya

Agrupació Fotogràfica de Catalunya

Fomento y divulgación de la fotografía en todas sus variedades
