{"id":40051,"date":"2024-11-15T16:32:04","date_gmt":"2024-11-15T14:32:04","guid":{"rendered":"https:\/\/afc.cat\/?post_type=class&#038;p=40051"},"modified":"2025-01-23T01:09:24","modified_gmt":"2025-01-22T23:09:24","slug":"salida-fotografica-grup-de-fotografia-dstreet-23-11","status":"publish","type":"class","link":"https:\/\/afc.cat\/es\/activitat\/salida-fotografica-grup-de-fotografia-dstreet-23-11\/","title":{"rendered":"Salida fotogr\u00e1fica Grup de Fotografia d&#8217;Street \/ 23\/11"},"content":{"rendered":"<div class=\"fusion-fullwidth fullwidth-box fusion-builder-row-1 fusion-flex-container nonhundred-percent-fullwidth non-hundred-percent-height-scrolling\" style=\"background-color: rgba(255,255,255,0);background-position: center center;background-repeat: no-repeat;border-width: 0px 15px 0px 0px;border-color:#ffffff;border-style:solid;\" ><div class=\"fusion-builder-row fusion-row fusion-flex-align-items-flex-start\" style=\"max-width:1300px;margin-left: calc(-4% \/ 2 );margin-right: calc(-4% \/ 2 );\"><div class=\"fusion-layout-column fusion_builder_column fusion-builder-column-0 fusion_builder_column_1_1 1_1 fusion-flex-column\"><div class=\"fusion-column-wrapper fusion-flex-justify-content-flex-start fusion-content-layout-column\" style=\"background-position:left top;background-repeat:no-repeat;-webkit-background-size:cover;-moz-background-size:cover;-o-background-size:cover;background-size:cover;padding: 0px 0px 0px 0px;\"><div class=\"fusion-text fusion-text-1\"><h2>CEMENTERIO DE POBLENOU<\/h2>\n<p>En la comisi\u00f3n de fecha 10 de octubre pasado, cuyo resumen publiqu\u00e9 el d\u00eda 14 del mismo mes, se acord\u00f3 que la salida de este mes ser\u00eda el <strong>S\u00c1BADO, D\u00cdA 23 DE NOVIEMBRE DE 2.024, AL CEMENTERIO DE POBLENOU.<\/strong><\/p>\n<p>El<strong> punto de reuni\u00f3n se ha se\u00f1alado a las 9:30 h. en la puerta principal de entrada al cementerio.<\/strong><\/p>\n<p>Poco hay que decir en esta ocasi\u00f3n del recorrido a hacer. Las calles del cementerio, sus sepulturas, panteones, esculturas, l\u00e1pidas, atm\u00f3sfera y sensaciones ser\u00e1n el sujeto de nuestras fotos. Cada cual tendr\u00e1 sus percepciones y sensaciones que capturar. Todos hemos o\u00eddo hablar del cementerio del Poblenou, que tambi\u00e9n se conoce como Cementerio General de Barcelona, Cementerio del Este, Cementerio de Levante o Cementerio Viejo. Y qui\u00e9n no ha o\u00eddo hablar de la escultura conocida con el nombre de El Beso de la Muerte. Otro punto de inter\u00e9s es el monumento central, dedicado a los muertos por la epidemia de fiebre amarilla del a\u00f1o 1821. Y la tumba de El Santet, joven del barrio de Poblenou que siempre estaba dispuesto a ayudar a los dem\u00e1s y que muri\u00f3 en el a\u00f1o 1899 cuando solo contaba con 22 a\u00f1os. M\u00e1s de un siglo despu\u00e9s su tumba sigue siendo venerada y siempre se encuentra acompa\u00f1ada de flores y plantas, incluso se habla de peregrinajes desde lugares inimaginables, aunque esto ya forma parte de la rumorolog\u00eda. Es un cementerio muy rico en historias y leyendas, a la vez que muy apreciado arquitect\u00f3nicamente y, sobre todo, por su riqueza ornamental en esta clase de espacios y atm\u00f3sferas. Se organizan visitas guiadas y, lo que llama m\u00e1s la atenci\u00f3n, son las que se hacen por la noche a la luz de velas. Ha de haber gustos para todo en esta vida. Si quer\u00e9is saber m\u00e1s de El Santet pod\u00e9is acudir al art\u00edculo que colgu\u00e9 en el chat de street photo hace un mes aproximadamente, o simplemente buscar por google.<\/p>\n<p>Ignoro cu\u00e1nto emplearemos en la salida, pero, si acabamos pronto, siempre podemos recorrer los alrededores del cementerio y hacer la cerveza para despedirnos. Esa parte de Poblenou tiene rincones interesantes.<\/p>\n<p>Para el tipo de salida no es necesario material especial.<\/p>\n<p>Si alguien quiere proponer poner en pr\u00e1ctica alguna t\u00e9cnica fotogr\u00e1fica, o tiene otra idea a respecto, lo podemos tratar justo el d\u00eda anterior, en la reuni\u00f3n del viernes 22.<\/p>\n<p>Hasta pronto.<\/p>\n<\/div><div ><span class=\" fusion-imageframe imageframe-none imageframe-1 hover-type-none\"><img decoding=\"async\" width=\"420\" height=\"79\" title=\"cultura\" src=\"https:\/\/afc.cat\/wp-content\/uploads\/2025\/01\/logos_generalitat_-ajuntament-bcn.jpg\" alt class=\"img-responsive wp-image-41129\" srcset=\"https:\/\/afc.cat\/wp-content\/uploads\/2025\/01\/logos_generalitat_-ajuntament-bcn-200x38.jpg 200w, https:\/\/afc.cat\/wp-content\/uploads\/2025\/01\/logos_generalitat_-ajuntament-bcn-400x75.jpg 400w, https:\/\/afc.cat\/wp-content\/uploads\/2025\/01\/logos_generalitat_-ajuntament-bcn.jpg 420w\" sizes=\"(max-width: 640px) 100vw, 420px\" \/><\/span><\/div><div ><span class=\" fusion-imageframe imageframe-none imageframe-2 hover-type-none\"><img decoding=\"async\" width=\"2264\" height=\"561\" title=\"Logos colaboradors\" src=\"https:\/\/afc.cat\/wp-content\/uploads\/2025\/01\/Logos-colaboradors.jpg\" alt class=\"img-responsive wp-image-40956\" srcset=\"https:\/\/afc.cat\/wp-content\/uploads\/2025\/01\/Logos-colaboradors-200x50.jpg 200w, https:\/\/afc.cat\/wp-content\/uploads\/2025\/01\/Logos-colaboradors-400x99.jpg 400w, https:\/\/afc.cat\/wp-content\/uploads\/2025\/01\/Logos-colaboradors-600x149.jpg 600w, https:\/\/afc.cat\/wp-content\/uploads\/2025\/01\/Logos-colaboradors-800x198.jpg 800w, https:\/\/afc.cat\/wp-content\/uploads\/2025\/01\/Logos-colaboradors-1200x297.jpg 1200w, https:\/\/afc.cat\/wp-content\/uploads\/2025\/01\/Logos-colaboradors.jpg 2264w\" sizes=\"(max-width: 640px) 100vw, 2264px\" \/><\/span><\/div><\/div><style type=\"text\/css\">.fusion-body .fusion-builder-column-0{width:100% !important;margin-top : 0px;margin-bottom : 0px;}.fusion-builder-column-0 > .fusion-column-wrapper {padding-top : 0px !important;padding-right : 0px !important;margin-right : 1.92%;padding-bottom : 0px !important;padding-left : 0px !important;margin-left : 1.92%;}@media only screen and (max-width:1024px) {.fusion-body .fusion-builder-column-0{width:100% !important;}.fusion-builder-column-0 > .fusion-column-wrapper {margin-right : 1.92%;margin-left : 1.92%;}}@media only screen and (max-width:640px) {.fusion-body .fusion-builder-column-0{width:100% !important;}.fusion-builder-column-0 > .fusion-column-wrapper {margin-right : 1.92%;margin-left : 1.92%;}}<\/style><\/div><\/div><style type=\"text\/css\">.fusion-body .fusion-flex-container.fusion-builder-row-1{ padding-top : 0px;margin-top : 0px;padding-right : 0px;padding-bottom : 0px;margin-bottom : 0px;padding-left : 0px;}<\/style><\/div>\n","protected":false},"excerpt":{"rendered":"","protected":false},"template":"","meta":{"_acf_changed":false},"wcs-type":[127,128,693],"wcs-room":[664],"wcs-instructor":[434],"class_list":["post-40051","class","type-class","status-publish","hentry","wcs-type-salidas","wcs-type-salidas-fotograficas","wcs-type-street-es","wcs-room-punt-de-reunio-sha-assenyalat-a-les-9-30-h-a-la-porta-principal-dentrada-al-cementiri","wcs-instructor-diego-pastor"],"acf":[],"yoast_head":"<!-- This site is optimized with the Yoast SEO plugin v27.5 - https:\/\/yoast.com\/product\/yoast-seo-wordpress\/ -->\n<title>Salida fotogr\u00e1fica Grup de Fotografia d&#039;Street \/ 23\/11 - Agrupaci\u00f3 Fotogr\u00e0fica de Catalunya<\/title>\n<meta name=\"robots\" content=\"index, follow, max-snippet:-1, max-image-preview:large, max-video-preview:-1\" \/>\n<link rel=\"canonical\" href=\"https:\/\/afc.cat\/es\/activitat\/salida-fotografica-grup-de-fotografia-dstreet-23-11\/\" \/>\n<meta property=\"og:locale\" content=\"es_ES\" \/>\n<meta property=\"og:type\" content=\"article\" \/>\n<meta property=\"og:title\" content=\"Salida fotogr\u00e1fica Grup de Fotografia d&#039;Street \/ 23\/11 - Agrupaci\u00f3 Fotogr\u00e0fica de Catalunya\" \/>\n<meta property=\"og:url\" content=\"https:\/\/afc.cat\/es\/activitat\/salida-fotografica-grup-de-fotografia-dstreet-23-11\/\" \/>\n<meta property=\"og:site_name\" content=\"Agrupaci\u00f3 Fotogr\u00e0fica de Catalunya\" \/>\n<meta property=\"article:modified_time\" content=\"2025-01-22T23:09:24+00:00\" \/>\n<meta name=\"twitter:card\" content=\"summary_large_image\" \/>\n<meta name=\"twitter:label1\" content=\"Tiempo de lectura\" \/>\n\t<meta name=\"twitter:data1\" content=\"7 minutos\" \/>\n<script type=\"application\/ld+json\" class=\"yoast-schema-graph\">{\"@context\":\"https:\\\/\\\/schema.org\",\"@graph\":[{\"@type\":\"WebPage\",\"@id\":\"https:\\\/\\\/afc.cat\\\/es\\\/activitat\\\/salida-fotografica-grup-de-fotografia-dstreet-23-11\\\/\",\"url\":\"https:\\\/\\\/afc.cat\\\/es\\\/activitat\\\/salida-fotografica-grup-de-fotografia-dstreet-23-11\\\/\",\"name\":\"Salida fotogr\u00e1fica Grup de Fotografia d'Street \\\/ 23\\\/11 - Agrupaci\u00f3 Fotogr\u00e0fica de Catalunya\",\"isPartOf\":{\"@id\":\"https:\\\/\\\/afc.cat\\\/es\\\/#website\"},\"datePublished\":\"2024-11-15T14:32:04+00:00\",\"dateModified\":\"2025-01-22T23:09:24+00:00\",\"breadcrumb\":{\"@id\":\"https:\\\/\\\/afc.cat\\\/es\\\/activitat\\\/salida-fotografica-grup-de-fotografia-dstreet-23-11\\\/#breadcrumb\"},\"inLanguage\":\"es\",\"potentialAction\":[{\"@type\":\"ReadAction\",\"target\":[\"https:\\\/\\\/afc.cat\\\/es\\\/activitat\\\/salida-fotografica-grup-de-fotografia-dstreet-23-11\\\/\"]}]},{\"@type\":\"BreadcrumbList\",\"@id\":\"https:\\\/\\\/afc.cat\\\/es\\\/activitat\\\/salida-fotografica-grup-de-fotografia-dstreet-23-11\\\/#breadcrumb\",\"itemListElement\":[{\"@type\":\"ListItem\",\"position\":1,\"name\":\"Inicio\",\"item\":\"https:\\\/\\\/afc.cat\\\/es\\\/\"},{\"@type\":\"ListItem\",\"position\":2,\"name\":\"Salida fotogr\u00e1fica Grup de Fotografia d&#8217;Street \\\/ 23\\\/11\"}]},{\"@type\":\"WebSite\",\"@id\":\"https:\\\/\\\/afc.cat\\\/es\\\/#website\",\"url\":\"https:\\\/\\\/afc.cat\\\/es\\\/\",\"name\":\"Agrupaci\u00f3 Fotogr\u00e0fica de Catalunya\",\"description\":\"Fomento y divulgaci\u00f3n de la fotograf\u00eda en todas sus variedades\",\"potentialAction\":[{\"@type\":\"SearchAction\",\"target\":{\"@type\":\"EntryPoint\",\"urlTemplate\":\"https:\\\/\\\/afc.cat\\\/es\\\/?s={search_term_string}\"},\"query-input\":{\"@type\":\"PropertyValueSpecification\",\"valueRequired\":true,\"valueName\":\"search_term_string\"}}],\"inLanguage\":\"es\"}]}<\/script>\n<!-- \/ Yoast SEO plugin. -->","yoast_head_json":{"title":"Salida fotogr\u00e1fica Grup de Fotografia d'Street \/ 23\/11 - Agrupaci\u00f3 Fotogr\u00e0fica de Catalunya","robots":{"index":"index","follow":"follow","max-snippet":"max-snippet:-1","max-image-preview":"max-image-preview:large","max-video-preview":"max-video-preview:-1"},"canonical":"https:\/\/afc.cat\/es\/activitat\/salida-fotografica-grup-de-fotografia-dstreet-23-11\/","og_locale":"es_ES","og_type":"article","og_title":"Salida fotogr\u00e1fica Grup de Fotografia d'Street \/ 23\/11 - Agrupaci\u00f3 Fotogr\u00e0fica de Catalunya","og_url":"https:\/\/afc.cat\/es\/activitat\/salida-fotografica-grup-de-fotografia-dstreet-23-11\/","og_site_name":"Agrupaci\u00f3 Fotogr\u00e0fica de Catalunya","article_modified_time":"2025-01-22T23:09:24+00:00","twitter_card":"summary_large_image","twitter_misc":{"Tiempo de lectura":"7 minutos"},"schema":{"@context":"https:\/\/schema.org","@graph":[{"@type":"WebPage","@id":"https:\/\/afc.cat\/es\/activitat\/salida-fotografica-grup-de-fotografia-dstreet-23-11\/","url":"https:\/\/afc.cat\/es\/activitat\/salida-fotografica-grup-de-fotografia-dstreet-23-11\/","name":"Salida fotogr\u00e1fica Grup de Fotografia d'Street \/ 23\/11 - Agrupaci\u00f3 Fotogr\u00e0fica de Catalunya","isPartOf":{"@id":"https:\/\/afc.cat\/es\/#website"},"datePublished":"2024-11-15T14:32:04+00:00","dateModified":"2025-01-22T23:09:24+00:00","breadcrumb":{"@id":"https:\/\/afc.cat\/es\/activitat\/salida-fotografica-grup-de-fotografia-dstreet-23-11\/#breadcrumb"},"inLanguage":"es","potentialAction":[{"@type":"ReadAction","target":["https:\/\/afc.cat\/es\/activitat\/salida-fotografica-grup-de-fotografia-dstreet-23-11\/"]}]},{"@type":"BreadcrumbList","@id":"https:\/\/afc.cat\/es\/activitat\/salida-fotografica-grup-de-fotografia-dstreet-23-11\/#breadcrumb","itemListElement":[{"@type":"ListItem","position":1,"name":"Inicio","item":"https:\/\/afc.cat\/es\/"},{"@type":"ListItem","position":2,"name":"Salida fotogr\u00e1fica Grup de Fotografia d&#8217;Street \/ 23\/11"}]},{"@type":"WebSite","@id":"https:\/\/afc.cat\/es\/#website","url":"https:\/\/afc.cat\/es\/","name":"Agrupaci\u00f3 Fotogr\u00e0fica de Catalunya","description":"Fomento y divulgaci\u00f3n de la fotograf\u00eda en todas sus variedades","potentialAction":[{"@type":"SearchAction","target":{"@type":"EntryPoint","urlTemplate":"https:\/\/afc.cat\/es\/?s={search_term_string}"},"query-input":{"@type":"PropertyValueSpecification","valueRequired":true,"valueName":"search_term_string"}}],"inLanguage":"es"}]}},"_links":{"self":[{"href":"https:\/\/afc.cat\/es\/wp-json\/wp\/v2\/class\/40051","targetHints":{"allow":["GET"]}}],"collection":[{"href":"https:\/\/afc.cat\/es\/wp-json\/wp\/v2\/class"}],"about":[{"href":"https:\/\/afc.cat\/es\/wp-json\/wp\/v2\/types\/class"}],"wp:attachment":[{"href":"https:\/\/afc.cat\/es\/wp-json\/wp\/v2\/media?parent=40051"}],"wp:term":[{"taxonomy":"wcs-type","embeddable":true,"href":"https:\/\/afc.cat\/es\/wp-json\/wp\/v2\/wcs-type?post=40051"},{"taxonomy":"wcs-room","embeddable":true,"href":"https:\/\/afc.cat\/es\/wp-json\/wp\/v2\/wcs-room?post=40051"},{"taxonomy":"wcs-instructor","embeddable":true,"href":"https:\/\/afc.cat\/es\/wp-json\/wp\/v2\/wcs-instructor?post=40051"}],"curies":[{"name":"wp","href":"https:\/\/api.w.org\/{rel}","templated":true}]}}

Salida fotográfica Grup de Fotografia d&#8217;Street / 23/11

<div class="fusion-fullwidth fullwidth-box fusion-builder-row-1 fusion-flex-container nonhundred-percent-fullwidth non-hundred-percent-height-scrolling" style="background-color: rgba(255,255,255,0);background-position: center center;background-repeat: no-repeat;border-width: 0px 15px 0px 0px;border-color:#ffffff;border-style:solid;" ><div class="fusion-builder-row fusion-row fusion-flex-align-items-flex-start" style="max-width:1300px;margin-left: calc(-4% / 2 );margin-right: calc(-4% / 2 );"><div class="fusion-layout-column fusion_builder_column fusion-builder-column-0 fusion_builder_column_1_1 1_1 fusion-flex-column"><div class="fusion-column-wrapper fusion-flex-justify-content-flex-start fusion-content-layout-column" style="background-position:left top;background-repeat:no-repeat;-webkit-background-size:cover;-moz-background-size:cover;-o-background-size:cover;background-size:cover;padding: 0px 0px 0px 0px;"><div class="fusion-text fusion-text-1"><h2>CEMENTERIO DE POBLENOU</h2>
<p>En la comisión de fecha 10 de octubre pasado, cuyo resumen publiqué el día 14 del mismo mes, se acordó que la salida de este mes sería el <strong>SÁBADO, DÍA 23 DE NOVIEMBRE DE 2.024, AL CEMENTERIO DE POBLENOU.</strong></p>
<p>El<strong> punto de reunión se ha señalado a las 9:30 h. en la puerta principal de entrada al cementerio.</strong></p>
<p>Poco hay que decir en esta ocasión del recorrido a hacer. Las calles del cementerio, sus sepulturas, panteones, esculturas, lápidas, atmósfera y sensaciones serán el sujeto de nuestras fotos. Cada cual tendrá sus percepciones y sensaciones que capturar. Todos hemos oído hablar del cementerio del Poblenou, que también se conoce como Cementerio General de Barcelona, Cementerio del Este, Cementerio de Levante o Cementerio Viejo. Y quién no ha oído hablar de la escultura conocida con el nombre de El Beso de la Muerte. Otro punto de interés es el monumento central, dedicado a los muertos por la epidemia de fiebre amarilla del año 1821. Y la tumba de El Santet, joven del barrio de Poblenou que siempre estaba dispuesto a ayudar a los demás y que murió en el año 1899 cuando solo contaba con 22 años. Más de un siglo después su tumba sigue siendo venerada y siempre se encuentra acompañada de flores y plantas, incluso se habla de peregrinajes desde lugares inimaginables, aunque esto ya forma parte de la rumorología. Es un cementerio muy rico en historias y leyendas, a la vez que muy apreciado arquitectónicamente y, sobre todo, por su riqueza ornamental en esta clase de espacios y atmósferas. Se organizan visitas guiadas y, lo que llama más la atención, son las que se hacen por la noche a la luz de velas. Ha de haber gustos para todo en esta vida. Si queréis saber más de El Santet podéis acudir al artículo que colgué en el chat de street photo hace un mes aproximadamente, o simplemente buscar por google.</p>
<p>Ignoro cuánto emplearemos en la salida, pero, si acabamos pronto, siempre podemos recorrer los alrededores del cementerio y hacer la cerveza para despedirnos. Esa parte de Poblenou tiene rincones interesantes.</p>
<p>Para el tipo de salida no es necesario material especial.</p>
<p>Si alguien quiere proponer poner en práctica alguna técnica fotográfica, o tiene otra idea a respecto, lo podemos tratar justo el día anterior, en la reunión del viernes 22.</p>
<p>Hasta pronto.</p>
</div><div ><span class=" fusion-imageframe imageframe-none imageframe-1 hover-type-none"><img decoding="async" width="420" height="79" title="cultura" src="https://afc.cat/wp-content/uploads/2025/01/logos_generalitat_-ajuntament-bcn.jpg" alt class="img-responsive wp-image-41129" srcset="https://afc.cat/wp-content/uploads/2025/01/logos_generalitat_-ajuntament-bcn-200x38.jpg 200w, https://afc.cat/wp-content/uploads/2025/01/logos_generalitat_-ajuntament-bcn-400x75.jpg 400w, https://afc.cat/wp-content/uploads/2025/01/logos_generalitat_-ajuntament-bcn.jpg 420w" sizes="(max-width: 640px) 100vw, 420px" /></span></div><div ><span class=" fusion-imageframe imageframe-none imageframe-2 hover-type-none"><img decoding="async" width="2264" height="561" title="Logos colaboradors" src="https://afc.cat/wp-content/uploads/2025/01/Logos-colaboradors.jpg" alt class="img-responsive wp-image-40956" srcset="https://afc.cat/wp-content/uploads/2025/01/Logos-colaboradors-200x50.jpg 200w, https://afc.cat/wp-content/uploads/2025/01/Logos-colaboradors-400x99.jpg 400w, https://afc.cat/wp-content/uploads/2025/01/Logos-colaboradors-600x149.jpg 600w, https://afc.cat/wp-content/uploads/2025/01/Logos-colaboradors-800x198.jpg 800w, https://afc.cat/wp-content/uploads/2025/01/Logos-colaboradors-1200x297.jpg 1200w, https://afc.cat/wp-content/uploads/2025/01/Logos-colaboradors.jpg 2264w" sizes="(max-width: 640px) 100vw, 2264px" /></span></div></div><style type="text/css">.fusion-body .fusion-builder-column-0{width:100% !important;margin-top : 0px;margin-bottom : 0px;}.fusion-builder-column-0 > .fusion-column-wrapper {padding-top : 0px !important;padding-right : 0px !important;margin-right : 1.92%;padding-bottom : 0px !important;padding-left : 0px !important;margin-left : 1.92%;}@media only screen and (max-width:1024px) {.fusion-body .fusion-builder-column-0{width:100% !important;}.fusion-builder-column-0 > .fusion-column-wrapper {margin-right : 1.92%;margin-left : 1.92%;}}@media only screen and (max-width:640px) {.fusion-body .fusion-builder-column-0{width:100% !important;}.fusion-builder-column-0 > .fusion-column-wrapper {margin-right : 1.92%;margin-left : 1.92%;}}</style></div></div><style type="text/css">.fusion-body .fusion-flex-container.fusion-builder-row-1{ padding-top : 0px;margin-top : 0px;padding-right : 0px;padding-bottom : 0px;margin-bottom : 0px;padding-left : 0px;}</style></div>

<!-- This site is optimized with the Yoast SEO plugin v27.5 - https://yoast.com/product/yoast-seo-wordpress/ -->
<title>Salida fotográfica Grup de Fotografia d&#039;Street / 23/11 - Agrupació Fotogràfica de Catalunya</title>
<meta name="robots" content="index, follow, max-snippet:-1, max-image-preview:large, max-video-preview:-1" />
<link rel="canonical" href="https://afc.cat/es/activitat/salida-fotografica-grup-de-fotografia-dstreet-23-11/" />
<meta property="og:locale" content="es_ES" />
<meta property="og:type" content="article" />
<meta property="og:title" content="Salida fotográfica Grup de Fotografia d&#039;Street / 23/11 - Agrupació Fotogràfica de Catalunya" />
<meta property="og:url" content="https://afc.cat/es/activitat/salida-fotografica-grup-de-fotografia-dstreet-23-11/" />
<meta property="og:site_name" content="Agrupació Fotogràfica de Catalunya" />
<meta property="article:modified_time" content="2025-01-22T23:09:24+00:00" />
<meta name="twitter:card" content="summary_large_image" />
<meta name="twitter:label1" content="Tiempo de lectura" />
	<meta name="twitter:data1" content="7 minutos" />
<script type="application/ld+json" class="yoast-schema-graph">{"@context":"https:\/\/schema.org","@graph":[{"@type":"WebPage","@id":"https:\/\/afc.cat\/es\/activitat\/salida-fotografica-grup-de-fotografia-dstreet-23-11\/","url":"https:\/\/afc.cat\/es\/activitat\/salida-fotografica-grup-de-fotografia-dstreet-23-11\/","name":"Salida fotográfica Grup de Fotografia d'Street \/ 23\/11 - Agrupació Fotogràfica de Catalunya","isPartOf":{"@id":"https:\/\/afc.cat\/es\/#website"},"datePublished":"2024-11-15T14:32:04+00:00","dateModified":"2025-01-22T23:09:24+00:00","breadcrumb":{"@id":"https:\/\/afc.cat\/es\/activitat\/salida-fotografica-grup-de-fotografia-dstreet-23-11\/#breadcrumb"},"inLanguage":"es","potentialAction":[{"@type":"ReadAction","target":["https:\/\/afc.cat\/es\/activitat\/salida-fotografica-grup-de-fotografia-dstreet-23-11\/"]}]},{"@type":"BreadcrumbList","@id":"https:\/\/afc.cat\/es\/activitat\/salida-fotografica-grup-de-fotografia-dstreet-23-11\/#breadcrumb","itemListElement":[{"@type":"ListItem","position":1,"name":"Inicio","item":"https:\/\/afc.cat\/es\/"},{"@type":"ListItem","position":2,"name":"Salida fotográfica Grup de Fotografia d&#8217;Street \/ 23\/11"}]},{"@type":"WebSite","@id":"https:\/\/afc.cat\/es\/#website","url":"https:\/\/afc.cat\/es\/","name":"Agrupació Fotogràfica de Catalunya","description":"Fomento y divulgación de la fotografía en todas sus variedades","potentialAction":[{"@type":"SearchAction","target":{"@type":"EntryPoint","urlTemplate":"https:\/\/afc.cat\/es\/?s={search_term_string}"},"query-input":{"@type":"PropertyValueSpecification","valueRequired":true,"valueName":"search_term_string"}}],"inLanguage":"es"}]}</script>
<!-- / Yoast SEO plugin. -->

Salida fotográfica Grup de Fotografia d'Street / 23/11 - Agrupació Fotogràfica de Catalunya

Agrupació Fotogràfica de Catalunya

Fomento y divulgación de la fotografía en todas sus variedades
