{"id":42012,"date":"2025-03-07T17:05:09","date_gmt":"2025-03-07T15:05:09","guid":{"rendered":"https:\/\/afc.cat\/activitat\/exposicio-temporal-els-tres-xemeneies-ramon-riera\/"},"modified":"2025-03-07T18:48:30","modified_gmt":"2025-03-07T16:48:30","slug":"exposicion-temporal-els-tres-xemeneies-ramon-riera","status":"publish","type":"class","link":"https:\/\/afc.cat\/es\/activitat\/exposicion-temporal-els-tres-xemeneies-ramon-riera\/","title":{"rendered":"Exposici\u00f3n temporal \u00abEls tres xemeneies\u00bb \/ Ram\u00f3n Riera"},"content":{"rendered":"<div class=\"fusion-fullwidth fullwidth-box fusion-builder-row-1 fusion-flex-container nonhundred-percent-fullwidth non-hundred-percent-height-scrolling\" style=\"background-color: rgba(255,255,255,0);background-position: center center;background-repeat: no-repeat;border-width: 0px 15px 0px 0px;border-color:#ffffff;border-style:solid;\" ><div class=\"fusion-builder-row fusion-row fusion-flex-align-items-flex-start\" style=\"max-width:1300px;margin-left: calc(-4% \/ 2 );margin-right: calc(-4% \/ 2 );\"><div class=\"fusion-layout-column fusion_builder_column fusion-builder-column-0 fusion_builder_column_1_1 1_1 fusion-flex-column\"><div class=\"fusion-column-wrapper fusion-flex-justify-content-flex-start fusion-content-layout-column\" style=\"background-position:left top;background-repeat:no-repeat;-webkit-background-size:cover;-moz-background-size:cover;-o-background-size:cover;background-size:cover;padding: 0px 0px 0px 0px;\"><div class=\"fusion-text fusion-text-1\"><h2>\u00abELS TRES XEMENEIES. CONVIURE: ART I GENT\u00bb<\/h2>\n<p>Desde que vivo en Barcelona, me ha gustado pasear por sus calles, cosa que realizo repetidamente, procurando siempre llevar conmigo la c\u00e1mara de fotos.<\/p>\n<p>En estas paseos, descubr\u00ed el espacio de los jardines de las <strong>Tres Xemeneies, al final del Paralelo.<\/strong> Es un espacio abierto y concurrido por gente muy diversa: skaters, padres e hijos jugando en el parque, gente paseando o tomando el sol, graffiters y muralistas,&#8230; Es un espacio en el que me he encontrado a gusto y que he frecuentado a menudo porque me motivaba el fotografiar todo aquello que pod\u00eda observar all\u00ed.<\/p>\n<p>Era agradable ver como, en aquel espacio abierto, ten\u00eda cabida todo el mundo, cada cual con sus peculiaridades, aficiones y formas de hacer. Era un <strong>espacio<\/strong> <strong>diverso<\/strong>, donde se respiraba un ambiente de buena convivencia.<\/p>\n<p>Hasta que se ha llevado a cabo, desde mi punto de vista, la desafortunada remodelaci\u00f3n de los jardines por parte del actual Ayuntamiento, los muralistas ten\u00edan\u00a0 <strong>pared donde plasmar su arte<\/strong> y mostrarse abierta y tranquilamente en su manera de ser y ver la vida. Lamentablemente, el Ayuntamiento actual no lo debe de ver as\u00ed y ha aruinado gran parte de estas cerraduras de pared, disminuyendo mucho esta <strong>\u00e1rea de expresi\u00f3n art\u00edstica.<\/strong><\/p>\n<p>Tambi\u00e9n y\u00a0 sin ser evidente el motivo, esta remodelaci\u00f3n ha dado a un cambio del uso que la gente hace del espacio y, por lo tanto, tambi\u00e9n es diferente la gente que acude. Esto no quiere decir que no persisten los muralistas y skaters de antes, a pesar de que han visto disminuida el \u00e1rea de la que disfrutaban.<\/p>\n<p>Es, pues, el objetivo de esta exposici\u00f3n, <strong>poner de manifiesto el ambiente vivido durante a\u00f1os en este espacio<\/strong> y, sobre todo, de manera especial puso el \u00e9nfasis en estos artistas que nos dejaban la muestra de su arte en estas cerraduras de pared. Son un colectivo que vive entre nosotros y que tambi\u00e9n se merece un reconocimiento y aceptaci\u00f3n en su forma de expresarse.<\/p>\n<p>Quiero agradecer la colaboraci\u00f3n de la gente (de todo tipo de gente) que las repetidas veces que he ido he encontrado y que me han permitido hacer las fotograf\u00edas que hoy presento.<\/p>\n<p>Siempre se han mostrado muy amables y cordiales, no solo al aceptar mi presencia y las fotograf\u00edas que hac\u00eda, sino en su trato personal y las conversaciones que he podido mantener con todos ellos, desde la gente del barrio hasta los graffiters, muralistas y skaters que ahora podr\u00e9is ver.<\/p>\n<p><strong>CALENDARIO Y HORARIO<\/strong><\/p>\n<p>Inauguraci\u00f3n: martes 18 de marzo a las 19:00 h<\/p>\n<p>Del 18 de marzo al 8 de abril de 2025<\/p>\n<p><strong>Espai del Soci<\/strong><\/p>\n<p>Entrada libre y gratuita<\/p>\n<\/div><div ><style>.fusion-imageframe.imageframe-2{ margin-top : 30px;}<\/style><span class=\" fusion-imageframe imageframe-none imageframe-2 hover-type-none\"><img decoding=\"async\" width=\"420\" height=\"79\" title=\"cultura\" src=\"https:\/\/afc.cat\/wp-content\/uploads\/2025\/01\/logos_generalitat_-ajuntament-bcn.jpg\" alt class=\"img-responsive wp-image-41129\" srcset=\"https:\/\/afc.cat\/wp-content\/uploads\/2025\/01\/logos_generalitat_-ajuntament-bcn-200x38.jpg 200w, https:\/\/afc.cat\/wp-content\/uploads\/2025\/01\/logos_generalitat_-ajuntament-bcn-400x75.jpg 400w, https:\/\/afc.cat\/wp-content\/uploads\/2025\/01\/logos_generalitat_-ajuntament-bcn.jpg 420w\" sizes=\"(max-width: 640px) 100vw, 420px\" \/><\/span><\/div><div ><span class=\" fusion-imageframe imageframe-none imageframe-3 hover-type-none\"><img decoding=\"async\" width=\"2264\" height=\"561\" title=\"Logos colaboradors\" src=\"https:\/\/afc.cat\/wp-content\/uploads\/2025\/01\/Logos-colaboradors.jpg\" alt class=\"img-responsive wp-image-40956\" srcset=\"https:\/\/afc.cat\/wp-content\/uploads\/2025\/01\/Logos-colaboradors-200x50.jpg 200w, https:\/\/afc.cat\/wp-content\/uploads\/2025\/01\/Logos-colaboradors-400x99.jpg 400w, https:\/\/afc.cat\/wp-content\/uploads\/2025\/01\/Logos-colaboradors-600x149.jpg 600w, https:\/\/afc.cat\/wp-content\/uploads\/2025\/01\/Logos-colaboradors-800x198.jpg 800w, https:\/\/afc.cat\/wp-content\/uploads\/2025\/01\/Logos-colaboradors-1200x297.jpg 1200w, https:\/\/afc.cat\/wp-content\/uploads\/2025\/01\/Logos-colaboradors.jpg 2264w\" sizes=\"(max-width: 640px) 100vw, 2264px\" \/><\/span><\/div><\/div><style type=\"text\/css\">.fusion-body .fusion-builder-column-0{width:100% !important;margin-top : 0px;margin-bottom : 0px;}.fusion-builder-column-0 > .fusion-column-wrapper {padding-top : 0px !important;padding-right : 0px !important;margin-right : 1.92%;padding-bottom : 0px !important;padding-left : 0px !important;margin-left : 1.92%;}@media only screen and (max-width:1024px) {.fusion-body .fusion-builder-column-0{width:100% !important;}.fusion-builder-column-0 > .fusion-column-wrapper {margin-right : 1.92%;margin-left : 1.92%;}}@media only screen and (max-width:640px) {.fusion-body .fusion-builder-column-0{width:100% !important;}.fusion-builder-column-0 > .fusion-column-wrapper {margin-right : 1.92%;margin-left : 1.92%;}}<\/style><\/div><\/div><style type=\"text\/css\">.fusion-body .fusion-flex-container.fusion-builder-row-1{ padding-top : 0px;margin-top : 0px;padding-right : 0px;padding-bottom : 0px;margin-bottom : 0px;padding-left : 0px;}<\/style><\/div>\n","protected":false},"excerpt":{"rendered":"","protected":false},"template":"","meta":{"_acf_changed":false},"wcs-type":[111,112],"wcs-room":[725],"wcs-instructor":[644],"class_list":["post-42012","class","type-class","status-publish","hentry","wcs-type-exposiciones","wcs-type-exposiciones-afc","wcs-room-espai-del-soci","wcs-instructor-vocalia-exposicions"],"acf":[],"yoast_head":"<!-- This site is optimized with the Yoast SEO plugin v27.5 - https:\/\/yoast.com\/product\/yoast-seo-wordpress\/ -->\n<title>Exposici\u00f3n temporal &quot;Els tres xemeneies&quot; \/ Ram\u00f3n Riera - Agrupaci\u00f3 Fotogr\u00e0fica de Catalunya<\/title>\n<meta name=\"robots\" content=\"index, follow, max-snippet:-1, max-image-preview:large, max-video-preview:-1\" \/>\n<link rel=\"canonical\" href=\"https:\/\/afc.cat\/es\/activitat\/exposicion-temporal-els-tres-xemeneies-ramon-riera\/\" \/>\n<meta property=\"og:locale\" content=\"es_ES\" \/>\n<meta property=\"og:type\" content=\"article\" \/>\n<meta property=\"og:title\" content=\"Exposici\u00f3n temporal &quot;Els tres xemeneies&quot; \/ Ram\u00f3n Riera - Agrupaci\u00f3 Fotogr\u00e0fica de Catalunya\" \/>\n<meta property=\"og:url\" content=\"https:\/\/afc.cat\/es\/activitat\/exposicion-temporal-els-tres-xemeneies-ramon-riera\/\" \/>\n<meta property=\"og:site_name\" content=\"Agrupaci\u00f3 Fotogr\u00e0fica de Catalunya\" \/>\n<meta property=\"article:modified_time\" content=\"2025-03-07T16:48:30+00:00\" \/>\n<meta name=\"twitter:card\" content=\"summary_large_image\" \/>\n<meta name=\"twitter:label1\" content=\"Tiempo de lectura\" \/>\n\t<meta name=\"twitter:data1\" content=\"7 minutos\" \/>\n<script type=\"application\/ld+json\" class=\"yoast-schema-graph\">{\"@context\":\"https:\\\/\\\/schema.org\",\"@graph\":[{\"@type\":\"WebPage\",\"@id\":\"https:\\\/\\\/afc.cat\\\/es\\\/activitat\\\/exposicion-temporal-els-tres-xemeneies-ramon-riera\\\/\",\"url\":\"https:\\\/\\\/afc.cat\\\/es\\\/activitat\\\/exposicion-temporal-els-tres-xemeneies-ramon-riera\\\/\",\"name\":\"Exposici\u00f3n temporal \\\"Els tres xemeneies\\\" \\\/ Ram\u00f3n Riera - Agrupaci\u00f3 Fotogr\u00e0fica de Catalunya\",\"isPartOf\":{\"@id\":\"https:\\\/\\\/afc.cat\\\/es\\\/#website\"},\"datePublished\":\"2025-03-07T15:05:09+00:00\",\"dateModified\":\"2025-03-07T16:48:30+00:00\",\"breadcrumb\":{\"@id\":\"https:\\\/\\\/afc.cat\\\/es\\\/activitat\\\/exposicion-temporal-els-tres-xemeneies-ramon-riera\\\/#breadcrumb\"},\"inLanguage\":\"es\",\"potentialAction\":[{\"@type\":\"ReadAction\",\"target\":[\"https:\\\/\\\/afc.cat\\\/es\\\/activitat\\\/exposicion-temporal-els-tres-xemeneies-ramon-riera\\\/\"]}]},{\"@type\":\"BreadcrumbList\",\"@id\":\"https:\\\/\\\/afc.cat\\\/es\\\/activitat\\\/exposicion-temporal-els-tres-xemeneies-ramon-riera\\\/#breadcrumb\",\"itemListElement\":[{\"@type\":\"ListItem\",\"position\":1,\"name\":\"Inicio\",\"item\":\"https:\\\/\\\/afc.cat\\\/es\\\/\"},{\"@type\":\"ListItem\",\"position\":2,\"name\":\"Exposici\u00f3n temporal &#8220;Els tres xemeneies&#8221; \\\/ Ram\u00f3n Riera\"}]},{\"@type\":\"WebSite\",\"@id\":\"https:\\\/\\\/afc.cat\\\/es\\\/#website\",\"url\":\"https:\\\/\\\/afc.cat\\\/es\\\/\",\"name\":\"Agrupaci\u00f3 Fotogr\u00e0fica de Catalunya\",\"description\":\"Fomento y divulgaci\u00f3n de la fotograf\u00eda en todas sus variedades\",\"potentialAction\":[{\"@type\":\"SearchAction\",\"target\":{\"@type\":\"EntryPoint\",\"urlTemplate\":\"https:\\\/\\\/afc.cat\\\/es\\\/?s={search_term_string}\"},\"query-input\":{\"@type\":\"PropertyValueSpecification\",\"valueRequired\":true,\"valueName\":\"search_term_string\"}}],\"inLanguage\":\"es\"}]}<\/script>\n<!-- \/ Yoast SEO plugin. -->","yoast_head_json":{"title":"Exposici\u00f3n temporal \"Els tres xemeneies\" \/ Ram\u00f3n Riera - Agrupaci\u00f3 Fotogr\u00e0fica de Catalunya","robots":{"index":"index","follow":"follow","max-snippet":"max-snippet:-1","max-image-preview":"max-image-preview:large","max-video-preview":"max-video-preview:-1"},"canonical":"https:\/\/afc.cat\/es\/activitat\/exposicion-temporal-els-tres-xemeneies-ramon-riera\/","og_locale":"es_ES","og_type":"article","og_title":"Exposici\u00f3n temporal \"Els tres xemeneies\" \/ Ram\u00f3n Riera - Agrupaci\u00f3 Fotogr\u00e0fica de Catalunya","og_url":"https:\/\/afc.cat\/es\/activitat\/exposicion-temporal-els-tres-xemeneies-ramon-riera\/","og_site_name":"Agrupaci\u00f3 Fotogr\u00e0fica de Catalunya","article_modified_time":"2025-03-07T16:48:30+00:00","twitter_card":"summary_large_image","twitter_misc":{"Tiempo de lectura":"7 minutos"},"schema":{"@context":"https:\/\/schema.org","@graph":[{"@type":"WebPage","@id":"https:\/\/afc.cat\/es\/activitat\/exposicion-temporal-els-tres-xemeneies-ramon-riera\/","url":"https:\/\/afc.cat\/es\/activitat\/exposicion-temporal-els-tres-xemeneies-ramon-riera\/","name":"Exposici\u00f3n temporal \"Els tres xemeneies\" \/ Ram\u00f3n Riera - Agrupaci\u00f3 Fotogr\u00e0fica de Catalunya","isPartOf":{"@id":"https:\/\/afc.cat\/es\/#website"},"datePublished":"2025-03-07T15:05:09+00:00","dateModified":"2025-03-07T16:48:30+00:00","breadcrumb":{"@id":"https:\/\/afc.cat\/es\/activitat\/exposicion-temporal-els-tres-xemeneies-ramon-riera\/#breadcrumb"},"inLanguage":"es","potentialAction":[{"@type":"ReadAction","target":["https:\/\/afc.cat\/es\/activitat\/exposicion-temporal-els-tres-xemeneies-ramon-riera\/"]}]},{"@type":"BreadcrumbList","@id":"https:\/\/afc.cat\/es\/activitat\/exposicion-temporal-els-tres-xemeneies-ramon-riera\/#breadcrumb","itemListElement":[{"@type":"ListItem","position":1,"name":"Inicio","item":"https:\/\/afc.cat\/es\/"},{"@type":"ListItem","position":2,"name":"Exposici\u00f3n temporal &#8220;Els tres xemeneies&#8221; \/ Ram\u00f3n Riera"}]},{"@type":"WebSite","@id":"https:\/\/afc.cat\/es\/#website","url":"https:\/\/afc.cat\/es\/","name":"Agrupaci\u00f3 Fotogr\u00e0fica de Catalunya","description":"Fomento y divulgaci\u00f3n de la fotograf\u00eda en todas sus variedades","potentialAction":[{"@type":"SearchAction","target":{"@type":"EntryPoint","urlTemplate":"https:\/\/afc.cat\/es\/?s={search_term_string}"},"query-input":{"@type":"PropertyValueSpecification","valueRequired":true,"valueName":"search_term_string"}}],"inLanguage":"es"}]}},"_links":{"self":[{"href":"https:\/\/afc.cat\/es\/wp-json\/wp\/v2\/class\/42012","targetHints":{"allow":["GET"]}}],"collection":[{"href":"https:\/\/afc.cat\/es\/wp-json\/wp\/v2\/class"}],"about":[{"href":"https:\/\/afc.cat\/es\/wp-json\/wp\/v2\/types\/class"}],"wp:attachment":[{"href":"https:\/\/afc.cat\/es\/wp-json\/wp\/v2\/media?parent=42012"}],"wp:term":[{"taxonomy":"wcs-type","embeddable":true,"href":"https:\/\/afc.cat\/es\/wp-json\/wp\/v2\/wcs-type?post=42012"},{"taxonomy":"wcs-room","embeddable":true,"href":"https:\/\/afc.cat\/es\/wp-json\/wp\/v2\/wcs-room?post=42012"},{"taxonomy":"wcs-instructor","embeddable":true,"href":"https:\/\/afc.cat\/es\/wp-json\/wp\/v2\/wcs-instructor?post=42012"}],"curies":[{"name":"wp","href":"https:\/\/api.w.org\/{rel}","templated":true}]}}

Exposición temporal «Els tres xemeneies» / Ramón Riera

<div class="fusion-fullwidth fullwidth-box fusion-builder-row-1 fusion-flex-container nonhundred-percent-fullwidth non-hundred-percent-height-scrolling" style="background-color: rgba(255,255,255,0);background-position: center center;background-repeat: no-repeat;border-width: 0px 15px 0px 0px;border-color:#ffffff;border-style:solid;" ><div class="fusion-builder-row fusion-row fusion-flex-align-items-flex-start" style="max-width:1300px;margin-left: calc(-4% / 2 );margin-right: calc(-4% / 2 );"><div class="fusion-layout-column fusion_builder_column fusion-builder-column-0 fusion_builder_column_1_1 1_1 fusion-flex-column"><div class="fusion-column-wrapper fusion-flex-justify-content-flex-start fusion-content-layout-column" style="background-position:left top;background-repeat:no-repeat;-webkit-background-size:cover;-moz-background-size:cover;-o-background-size:cover;background-size:cover;padding: 0px 0px 0px 0px;"><div class="fusion-text fusion-text-1"><h2>«ELS TRES XEMENEIES. CONVIURE: ART I GENT»</h2>
<p>Desde que vivo en Barcelona, me ha gustado pasear por sus calles, cosa que realizo repetidamente, procurando siempre llevar conmigo la cámara de fotos.</p>
<p>En estas paseos, descubrí el espacio de los jardines de las <strong>Tres Xemeneies, al final del Paralelo.</strong> Es un espacio abierto y concurrido por gente muy diversa: skaters, padres e hijos jugando en el parque, gente paseando o tomando el sol, graffiters y muralistas,&#8230; Es un espacio en el que me he encontrado a gusto y que he frecuentado a menudo porque me motivaba el fotografiar todo aquello que podía observar allí.</p>
<p>Era agradable ver como, en aquel espacio abierto, tenía cabida todo el mundo, cada cual con sus peculiaridades, aficiones y formas de hacer. Era un <strong>espacio</strong> <strong>diverso</strong>, donde se respiraba un ambiente de buena convivencia.</p>
<p>Hasta que se ha llevado a cabo, desde mi punto de vista, la desafortunada remodelación de los jardines por parte del actual Ayuntamiento, los muralistas tenían  <strong>pared donde plasmar su arte</strong> y mostrarse abierta y tranquilamente en su manera de ser y ver la vida. Lamentablemente, el Ayuntamiento actual no lo debe de ver así y ha aruinado gran parte de estas cerraduras de pared, disminuyendo mucho esta <strong>área de expresión artística.</strong></p>
<p>También y  sin ser evidente el motivo, esta remodelación ha dado a un cambio del uso que la gente hace del espacio y, por lo tanto, también es diferente la gente que acude. Esto no quiere decir que no persisten los muralistas y skaters de antes, a pesar de que han visto disminuida el área de la que disfrutaban.</p>
<p>Es, pues, el objetivo de esta exposición, <strong>poner de manifiesto el ambiente vivido durante años en este espacio</strong> y, sobre todo, de manera especial puso el énfasis en estos artistas que nos dejaban la muestra de su arte en estas cerraduras de pared. Son un colectivo que vive entre nosotros y que también se merece un reconocimiento y aceptación en su forma de expresarse.</p>
<p>Quiero agradecer la colaboración de la gente (de todo tipo de gente) que las repetidas veces que he ido he encontrado y que me han permitido hacer las fotografías que hoy presento.</p>
<p>Siempre se han mostrado muy amables y cordiales, no solo al aceptar mi presencia y las fotografías que hacía, sino en su trato personal y las conversaciones que he podido mantener con todos ellos, desde la gente del barrio hasta los graffiters, muralistas y skaters que ahora podréis ver.</p>
<p><strong>CALENDARIO Y HORARIO</strong></p>
<p>Inauguración: martes 18 de marzo a las 19:00 h</p>
<p>Del 18 de marzo al 8 de abril de 2025</p>
<p><strong>Espai del Soci</strong></p>
<p>Entrada libre y gratuita</p>
</div><div ><style>.fusion-imageframe.imageframe-2{ margin-top : 30px;}</style><span class=" fusion-imageframe imageframe-none imageframe-2 hover-type-none"><img decoding="async" width="420" height="79" title="cultura" src="https://afc.cat/wp-content/uploads/2025/01/logos_generalitat_-ajuntament-bcn.jpg" alt class="img-responsive wp-image-41129" srcset="https://afc.cat/wp-content/uploads/2025/01/logos_generalitat_-ajuntament-bcn-200x38.jpg 200w, https://afc.cat/wp-content/uploads/2025/01/logos_generalitat_-ajuntament-bcn-400x75.jpg 400w, https://afc.cat/wp-content/uploads/2025/01/logos_generalitat_-ajuntament-bcn.jpg 420w" sizes="(max-width: 640px) 100vw, 420px" /></span></div><div ><span class=" fusion-imageframe imageframe-none imageframe-3 hover-type-none"><img decoding="async" width="2264" height="561" title="Logos colaboradors" src="https://afc.cat/wp-content/uploads/2025/01/Logos-colaboradors.jpg" alt class="img-responsive wp-image-40956" srcset="https://afc.cat/wp-content/uploads/2025/01/Logos-colaboradors-200x50.jpg 200w, https://afc.cat/wp-content/uploads/2025/01/Logos-colaboradors-400x99.jpg 400w, https://afc.cat/wp-content/uploads/2025/01/Logos-colaboradors-600x149.jpg 600w, https://afc.cat/wp-content/uploads/2025/01/Logos-colaboradors-800x198.jpg 800w, https://afc.cat/wp-content/uploads/2025/01/Logos-colaboradors-1200x297.jpg 1200w, https://afc.cat/wp-content/uploads/2025/01/Logos-colaboradors.jpg 2264w" sizes="(max-width: 640px) 100vw, 2264px" /></span></div></div><style type="text/css">.fusion-body .fusion-builder-column-0{width:100% !important;margin-top : 0px;margin-bottom : 0px;}.fusion-builder-column-0 > .fusion-column-wrapper {padding-top : 0px !important;padding-right : 0px !important;margin-right : 1.92%;padding-bottom : 0px !important;padding-left : 0px !important;margin-left : 1.92%;}@media only screen and (max-width:1024px) {.fusion-body .fusion-builder-column-0{width:100% !important;}.fusion-builder-column-0 > .fusion-column-wrapper {margin-right : 1.92%;margin-left : 1.92%;}}@media only screen and (max-width:640px) {.fusion-body .fusion-builder-column-0{width:100% !important;}.fusion-builder-column-0 > .fusion-column-wrapper {margin-right : 1.92%;margin-left : 1.92%;}}</style></div></div><style type="text/css">.fusion-body .fusion-flex-container.fusion-builder-row-1{ padding-top : 0px;margin-top : 0px;padding-right : 0px;padding-bottom : 0px;margin-bottom : 0px;padding-left : 0px;}</style></div>

<!-- This site is optimized with the Yoast SEO plugin v27.5 - https://yoast.com/product/yoast-seo-wordpress/ -->
<title>Exposición temporal &quot;Els tres xemeneies&quot; / Ramón Riera - Agrupació Fotogràfica de Catalunya</title>
<meta name="robots" content="index, follow, max-snippet:-1, max-image-preview:large, max-video-preview:-1" />
<link rel="canonical" href="https://afc.cat/es/activitat/exposicion-temporal-els-tres-xemeneies-ramon-riera/" />
<meta property="og:locale" content="es_ES" />
<meta property="og:type" content="article" />
<meta property="og:title" content="Exposición temporal &quot;Els tres xemeneies&quot; / Ramón Riera - Agrupació Fotogràfica de Catalunya" />
<meta property="og:url" content="https://afc.cat/es/activitat/exposicion-temporal-els-tres-xemeneies-ramon-riera/" />
<meta property="og:site_name" content="Agrupació Fotogràfica de Catalunya" />
<meta property="article:modified_time" content="2025-03-07T16:48:30+00:00" />
<meta name="twitter:card" content="summary_large_image" />
<meta name="twitter:label1" content="Tiempo de lectura" />
	<meta name="twitter:data1" content="7 minutos" />
<script type="application/ld+json" class="yoast-schema-graph">{"@context":"https:\/\/schema.org","@graph":[{"@type":"WebPage","@id":"https:\/\/afc.cat\/es\/activitat\/exposicion-temporal-els-tres-xemeneies-ramon-riera\/","url":"https:\/\/afc.cat\/es\/activitat\/exposicion-temporal-els-tres-xemeneies-ramon-riera\/","name":"Exposición temporal \"Els tres xemeneies\" \/ Ramón Riera - Agrupació Fotogràfica de Catalunya","isPartOf":{"@id":"https:\/\/afc.cat\/es\/#website"},"datePublished":"2025-03-07T15:05:09+00:00","dateModified":"2025-03-07T16:48:30+00:00","breadcrumb":{"@id":"https:\/\/afc.cat\/es\/activitat\/exposicion-temporal-els-tres-xemeneies-ramon-riera\/#breadcrumb"},"inLanguage":"es","potentialAction":[{"@type":"ReadAction","target":["https:\/\/afc.cat\/es\/activitat\/exposicion-temporal-els-tres-xemeneies-ramon-riera\/"]}]},{"@type":"BreadcrumbList","@id":"https:\/\/afc.cat\/es\/activitat\/exposicion-temporal-els-tres-xemeneies-ramon-riera\/#breadcrumb","itemListElement":[{"@type":"ListItem","position":1,"name":"Inicio","item":"https:\/\/afc.cat\/es\/"},{"@type":"ListItem","position":2,"name":"Exposición temporal &#8220;Els tres xemeneies&#8221; \/ Ramón Riera"}]},{"@type":"WebSite","@id":"https:\/\/afc.cat\/es\/#website","url":"https:\/\/afc.cat\/es\/","name":"Agrupació Fotogràfica de Catalunya","description":"Fomento y divulgación de la fotografía en todas sus variedades","potentialAction":[{"@type":"SearchAction","target":{"@type":"EntryPoint","urlTemplate":"https:\/\/afc.cat\/es\/?s={search_term_string}"},"query-input":{"@type":"PropertyValueSpecification","valueRequired":true,"valueName":"search_term_string"}}],"inLanguage":"es"}]}</script>
<!-- / Yoast SEO plugin. -->

Exposición temporal "Els tres xemeneies" / Ramón Riera - Agrupació Fotogràfica de Catalunya

Agrupació Fotogràfica de Catalunya

Exposición temporal &#8220;Els tres xemeneies&#8221; / Ramón Riera

Fomento y divulgación de la fotografía en todas sus variedades
