{"id":42395,"date":"2025-03-29T13:47:18","date_gmt":"2025-03-29T11:47:18","guid":{"rendered":"https:\/\/afc.cat\/activitat\/convocatoria-exposicio-collectiva-grup-de-natura-tema-fauna-i-flora\/"},"modified":"2025-04-01T16:46:20","modified_gmt":"2025-04-01T14:46:20","slug":"convocatoria-exposicion-colectiva-grup-de-natura-tema-fauna-y-flora","status":"publish","type":"class","link":"https:\/\/afc.cat\/es\/activitat\/convocatoria-exposicion-colectiva-grup-de-natura-tema-fauna-y-flora\/","title":{"rendered":"Convocatoria Exposici\u00f3n Colectiva Grup de Natura . Tema Fauna y Flora"},"content":{"rendered":"<div class=\"fusion-fullwidth fullwidth-box fusion-builder-row-1 fusion-flex-container nonhundred-percent-fullwidth non-hundred-percent-height-scrolling\" style=\"background-color: rgba(255,255,255,0);background-position: center center;background-repeat: no-repeat;border-width: 0px 15px 0px 0px;border-color:#ffffff;border-style:solid;\" ><div class=\"fusion-builder-row fusion-row fusion-flex-align-items-flex-start\" style=\"max-width:1300px;margin-left: calc(-4% \/ 2 );margin-right: calc(-4% \/ 2 );\"><div class=\"fusion-layout-column fusion_builder_column fusion-builder-column-0 fusion_builder_column_1_1 1_1 fusion-flex-column\"><div class=\"fusion-column-wrapper fusion-flex-justify-content-flex-start fusion-content-layout-column\" style=\"background-position:left top;background-repeat:no-repeat;-webkit-background-size:cover;-moz-background-size:cover;-o-background-size:cover;background-size:cover;padding: 0px 0px 0px 0px;\"><div class=\"fusion-text fusion-text-1\"><p>Dirigida als nostres associats.<\/p>\n<p>Porta\u2019ns la teva fotografia a secretaria, <strong>abans del 7 d&#8217;abril<\/strong> i participa en la pr\u00f2xima exposici\u00f3 col\u00b7lectiva que s&#8217;exposar\u00e0 al <strong>Espai del Soci del 15 d&#8217;abril<\/strong><\/p>\n<p><strong> al 6 de\u00a0<\/strong><strong>maig de 2025.<\/strong><\/p>\n<p><a href=\"https:\/\/afc.cat\/wp-content\/uploads\/2025\/03\/DOCU-_ANUNCI_EXPO.pdf\"><strong>DOC. 1<\/strong><\/a><\/p>\n<p><strong>BASES DE LA CONVOCAT\u00d2RIA<\/strong><\/p>\n<p><strong>COM PARTICIPAR<\/strong><\/p>\n<p>Fotos per participant: 1<\/p>\n<p>Mida: 30 x 40 cm, emmarcada amb paspart\u00fa negre de 40 x 50 cm<\/p>\n<p>Tem\u00e0tica: Fauna i Flora<\/p>\n<p>Data l\u00edmit: 7 d&#8217;abril del 2025<\/p>\n<p>Lliurament: a secretaria dins l\u2019horari habitual<\/p>\n<p data-pm-slice=\"1 1 &#091;&#093;\"><strong>PRESENTACI\u00d3<\/strong><\/p>\n<p>La impressi\u00f3 tindr\u00e0 unes mesures de 30cm. x 40 cm. dins un paspart\u00fa negre de\u00a040cm. x 50cm.<\/p>\n<p>La fotografia estar\u00e0 lliure de signatura i o marca d&#8217; aigua.<\/p>\n<p>La fotografia s&#8217;identificar\u00e0 amb una etiqueta o post-it darrere de la mateixa, amb\u00a0el nom de l&#8217;autor, per poder imprimir les etiquetes corresponents, que es<\/p>\n<p>posaran en cada marc.<\/p>\n<p>Les inscripcions es faran a<a href=\"https:\/\/afc.playoffinformatica.com\/actividad\/133\/Convocatoria-Exposicio-Col-lectiva-Grup-de-Natura-Tema-Fauna-i-Flora\/\"><strong> ONLINE<\/strong> <\/a>amb un m\u00e0xim de 18\u00a0participants,<\/p>\n<p>Per a poder oferir l&#8217; espai al m\u00e0xim de participants, inicialment ser\u00e0 una foto per\u00a0inscripci\u00f3.<\/p>\n<p>La quantitat de fotografies que s&#8217;exposaran, ser\u00e0 un m\u00e0xim de 18.<\/p>\n<p><strong>MUNTATGE<\/strong><\/p>\n<p>El muntatge es realitzar\u00e0 a partir del dia 10 d&#8217;abril, es comunicar\u00e0 com m\u00e9s aviat millor.<\/p>\n<p>Es recomana venir amb la fotografia muntada en el paspart\u00fa, per a agilitzar el\u00a0muntatge en els marcs.<\/p>\n<p>Per al muntatge en els marcs i el penjat en la paret, es sol\u00b7licitar\u00e0 la major\u00a0col\u00b7laboraci\u00f3 possible. En el cas que no es pogu\u00e9s fer en un dia la posada en<\/p>\n<p>escena, es faria al seg\u00fcent dia.<\/p>\n<p>AFC, 31 de marzo de 2025<\/p>\n<\/div><div ><style>.fusion-imageframe.imageframe-2{ margin-top : 30px;}<\/style><span class=\" fusion-imageframe imageframe-none imageframe-2 hover-type-none\"><img decoding=\"async\" width=\"420\" height=\"79\" title=\"cultura\" src=\"https:\/\/afc.cat\/wp-content\/uploads\/2025\/01\/logos_generalitat_-ajuntament-bcn.jpg\" alt class=\"img-responsive wp-image-41129\" srcset=\"https:\/\/afc.cat\/wp-content\/uploads\/2025\/01\/logos_generalitat_-ajuntament-bcn-200x38.jpg 200w, https:\/\/afc.cat\/wp-content\/uploads\/2025\/01\/logos_generalitat_-ajuntament-bcn-400x75.jpg 400w, https:\/\/afc.cat\/wp-content\/uploads\/2025\/01\/logos_generalitat_-ajuntament-bcn.jpg 420w\" sizes=\"(max-width: 640px) 100vw, 420px\" \/><\/span><\/div><div ><span class=\" fusion-imageframe imageframe-none imageframe-3 hover-type-none\"><img decoding=\"async\" width=\"2264\" height=\"561\" title=\"Logos colaboradors\" src=\"https:\/\/afc.cat\/wp-content\/uploads\/2025\/01\/Logos-colaboradors.jpg\" alt class=\"img-responsive wp-image-40956\" srcset=\"https:\/\/afc.cat\/wp-content\/uploads\/2025\/01\/Logos-colaboradors-200x50.jpg 200w, https:\/\/afc.cat\/wp-content\/uploads\/2025\/01\/Logos-colaboradors-400x99.jpg 400w, https:\/\/afc.cat\/wp-content\/uploads\/2025\/01\/Logos-colaboradors-600x149.jpg 600w, https:\/\/afc.cat\/wp-content\/uploads\/2025\/01\/Logos-colaboradors-800x198.jpg 800w, https:\/\/afc.cat\/wp-content\/uploads\/2025\/01\/Logos-colaboradors-1200x297.jpg 1200w, https:\/\/afc.cat\/wp-content\/uploads\/2025\/01\/Logos-colaboradors.jpg 2264w\" sizes=\"(max-width: 640px) 100vw, 2264px\" \/><\/span><\/div><\/div><style type=\"text\/css\">.fusion-body .fusion-builder-column-0{width:100% !important;margin-top : 0px;margin-bottom : 0px;}.fusion-builder-column-0 > .fusion-column-wrapper {padding-top : 0px !important;padding-right : 0px !important;margin-right : 1.92%;padding-bottom : 0px !important;padding-left : 0px !important;margin-left : 1.92%;}@media only screen and (max-width:1024px) {.fusion-body .fusion-builder-column-0{width:100% !important;}.fusion-builder-column-0 > .fusion-column-wrapper {margin-right : 1.92%;margin-left : 1.92%;}}@media only screen and (max-width:640px) {.fusion-body .fusion-builder-column-0{width:100% !important;}.fusion-builder-column-0 > .fusion-column-wrapper {margin-right : 1.92%;margin-left : 1.92%;}}<\/style><\/div><\/div><style type=\"text\/css\">.fusion-body .fusion-flex-container.fusion-builder-row-1{ padding-top : 0px;margin-top : 0px;padding-right : 0px;padding-bottom : 0px;margin-bottom : 0px;padding-left : 0px;}<\/style><\/div>\n","protected":false},"excerpt":{"rendered":"","protected":false},"template":"","meta":{"_acf_changed":false},"wcs-type":[111,112],"wcs-room":[131],"wcs-instructor":[708],"class_list":["post-42395","class","type-class","status-publish","hentry","wcs-type-exposiciones","wcs-type-exposiciones-afc","wcs-room-agrupacio-fotografica-de-catalunya","wcs-instructor-xavier-fedi"],"acf":[],"yoast_head":"<!-- This site is optimized with the Yoast SEO plugin v27.5 - https:\/\/yoast.com\/product\/yoast-seo-wordpress\/ -->\n<title>Convocatoria Exposici\u00f3n Colectiva Grup de Natura . Tema Fauna y Flora - Agrupaci\u00f3 Fotogr\u00e0fica de Catalunya<\/title>\n<meta name=\"robots\" content=\"index, follow, max-snippet:-1, max-image-preview:large, max-video-preview:-1\" \/>\n<link rel=\"canonical\" href=\"https:\/\/afc.cat\/es\/activitat\/convocatoria-exposicion-colectiva-grup-de-natura-tema-fauna-y-flora\/\" \/>\n<meta property=\"og:locale\" content=\"es_ES\" \/>\n<meta property=\"og:type\" content=\"article\" \/>\n<meta property=\"og:title\" content=\"Convocatoria Exposici\u00f3n Colectiva Grup de Natura . Tema Fauna y Flora - Agrupaci\u00f3 Fotogr\u00e0fica de Catalunya\" \/>\n<meta property=\"og:url\" content=\"https:\/\/afc.cat\/es\/activitat\/convocatoria-exposicion-colectiva-grup-de-natura-tema-fauna-y-flora\/\" \/>\n<meta property=\"og:site_name\" content=\"Agrupaci\u00f3 Fotogr\u00e0fica de Catalunya\" \/>\n<meta property=\"article:modified_time\" content=\"2025-04-01T14:46:20+00:00\" \/>\n<meta name=\"twitter:card\" content=\"summary_large_image\" \/>\n<meta name=\"twitter:label1\" content=\"Tiempo de lectura\" \/>\n\t<meta name=\"twitter:data1\" content=\"6 minutos\" \/>\n<script type=\"application\/ld+json\" class=\"yoast-schema-graph\">{\"@context\":\"https:\\\/\\\/schema.org\",\"@graph\":[{\"@type\":\"WebPage\",\"@id\":\"https:\\\/\\\/afc.cat\\\/es\\\/activitat\\\/convocatoria-exposicion-colectiva-grup-de-natura-tema-fauna-y-flora\\\/\",\"url\":\"https:\\\/\\\/afc.cat\\\/es\\\/activitat\\\/convocatoria-exposicion-colectiva-grup-de-natura-tema-fauna-y-flora\\\/\",\"name\":\"Convocatoria Exposici\u00f3n Colectiva Grup de Natura . Tema Fauna y Flora - Agrupaci\u00f3 Fotogr\u00e0fica de Catalunya\",\"isPartOf\":{\"@id\":\"https:\\\/\\\/afc.cat\\\/es\\\/#website\"},\"datePublished\":\"2025-03-29T11:47:18+00:00\",\"dateModified\":\"2025-04-01T14:46:20+00:00\",\"breadcrumb\":{\"@id\":\"https:\\\/\\\/afc.cat\\\/es\\\/activitat\\\/convocatoria-exposicion-colectiva-grup-de-natura-tema-fauna-y-flora\\\/#breadcrumb\"},\"inLanguage\":\"es\",\"potentialAction\":[{\"@type\":\"ReadAction\",\"target\":[\"https:\\\/\\\/afc.cat\\\/es\\\/activitat\\\/convocatoria-exposicion-colectiva-grup-de-natura-tema-fauna-y-flora\\\/\"]}]},{\"@type\":\"BreadcrumbList\",\"@id\":\"https:\\\/\\\/afc.cat\\\/es\\\/activitat\\\/convocatoria-exposicion-colectiva-grup-de-natura-tema-fauna-y-flora\\\/#breadcrumb\",\"itemListElement\":[{\"@type\":\"ListItem\",\"position\":1,\"name\":\"Inicio\",\"item\":\"https:\\\/\\\/afc.cat\\\/es\\\/\"},{\"@type\":\"ListItem\",\"position\":2,\"name\":\"Convocatoria Exposici\u00f3n Colectiva Grup de Natura . Tema Fauna y Flora\"}]},{\"@type\":\"WebSite\",\"@id\":\"https:\\\/\\\/afc.cat\\\/es\\\/#website\",\"url\":\"https:\\\/\\\/afc.cat\\\/es\\\/\",\"name\":\"Agrupaci\u00f3 Fotogr\u00e0fica de Catalunya\",\"description\":\"Fomento y divulgaci\u00f3n de la fotograf\u00eda en todas sus variedades\",\"potentialAction\":[{\"@type\":\"SearchAction\",\"target\":{\"@type\":\"EntryPoint\",\"urlTemplate\":\"https:\\\/\\\/afc.cat\\\/es\\\/?s={search_term_string}\"},\"query-input\":{\"@type\":\"PropertyValueSpecification\",\"valueRequired\":true,\"valueName\":\"search_term_string\"}}],\"inLanguage\":\"es\"}]}<\/script>\n<!-- \/ Yoast SEO plugin. -->","yoast_head_json":{"title":"Convocatoria Exposici\u00f3n Colectiva Grup de Natura . Tema Fauna y Flora - Agrupaci\u00f3 Fotogr\u00e0fica de Catalunya","robots":{"index":"index","follow":"follow","max-snippet":"max-snippet:-1","max-image-preview":"max-image-preview:large","max-video-preview":"max-video-preview:-1"},"canonical":"https:\/\/afc.cat\/es\/activitat\/convocatoria-exposicion-colectiva-grup-de-natura-tema-fauna-y-flora\/","og_locale":"es_ES","og_type":"article","og_title":"Convocatoria Exposici\u00f3n Colectiva Grup de Natura . Tema Fauna y Flora - Agrupaci\u00f3 Fotogr\u00e0fica de Catalunya","og_url":"https:\/\/afc.cat\/es\/activitat\/convocatoria-exposicion-colectiva-grup-de-natura-tema-fauna-y-flora\/","og_site_name":"Agrupaci\u00f3 Fotogr\u00e0fica de Catalunya","article_modified_time":"2025-04-01T14:46:20+00:00","twitter_card":"summary_large_image","twitter_misc":{"Tiempo de lectura":"6 minutos"},"schema":{"@context":"https:\/\/schema.org","@graph":[{"@type":"WebPage","@id":"https:\/\/afc.cat\/es\/activitat\/convocatoria-exposicion-colectiva-grup-de-natura-tema-fauna-y-flora\/","url":"https:\/\/afc.cat\/es\/activitat\/convocatoria-exposicion-colectiva-grup-de-natura-tema-fauna-y-flora\/","name":"Convocatoria Exposici\u00f3n Colectiva Grup de Natura . Tema Fauna y Flora - Agrupaci\u00f3 Fotogr\u00e0fica de Catalunya","isPartOf":{"@id":"https:\/\/afc.cat\/es\/#website"},"datePublished":"2025-03-29T11:47:18+00:00","dateModified":"2025-04-01T14:46:20+00:00","breadcrumb":{"@id":"https:\/\/afc.cat\/es\/activitat\/convocatoria-exposicion-colectiva-grup-de-natura-tema-fauna-y-flora\/#breadcrumb"},"inLanguage":"es","potentialAction":[{"@type":"ReadAction","target":["https:\/\/afc.cat\/es\/activitat\/convocatoria-exposicion-colectiva-grup-de-natura-tema-fauna-y-flora\/"]}]},{"@type":"BreadcrumbList","@id":"https:\/\/afc.cat\/es\/activitat\/convocatoria-exposicion-colectiva-grup-de-natura-tema-fauna-y-flora\/#breadcrumb","itemListElement":[{"@type":"ListItem","position":1,"name":"Inicio","item":"https:\/\/afc.cat\/es\/"},{"@type":"ListItem","position":2,"name":"Convocatoria Exposici\u00f3n Colectiva Grup de Natura . Tema Fauna y Flora"}]},{"@type":"WebSite","@id":"https:\/\/afc.cat\/es\/#website","url":"https:\/\/afc.cat\/es\/","name":"Agrupaci\u00f3 Fotogr\u00e0fica de Catalunya","description":"Fomento y divulgaci\u00f3n de la fotograf\u00eda en todas sus variedades","potentialAction":[{"@type":"SearchAction","target":{"@type":"EntryPoint","urlTemplate":"https:\/\/afc.cat\/es\/?s={search_term_string}"},"query-input":{"@type":"PropertyValueSpecification","valueRequired":true,"valueName":"search_term_string"}}],"inLanguage":"es"}]}},"_links":{"self":[{"href":"https:\/\/afc.cat\/es\/wp-json\/wp\/v2\/class\/42395","targetHints":{"allow":["GET"]}}],"collection":[{"href":"https:\/\/afc.cat\/es\/wp-json\/wp\/v2\/class"}],"about":[{"href":"https:\/\/afc.cat\/es\/wp-json\/wp\/v2\/types\/class"}],"wp:attachment":[{"href":"https:\/\/afc.cat\/es\/wp-json\/wp\/v2\/media?parent=42395"}],"wp:term":[{"taxonomy":"wcs-type","embeddable":true,"href":"https:\/\/afc.cat\/es\/wp-json\/wp\/v2\/wcs-type?post=42395"},{"taxonomy":"wcs-room","embeddable":true,"href":"https:\/\/afc.cat\/es\/wp-json\/wp\/v2\/wcs-room?post=42395"},{"taxonomy":"wcs-instructor","embeddable":true,"href":"https:\/\/afc.cat\/es\/wp-json\/wp\/v2\/wcs-instructor?post=42395"}],"curies":[{"name":"wp","href":"https:\/\/api.w.org\/{rel}","templated":true}]}}

Convocatoria Exposición Colectiva Grup de Natura . Tema Fauna y Flora

<div class="fusion-fullwidth fullwidth-box fusion-builder-row-1 fusion-flex-container nonhundred-percent-fullwidth non-hundred-percent-height-scrolling" style="background-color: rgba(255,255,255,0);background-position: center center;background-repeat: no-repeat;border-width: 0px 15px 0px 0px;border-color:#ffffff;border-style:solid;" ><div class="fusion-builder-row fusion-row fusion-flex-align-items-flex-start" style="max-width:1300px;margin-left: calc(-4% / 2 );margin-right: calc(-4% / 2 );"><div class="fusion-layout-column fusion_builder_column fusion-builder-column-0 fusion_builder_column_1_1 1_1 fusion-flex-column"><div class="fusion-column-wrapper fusion-flex-justify-content-flex-start fusion-content-layout-column" style="background-position:left top;background-repeat:no-repeat;-webkit-background-size:cover;-moz-background-size:cover;-o-background-size:cover;background-size:cover;padding: 0px 0px 0px 0px;"><div class="fusion-text fusion-text-1"><p>Dirigida als nostres associats.</p>
<p>Porta’ns la teva fotografia a secretaria, <strong>abans del 7 d&#8217;abril</strong> i participa en la pròxima exposició col·lectiva que s&#8217;exposarà al <strong>Espai del Soci del 15 d&#8217;abril</strong></p>
<p><strong> al 6 de </strong><strong>maig de 2025.</strong></p>
<p><a href="https://afc.cat/wp-content/uploads/2025/03/DOCU-_ANUNCI_EXPO.pdf"><strong>DOC. 1</strong></a></p>
<p><strong>BASES DE LA CONVOCATÒRIA</strong></p>
<p><strong>COM PARTICIPAR</strong></p>
<p>Fotos per participant: 1</p>
<p>Mida: 30 x 40 cm, emmarcada amb paspartú negre de 40 x 50 cm</p>
<p>Temàtica: Fauna i Flora</p>
<p>Data límit: 7 d&#8217;abril del 2025</p>
<p>Lliurament: a secretaria dins l’horari habitual</p>
<p data-pm-slice="1 1 &#091;&#093;"><strong>PRESENTACIÓ</strong></p>
<p>La impressió tindrà unes mesures de 30cm. x 40 cm. dins un paspartú negre de 40cm. x 50cm.</p>
<p>La fotografia estarà lliure de signatura i o marca d&#8217; aigua.</p>
<p>La fotografia s&#8217;identificarà amb una etiqueta o post-it darrere de la mateixa, amb el nom de l&#8217;autor, per poder imprimir les etiquetes corresponents, que es</p>
<p>posaran en cada marc.</p>
<p>Les inscripcions es faran a<a href="https://afc.playoffinformatica.com/actividad/133/Convocatoria-Exposicio-Col-lectiva-Grup-de-Natura-Tema-Fauna-i-Flora/"><strong> ONLINE</strong> </a>amb un màxim de 18 participants,</p>
<p>Per a poder oferir l&#8217; espai al màxim de participants, inicialment serà una foto per inscripció.</p>
<p>La quantitat de fotografies que s&#8217;exposaran, serà un màxim de 18.</p>
<p><strong>MUNTATGE</strong></p>
<p>El muntatge es realitzarà a partir del dia 10 d&#8217;abril, es comunicarà com més aviat millor.</p>
<p>Es recomana venir amb la fotografia muntada en el paspartú, per a agilitzar el muntatge en els marcs.</p>
<p>Per al muntatge en els marcs i el penjat en la paret, es sol·licitarà la major col·laboració possible. En el cas que no es pogués fer en un dia la posada en</p>
<p>escena, es faria al següent dia.</p>
<p>AFC, 31 de marzo de 2025</p>
</div><div ><style>.fusion-imageframe.imageframe-2{ margin-top : 30px;}</style><span class=" fusion-imageframe imageframe-none imageframe-2 hover-type-none"><img decoding="async" width="420" height="79" title="cultura" src="https://afc.cat/wp-content/uploads/2025/01/logos_generalitat_-ajuntament-bcn.jpg" alt class="img-responsive wp-image-41129" srcset="https://afc.cat/wp-content/uploads/2025/01/logos_generalitat_-ajuntament-bcn-200x38.jpg 200w, https://afc.cat/wp-content/uploads/2025/01/logos_generalitat_-ajuntament-bcn-400x75.jpg 400w, https://afc.cat/wp-content/uploads/2025/01/logos_generalitat_-ajuntament-bcn.jpg 420w" sizes="(max-width: 640px) 100vw, 420px" /></span></div><div ><span class=" fusion-imageframe imageframe-none imageframe-3 hover-type-none"><img decoding="async" width="2264" height="561" title="Logos colaboradors" src="https://afc.cat/wp-content/uploads/2025/01/Logos-colaboradors.jpg" alt class="img-responsive wp-image-40956" srcset="https://afc.cat/wp-content/uploads/2025/01/Logos-colaboradors-200x50.jpg 200w, https://afc.cat/wp-content/uploads/2025/01/Logos-colaboradors-400x99.jpg 400w, https://afc.cat/wp-content/uploads/2025/01/Logos-colaboradors-600x149.jpg 600w, https://afc.cat/wp-content/uploads/2025/01/Logos-colaboradors-800x198.jpg 800w, https://afc.cat/wp-content/uploads/2025/01/Logos-colaboradors-1200x297.jpg 1200w, https://afc.cat/wp-content/uploads/2025/01/Logos-colaboradors.jpg 2264w" sizes="(max-width: 640px) 100vw, 2264px" /></span></div></div><style type="text/css">.fusion-body .fusion-builder-column-0{width:100% !important;margin-top : 0px;margin-bottom : 0px;}.fusion-builder-column-0 > .fusion-column-wrapper {padding-top : 0px !important;padding-right : 0px !important;margin-right : 1.92%;padding-bottom : 0px !important;padding-left : 0px !important;margin-left : 1.92%;}@media only screen and (max-width:1024px) {.fusion-body .fusion-builder-column-0{width:100% !important;}.fusion-builder-column-0 > .fusion-column-wrapper {margin-right : 1.92%;margin-left : 1.92%;}}@media only screen and (max-width:640px) {.fusion-body .fusion-builder-column-0{width:100% !important;}.fusion-builder-column-0 > .fusion-column-wrapper {margin-right : 1.92%;margin-left : 1.92%;}}</style></div></div><style type="text/css">.fusion-body .fusion-flex-container.fusion-builder-row-1{ padding-top : 0px;margin-top : 0px;padding-right : 0px;padding-bottom : 0px;margin-bottom : 0px;padding-left : 0px;}</style></div>

<!-- This site is optimized with the Yoast SEO plugin v27.5 - https://yoast.com/product/yoast-seo-wordpress/ -->
<title>Convocatoria Exposición Colectiva Grup de Natura . Tema Fauna y Flora - Agrupació Fotogràfica de Catalunya</title>
<meta name="robots" content="index, follow, max-snippet:-1, max-image-preview:large, max-video-preview:-1" />
<link rel="canonical" href="https://afc.cat/es/activitat/convocatoria-exposicion-colectiva-grup-de-natura-tema-fauna-y-flora/" />
<meta property="og:locale" content="es_ES" />
<meta property="og:type" content="article" />
<meta property="og:title" content="Convocatoria Exposición Colectiva Grup de Natura . Tema Fauna y Flora - Agrupació Fotogràfica de Catalunya" />
<meta property="og:url" content="https://afc.cat/es/activitat/convocatoria-exposicion-colectiva-grup-de-natura-tema-fauna-y-flora/" />
<meta property="og:site_name" content="Agrupació Fotogràfica de Catalunya" />
<meta property="article:modified_time" content="2025-04-01T14:46:20+00:00" />
<meta name="twitter:card" content="summary_large_image" />
<meta name="twitter:label1" content="Tiempo de lectura" />
	<meta name="twitter:data1" content="6 minutos" />
<script type="application/ld+json" class="yoast-schema-graph">{"@context":"https:\/\/schema.org","@graph":[{"@type":"WebPage","@id":"https:\/\/afc.cat\/es\/activitat\/convocatoria-exposicion-colectiva-grup-de-natura-tema-fauna-y-flora\/","url":"https:\/\/afc.cat\/es\/activitat\/convocatoria-exposicion-colectiva-grup-de-natura-tema-fauna-y-flora\/","name":"Convocatoria Exposición Colectiva Grup de Natura . Tema Fauna y Flora - Agrupació Fotogràfica de Catalunya","isPartOf":{"@id":"https:\/\/afc.cat\/es\/#website"},"datePublished":"2025-03-29T11:47:18+00:00","dateModified":"2025-04-01T14:46:20+00:00","breadcrumb":{"@id":"https:\/\/afc.cat\/es\/activitat\/convocatoria-exposicion-colectiva-grup-de-natura-tema-fauna-y-flora\/#breadcrumb"},"inLanguage":"es","potentialAction":[{"@type":"ReadAction","target":["https:\/\/afc.cat\/es\/activitat\/convocatoria-exposicion-colectiva-grup-de-natura-tema-fauna-y-flora\/"]}]},{"@type":"BreadcrumbList","@id":"https:\/\/afc.cat\/es\/activitat\/convocatoria-exposicion-colectiva-grup-de-natura-tema-fauna-y-flora\/#breadcrumb","itemListElement":[{"@type":"ListItem","position":1,"name":"Inicio","item":"https:\/\/afc.cat\/es\/"},{"@type":"ListItem","position":2,"name":"Convocatoria Exposición Colectiva Grup de Natura . Tema Fauna y Flora"}]},{"@type":"WebSite","@id":"https:\/\/afc.cat\/es\/#website","url":"https:\/\/afc.cat\/es\/","name":"Agrupació Fotogràfica de Catalunya","description":"Fomento y divulgación de la fotografía en todas sus variedades","potentialAction":[{"@type":"SearchAction","target":{"@type":"EntryPoint","urlTemplate":"https:\/\/afc.cat\/es\/?s={search_term_string}"},"query-input":{"@type":"PropertyValueSpecification","valueRequired":true,"valueName":"search_term_string"}}],"inLanguage":"es"}]}</script>
<!-- / Yoast SEO plugin. -->

Convocatoria Exposición Colectiva Grup de Natura . Tema Fauna y Flora - Agrupació Fotogràfica de Catalunya

Agrupació Fotogràfica de Catalunya

Fomento y divulgación de la fotografía en todas sus variedades
