{"id":42522,"date":"2025-04-14T15:29:33","date_gmt":"2025-04-14T13:29:33","guid":{"rendered":"https:\/\/afc.cat\/activitat\/42519\/"},"modified":"2025-04-15T16:42:11","modified_gmt":"2025-04-15T14:42:11","slug":"visita-exclusiva-a-la-preso-model-de-barcelona","status":"publish","type":"class","link":"https:\/\/afc.cat\/es\/activitat\/visita-exclusiva-a-la-preso-model-de-barcelona\/","title":{"rendered":"Visita exclusiva a la Pres\u00f3 Model de Barcelona"},"content":{"rendered":"<div class=\"fusion-fullwidth fullwidth-box fusion-builder-row-1 fusion-flex-container nonhundred-percent-fullwidth non-hundred-percent-height-scrolling\" style=\"background-color: rgba(255,255,255,0);background-position: center center;background-repeat: no-repeat;border-width: 0px 15px 0px 0px;border-color:#ffffff;border-style:solid;\" ><div class=\"fusion-builder-row fusion-row fusion-flex-align-items-flex-start\" style=\"max-width:1300px;margin-left: calc(-4% \/ 2 );margin-right: calc(-4% \/ 2 );\"><div class=\"fusion-layout-column fusion_builder_column fusion-builder-column-0 fusion_builder_column_1_1 1_1 fusion-flex-column\"><div class=\"fusion-column-wrapper fusion-flex-justify-content-flex-start fusion-content-layout-column\" style=\"background-position:left top;background-repeat:no-repeat;-webkit-background-size:cover;-moz-background-size:cover;-o-background-size:cover;background-size:cover;padding: 0px 0px 0px 0px;\"><div class=\"fusion-text fusion-text-1\"><h3><span style=\"color: #e03e2d;\"><strong><span style=\"font-size: 12pt;\">INSCRIPCI\u00d3N CERRADA.<\/span><\/strong><\/span><strong>\u00a0<span style=\"color: #e03e2d;\">Todas las plazas cubiertas.<\/span><\/strong><\/h3>\n<h2><strong>Visita Exclusiva a la Pres\u00f3 Model de Barcelona.<\/strong><strong>Una Experiencia \u00danica para Fot\u00f3grafos\/as<\/strong><\/h2>\n<p><strong>Detalles de la visita<\/strong><br \/>\n\u2022 <strong>Fecha:<\/strong> LUNES, 28 de abril<br \/>\n\u2022 <strong>Hora:<\/strong> 10:30 horas<br \/>\n\u2022 <strong>Duraci\u00f3n:<\/strong> 2,30 horas aprox.<br \/>\n\u2022 <strong>Precio:<\/strong> gratuito<br \/>\n\u2022 <strong>Punto de encuentro:<\/strong> entrada principal de La Modelo, calle Enten\u00e7a, 155<\/p>\n<p><strong>Plazas limitadas. Es necesaria inscripci\u00f3n previa<\/strong><br \/>\nEscribe a <strong>sortides@afc.cat<\/strong>, indicando el nombre completo y el n\u00ba del DNI.<\/p>\n<p><strong>Descripci\u00f3n<\/strong><br \/>\nTe invitamos a vivir una visita muy especial a la Pres\u00f3 Model de Barcelona, guiada por alguien que conoce sus rincones m\u00e1s ocultos como nadie: un exrecluso, testigo directo de la vida entre los muros de este emblem\u00e1tico centro penitenciario.<br \/>\nEsta no es la visita oficial que ofrece el espacio institucional. Se trata de un recorrido singular por la primera y segunda planta, as\u00ed como el patio, con acceso a espacios habitualmente cerrados al p\u00fablico. Todo ello acompa\u00f1ado de relatos reales y conmovedores sobre la vida entre rejas, contados en primera persona.<\/p>\n<p><strong>Una oportunidad fotogr\u00e1fica irrepetible<\/strong><\/p>\n<p>Para los amantes de la fotograf\u00eda, esta visita representa una ocasi\u00f3n \u00fanica para capturar im\u00e1genes ins\u00f3litas y exclusivas, llenas de texturas, luces e historias que dif\u00edcilmente se encuentran en otros contextos. Una experiencia que combina arte, memoria y realidad social.<br \/>\nActividad organizada en colaboraci\u00f3n con <strong>ASRESOLA<\/strong>, una joven asociaci\u00f3n nacida dentro de la prisi\u00f3n y dedicada a la reinserci\u00f3n sociolaboral de personas privadas de libertad. Su enfoque innovador y profundamente humano convierte esta experiencia en un viaje tanto visual como emocional.<br \/>\nSi buscas una mirada diferente, un entorno cargado de historias y una experiencia fotogr\u00e1fica potente&#8230; \u00a1esta es tu oportunidad!<\/p>\n<p><strong>Foto: \u00a9 Xavier Ricol<\/strong><\/p>\n<\/div><div ><style>.fusion-imageframe.imageframe-2{ margin-top : 30px;}<\/style><span class=\" fusion-imageframe imageframe-none imageframe-2 hover-type-none\"><img decoding=\"async\" width=\"420\" height=\"79\" title=\"cultura\" src=\"https:\/\/afc.cat\/wp-content\/uploads\/2025\/01\/logos_generalitat_-ajuntament-bcn.jpg\" alt class=\"img-responsive wp-image-41129\" srcset=\"https:\/\/afc.cat\/wp-content\/uploads\/2025\/01\/logos_generalitat_-ajuntament-bcn-200x38.jpg 200w, https:\/\/afc.cat\/wp-content\/uploads\/2025\/01\/logos_generalitat_-ajuntament-bcn-400x75.jpg 400w, https:\/\/afc.cat\/wp-content\/uploads\/2025\/01\/logos_generalitat_-ajuntament-bcn.jpg 420w\" sizes=\"(max-width: 640px) 100vw, 420px\" \/><\/span><\/div><div ><span class=\" fusion-imageframe imageframe-none imageframe-3 hover-type-none\"><img decoding=\"async\" width=\"2264\" height=\"561\" title=\"Logos colaboradors\" src=\"https:\/\/afc.cat\/wp-content\/uploads\/2025\/01\/Logos-colaboradors.jpg\" alt class=\"img-responsive wp-image-40956\" srcset=\"https:\/\/afc.cat\/wp-content\/uploads\/2025\/01\/Logos-colaboradors-200x50.jpg 200w, https:\/\/afc.cat\/wp-content\/uploads\/2025\/01\/Logos-colaboradors-400x99.jpg 400w, https:\/\/afc.cat\/wp-content\/uploads\/2025\/01\/Logos-colaboradors-600x149.jpg 600w, https:\/\/afc.cat\/wp-content\/uploads\/2025\/01\/Logos-colaboradors-800x198.jpg 800w, https:\/\/afc.cat\/wp-content\/uploads\/2025\/01\/Logos-colaboradors-1200x297.jpg 1200w, https:\/\/afc.cat\/wp-content\/uploads\/2025\/01\/Logos-colaboradors.jpg 2264w\" sizes=\"(max-width: 640px) 100vw, 2264px\" \/><\/span><\/div><\/div><style type=\"text\/css\">.fusion-body .fusion-builder-column-0{width:100% !important;margin-top : 0px;margin-bottom : 0px;}.fusion-builder-column-0 > .fusion-column-wrapper {padding-top : 0px !important;padding-right : 0px !important;margin-right : 1.92%;padding-bottom : 0px !important;padding-left : 0px !important;margin-left : 1.92%;}@media only screen and (max-width:1024px) {.fusion-body .fusion-builder-column-0{width:100% !important;}.fusion-builder-column-0 > .fusion-column-wrapper {margin-right : 1.92%;margin-left : 1.92%;}}@media only screen and (max-width:640px) {.fusion-body .fusion-builder-column-0{width:100% !important;}.fusion-builder-column-0 > .fusion-column-wrapper {margin-right : 1.92%;margin-left : 1.92%;}}<\/style><\/div><\/div><style type=\"text\/css\">.fusion-body .fusion-flex-container.fusion-builder-row-1{ padding-top : 0px;margin-top : 0px;padding-right : 0px;padding-bottom : 0px;margin-bottom : 0px;padding-left : 0px;}<\/style><\/div>\n","protected":false},"excerpt":{"rendered":"","protected":false},"template":"","meta":{"_acf_changed":false},"wcs-type":[688,128],"wcs-room":[755,754,753],"wcs-instructor":[],"class_list":["post-42522","class","type-class","status-publish","hentry","wcs-type-cultura-es","wcs-type-salidas-fotograficas","wcs-room-755","wcs-room-carrer-d-entenca","wcs-room-la-model"],"acf":[],"yoast_head":"<!-- This site is optimized with the Yoast SEO plugin v27.5 - https:\/\/yoast.com\/product\/yoast-seo-wordpress\/ -->\n<title>Visita exclusiva a la Pres\u00f3 Model de Barcelona - Agrupaci\u00f3 Fotogr\u00e0fica de Catalunya<\/title>\n<meta name=\"robots\" content=\"index, follow, max-snippet:-1, max-image-preview:large, max-video-preview:-1\" \/>\n<link rel=\"canonical\" href=\"https:\/\/afc.cat\/es\/activitat\/visita-exclusiva-a-la-preso-model-de-barcelona\/\" \/>\n<meta property=\"og:locale\" content=\"es_ES\" \/>\n<meta property=\"og:type\" content=\"article\" \/>\n<meta property=\"og:title\" content=\"Visita exclusiva a la Pres\u00f3 Model de Barcelona - Agrupaci\u00f3 Fotogr\u00e0fica de Catalunya\" \/>\n<meta property=\"og:url\" content=\"https:\/\/afc.cat\/es\/activitat\/visita-exclusiva-a-la-preso-model-de-barcelona\/\" \/>\n<meta property=\"og:site_name\" content=\"Agrupaci\u00f3 Fotogr\u00e0fica de Catalunya\" \/>\n<meta property=\"article:modified_time\" content=\"2025-04-15T14:42:11+00:00\" \/>\n<meta name=\"twitter:card\" content=\"summary_large_image\" \/>\n<meta name=\"twitter:label1\" content=\"Tiempo de lectura\" \/>\n\t<meta name=\"twitter:data1\" content=\"6 minutos\" \/>\n<script type=\"application\/ld+json\" class=\"yoast-schema-graph\">{\"@context\":\"https:\\\/\\\/schema.org\",\"@graph\":[{\"@type\":\"WebPage\",\"@id\":\"https:\\\/\\\/afc.cat\\\/es\\\/activitat\\\/visita-exclusiva-a-la-preso-model-de-barcelona\\\/\",\"url\":\"https:\\\/\\\/afc.cat\\\/es\\\/activitat\\\/visita-exclusiva-a-la-preso-model-de-barcelona\\\/\",\"name\":\"Visita exclusiva a la Pres\u00f3 Model de Barcelona - Agrupaci\u00f3 Fotogr\u00e0fica de Catalunya\",\"isPartOf\":{\"@id\":\"https:\\\/\\\/afc.cat\\\/es\\\/#website\"},\"datePublished\":\"2025-04-14T13:29:33+00:00\",\"dateModified\":\"2025-04-15T14:42:11+00:00\",\"breadcrumb\":{\"@id\":\"https:\\\/\\\/afc.cat\\\/es\\\/activitat\\\/visita-exclusiva-a-la-preso-model-de-barcelona\\\/#breadcrumb\"},\"inLanguage\":\"es\",\"potentialAction\":[{\"@type\":\"ReadAction\",\"target\":[\"https:\\\/\\\/afc.cat\\\/es\\\/activitat\\\/visita-exclusiva-a-la-preso-model-de-barcelona\\\/\"]}]},{\"@type\":\"BreadcrumbList\",\"@id\":\"https:\\\/\\\/afc.cat\\\/es\\\/activitat\\\/visita-exclusiva-a-la-preso-model-de-barcelona\\\/#breadcrumb\",\"itemListElement\":[{\"@type\":\"ListItem\",\"position\":1,\"name\":\"Inicio\",\"item\":\"https:\\\/\\\/afc.cat\\\/es\\\/\"},{\"@type\":\"ListItem\",\"position\":2,\"name\":\"Visita exclusiva a la Pres\u00f3 Model de Barcelona\"}]},{\"@type\":\"WebSite\",\"@id\":\"https:\\\/\\\/afc.cat\\\/es\\\/#website\",\"url\":\"https:\\\/\\\/afc.cat\\\/es\\\/\",\"name\":\"Agrupaci\u00f3 Fotogr\u00e0fica de Catalunya\",\"description\":\"Fomento y divulgaci\u00f3n de la fotograf\u00eda en todas sus variedades\",\"potentialAction\":[{\"@type\":\"SearchAction\",\"target\":{\"@type\":\"EntryPoint\",\"urlTemplate\":\"https:\\\/\\\/afc.cat\\\/es\\\/?s={search_term_string}\"},\"query-input\":{\"@type\":\"PropertyValueSpecification\",\"valueRequired\":true,\"valueName\":\"search_term_string\"}}],\"inLanguage\":\"es\"}]}<\/script>\n<!-- \/ Yoast SEO plugin. -->","yoast_head_json":{"title":"Visita exclusiva a la Pres\u00f3 Model de Barcelona - Agrupaci\u00f3 Fotogr\u00e0fica de Catalunya","robots":{"index":"index","follow":"follow","max-snippet":"max-snippet:-1","max-image-preview":"max-image-preview:large","max-video-preview":"max-video-preview:-1"},"canonical":"https:\/\/afc.cat\/es\/activitat\/visita-exclusiva-a-la-preso-model-de-barcelona\/","og_locale":"es_ES","og_type":"article","og_title":"Visita exclusiva a la Pres\u00f3 Model de Barcelona - Agrupaci\u00f3 Fotogr\u00e0fica de Catalunya","og_url":"https:\/\/afc.cat\/es\/activitat\/visita-exclusiva-a-la-preso-model-de-barcelona\/","og_site_name":"Agrupaci\u00f3 Fotogr\u00e0fica de Catalunya","article_modified_time":"2025-04-15T14:42:11+00:00","twitter_card":"summary_large_image","twitter_misc":{"Tiempo de lectura":"6 minutos"},"schema":{"@context":"https:\/\/schema.org","@graph":[{"@type":"WebPage","@id":"https:\/\/afc.cat\/es\/activitat\/visita-exclusiva-a-la-preso-model-de-barcelona\/","url":"https:\/\/afc.cat\/es\/activitat\/visita-exclusiva-a-la-preso-model-de-barcelona\/","name":"Visita exclusiva a la Pres\u00f3 Model de Barcelona - Agrupaci\u00f3 Fotogr\u00e0fica de Catalunya","isPartOf":{"@id":"https:\/\/afc.cat\/es\/#website"},"datePublished":"2025-04-14T13:29:33+00:00","dateModified":"2025-04-15T14:42:11+00:00","breadcrumb":{"@id":"https:\/\/afc.cat\/es\/activitat\/visita-exclusiva-a-la-preso-model-de-barcelona\/#breadcrumb"},"inLanguage":"es","potentialAction":[{"@type":"ReadAction","target":["https:\/\/afc.cat\/es\/activitat\/visita-exclusiva-a-la-preso-model-de-barcelona\/"]}]},{"@type":"BreadcrumbList","@id":"https:\/\/afc.cat\/es\/activitat\/visita-exclusiva-a-la-preso-model-de-barcelona\/#breadcrumb","itemListElement":[{"@type":"ListItem","position":1,"name":"Inicio","item":"https:\/\/afc.cat\/es\/"},{"@type":"ListItem","position":2,"name":"Visita exclusiva a la Pres\u00f3 Model de Barcelona"}]},{"@type":"WebSite","@id":"https:\/\/afc.cat\/es\/#website","url":"https:\/\/afc.cat\/es\/","name":"Agrupaci\u00f3 Fotogr\u00e0fica de Catalunya","description":"Fomento y divulgaci\u00f3n de la fotograf\u00eda en todas sus variedades","potentialAction":[{"@type":"SearchAction","target":{"@type":"EntryPoint","urlTemplate":"https:\/\/afc.cat\/es\/?s={search_term_string}"},"query-input":{"@type":"PropertyValueSpecification","valueRequired":true,"valueName":"search_term_string"}}],"inLanguage":"es"}]}},"_links":{"self":[{"href":"https:\/\/afc.cat\/es\/wp-json\/wp\/v2\/class\/42522","targetHints":{"allow":["GET"]}}],"collection":[{"href":"https:\/\/afc.cat\/es\/wp-json\/wp\/v2\/class"}],"about":[{"href":"https:\/\/afc.cat\/es\/wp-json\/wp\/v2\/types\/class"}],"wp:attachment":[{"href":"https:\/\/afc.cat\/es\/wp-json\/wp\/v2\/media?parent=42522"}],"wp:term":[{"taxonomy":"wcs-type","embeddable":true,"href":"https:\/\/afc.cat\/es\/wp-json\/wp\/v2\/wcs-type?post=42522"},{"taxonomy":"wcs-room","embeddable":true,"href":"https:\/\/afc.cat\/es\/wp-json\/wp\/v2\/wcs-room?post=42522"},{"taxonomy":"wcs-instructor","embeddable":true,"href":"https:\/\/afc.cat\/es\/wp-json\/wp\/v2\/wcs-instructor?post=42522"}],"curies":[{"name":"wp","href":"https:\/\/api.w.org\/{rel}","templated":true}]}}

Visita exclusiva a la Presó Model de Barcelona

<div class="fusion-fullwidth fullwidth-box fusion-builder-row-1 fusion-flex-container nonhundred-percent-fullwidth non-hundred-percent-height-scrolling" style="background-color: rgba(255,255,255,0);background-position: center center;background-repeat: no-repeat;border-width: 0px 15px 0px 0px;border-color:#ffffff;border-style:solid;" ><div class="fusion-builder-row fusion-row fusion-flex-align-items-flex-start" style="max-width:1300px;margin-left: calc(-4% / 2 );margin-right: calc(-4% / 2 );"><div class="fusion-layout-column fusion_builder_column fusion-builder-column-0 fusion_builder_column_1_1 1_1 fusion-flex-column"><div class="fusion-column-wrapper fusion-flex-justify-content-flex-start fusion-content-layout-column" style="background-position:left top;background-repeat:no-repeat;-webkit-background-size:cover;-moz-background-size:cover;-o-background-size:cover;background-size:cover;padding: 0px 0px 0px 0px;"><div class="fusion-text fusion-text-1"><h3><span style="color: #e03e2d;"><strong><span style="font-size: 12pt;">INSCRIPCIÓN CERRADA.</span></strong></span><strong> <span style="color: #e03e2d;">Todas las plazas cubiertas.</span></strong></h3>
<h2><strong>Visita Exclusiva a la Presó Model de Barcelona.</strong><strong>Una Experiencia Única para Fotógrafos/as</strong></h2>
<p><strong>Detalles de la visita</strong><br />
• <strong>Fecha:</strong> LUNES, 28 de abril<br />
• <strong>Hora:</strong> 10:30 horas<br />
• <strong>Duración:</strong> 2,30 horas aprox.<br />
• <strong>Precio:</strong> gratuito<br />
• <strong>Punto de encuentro:</strong> entrada principal de La Modelo, calle Entença, 155</p>
<p><strong>Plazas limitadas. Es necesaria inscripción previa</strong><br />
Escribe a <strong>sortides@afc.cat</strong>, indicando el nombre completo y el nº del DNI.</p>
<p><strong>Descripción</strong><br />
Te invitamos a vivir una visita muy especial a la Presó Model de Barcelona, guiada por alguien que conoce sus rincones más ocultos como nadie: un exrecluso, testigo directo de la vida entre los muros de este emblemático centro penitenciario.<br />
Esta no es la visita oficial que ofrece el espacio institucional. Se trata de un recorrido singular por la primera y segunda planta, así como el patio, con acceso a espacios habitualmente cerrados al público. Todo ello acompañado de relatos reales y conmovedores sobre la vida entre rejas, contados en primera persona.</p>
<p><strong>Una oportunidad fotográfica irrepetible</strong></p>
<p>Para los amantes de la fotografía, esta visita representa una ocasión única para capturar imágenes insólitas y exclusivas, llenas de texturas, luces e historias que difícilmente se encuentran en otros contextos. Una experiencia que combina arte, memoria y realidad social.<br />
Actividad organizada en colaboración con <strong>ASRESOLA</strong>, una joven asociación nacida dentro de la prisión y dedicada a la reinserción sociolaboral de personas privadas de libertad. Su enfoque innovador y profundamente humano convierte esta experiencia en un viaje tanto visual como emocional.<br />
Si buscas una mirada diferente, un entorno cargado de historias y una experiencia fotográfica potente&#8230; ¡esta es tu oportunidad!</p>
<p><strong>Foto: © Xavier Ricol</strong></p>
</div><div ><style>.fusion-imageframe.imageframe-2{ margin-top : 30px;}</style><span class=" fusion-imageframe imageframe-none imageframe-2 hover-type-none"><img decoding="async" width="420" height="79" title="cultura" src="https://afc.cat/wp-content/uploads/2025/01/logos_generalitat_-ajuntament-bcn.jpg" alt class="img-responsive wp-image-41129" srcset="https://afc.cat/wp-content/uploads/2025/01/logos_generalitat_-ajuntament-bcn-200x38.jpg 200w, https://afc.cat/wp-content/uploads/2025/01/logos_generalitat_-ajuntament-bcn-400x75.jpg 400w, https://afc.cat/wp-content/uploads/2025/01/logos_generalitat_-ajuntament-bcn.jpg 420w" sizes="(max-width: 640px) 100vw, 420px" /></span></div><div ><span class=" fusion-imageframe imageframe-none imageframe-3 hover-type-none"><img decoding="async" width="2264" height="561" title="Logos colaboradors" src="https://afc.cat/wp-content/uploads/2025/01/Logos-colaboradors.jpg" alt class="img-responsive wp-image-40956" srcset="https://afc.cat/wp-content/uploads/2025/01/Logos-colaboradors-200x50.jpg 200w, https://afc.cat/wp-content/uploads/2025/01/Logos-colaboradors-400x99.jpg 400w, https://afc.cat/wp-content/uploads/2025/01/Logos-colaboradors-600x149.jpg 600w, https://afc.cat/wp-content/uploads/2025/01/Logos-colaboradors-800x198.jpg 800w, https://afc.cat/wp-content/uploads/2025/01/Logos-colaboradors-1200x297.jpg 1200w, https://afc.cat/wp-content/uploads/2025/01/Logos-colaboradors.jpg 2264w" sizes="(max-width: 640px) 100vw, 2264px" /></span></div></div><style type="text/css">.fusion-body .fusion-builder-column-0{width:100% !important;margin-top : 0px;margin-bottom : 0px;}.fusion-builder-column-0 > .fusion-column-wrapper {padding-top : 0px !important;padding-right : 0px !important;margin-right : 1.92%;padding-bottom : 0px !important;padding-left : 0px !important;margin-left : 1.92%;}@media only screen and (max-width:1024px) {.fusion-body .fusion-builder-column-0{width:100% !important;}.fusion-builder-column-0 > .fusion-column-wrapper {margin-right : 1.92%;margin-left : 1.92%;}}@media only screen and (max-width:640px) {.fusion-body .fusion-builder-column-0{width:100% !important;}.fusion-builder-column-0 > .fusion-column-wrapper {margin-right : 1.92%;margin-left : 1.92%;}}</style></div></div><style type="text/css">.fusion-body .fusion-flex-container.fusion-builder-row-1{ padding-top : 0px;margin-top : 0px;padding-right : 0px;padding-bottom : 0px;margin-bottom : 0px;padding-left : 0px;}</style></div>

<!-- This site is optimized with the Yoast SEO plugin v27.5 - https://yoast.com/product/yoast-seo-wordpress/ -->
<title>Visita exclusiva a la Presó Model de Barcelona - Agrupació Fotogràfica de Catalunya</title>
<meta name="robots" content="index, follow, max-snippet:-1, max-image-preview:large, max-video-preview:-1" />
<link rel="canonical" href="https://afc.cat/es/activitat/visita-exclusiva-a-la-preso-model-de-barcelona/" />
<meta property="og:locale" content="es_ES" />
<meta property="og:type" content="article" />
<meta property="og:title" content="Visita exclusiva a la Presó Model de Barcelona - Agrupació Fotogràfica de Catalunya" />
<meta property="og:url" content="https://afc.cat/es/activitat/visita-exclusiva-a-la-preso-model-de-barcelona/" />
<meta property="og:site_name" content="Agrupació Fotogràfica de Catalunya" />
<meta property="article:modified_time" content="2025-04-15T14:42:11+00:00" />
<meta name="twitter:card" content="summary_large_image" />
<meta name="twitter:label1" content="Tiempo de lectura" />
	<meta name="twitter:data1" content="6 minutos" />
<script type="application/ld+json" class="yoast-schema-graph">{"@context":"https:\/\/schema.org","@graph":[{"@type":"WebPage","@id":"https:\/\/afc.cat\/es\/activitat\/visita-exclusiva-a-la-preso-model-de-barcelona\/","url":"https:\/\/afc.cat\/es\/activitat\/visita-exclusiva-a-la-preso-model-de-barcelona\/","name":"Visita exclusiva a la Presó Model de Barcelona - Agrupació Fotogràfica de Catalunya","isPartOf":{"@id":"https:\/\/afc.cat\/es\/#website"},"datePublished":"2025-04-14T13:29:33+00:00","dateModified":"2025-04-15T14:42:11+00:00","breadcrumb":{"@id":"https:\/\/afc.cat\/es\/activitat\/visita-exclusiva-a-la-preso-model-de-barcelona\/#breadcrumb"},"inLanguage":"es","potentialAction":[{"@type":"ReadAction","target":["https:\/\/afc.cat\/es\/activitat\/visita-exclusiva-a-la-preso-model-de-barcelona\/"]}]},{"@type":"BreadcrumbList","@id":"https:\/\/afc.cat\/es\/activitat\/visita-exclusiva-a-la-preso-model-de-barcelona\/#breadcrumb","itemListElement":[{"@type":"ListItem","position":1,"name":"Inicio","item":"https:\/\/afc.cat\/es\/"},{"@type":"ListItem","position":2,"name":"Visita exclusiva a la Presó Model de Barcelona"}]},{"@type":"WebSite","@id":"https:\/\/afc.cat\/es\/#website","url":"https:\/\/afc.cat\/es\/","name":"Agrupació Fotogràfica de Catalunya","description":"Fomento y divulgación de la fotografía en todas sus variedades","potentialAction":[{"@type":"SearchAction","target":{"@type":"EntryPoint","urlTemplate":"https:\/\/afc.cat\/es\/?s={search_term_string}"},"query-input":{"@type":"PropertyValueSpecification","valueRequired":true,"valueName":"search_term_string"}}],"inLanguage":"es"}]}</script>
<!-- / Yoast SEO plugin. -->

Visita exclusiva a la Presó Model de Barcelona - Agrupació Fotogràfica de Catalunya

Agrupació Fotogràfica de Catalunya

Fomento y divulgación de la fotografía en todas sus variedades
