{"id":42551,"date":"2025-04-16T12:33:53","date_gmt":"2025-04-16T10:33:53","guid":{"rendered":"https:\/\/afc.cat\/activitat\/taller-basic-dilluminacio-en-estudi-fotografic-grup-tardes\/"},"modified":"2025-04-23T19:47:34","modified_gmt":"2025-04-23T17:47:34","slug":"taller-basico-de-iluminacion-en-estudio-fotografico-grupo-tardes","status":"publish","type":"class","link":"https:\/\/afc.cat\/es\/activitat\/taller-basico-de-iluminacion-en-estudio-fotografico-grupo-tardes\/","title":{"rendered":"Taller b\u00e1sico de iluminaci\u00f3n en estudio fotogr\u00e1fico \/grupo tardes"},"content":{"rendered":"<div class=\"fusion-fullwidth fullwidth-box fusion-builder-row-1 fusion-flex-container nonhundred-percent-fullwidth non-hundred-percent-height-scrolling\" style=\"background-color: rgba(255,255,255,0);background-position: center center;background-repeat: no-repeat;border-width: 0px 15px 0px 0px;border-color:#ffffff;border-style:solid;\" ><div class=\"fusion-builder-row fusion-row fusion-flex-align-items-flex-start\" style=\"max-width:1300px;margin-left: calc(-4% \/ 2 );margin-right: calc(-4% \/ 2 );\"><div class=\"fusion-layout-column fusion_builder_column fusion-builder-column-0 fusion_builder_column_1_1 1_1 fusion-flex-column\"><div class=\"fusion-column-wrapper fusion-flex-justify-content-flex-start fusion-content-layout-column\" style=\"background-position:left top;background-repeat:no-repeat;-webkit-background-size:cover;-moz-background-size:cover;-o-background-size:cover;background-size:cover;padding: 0px 0px 0px 0px;\"><div class=\"fusion-text fusion-text-1\"><div class=\"traductor-textarea form-group\">\n<div class=\"textarea-desti col-xs-12 col-sm-6\">\n<div class=\"form-control second-textarea\">\n<h2>TALLER B\u00c1SICO DE ILUMINACI\u00d3N EN ESTUDIO FOTOGR\u00c1FICO \/ TARDES<\/h2>\n<p><strong>CALENDARIO Y HORARIO<\/strong><\/p>\n<p>FECHAS: mayo: martes 13, 20 , y jueves 29<\/p>\n<p>junio: martes 3 de junio<\/p>\n<p>SESIONES: 4 sesiones<\/p>\n<p>HORARIO: de 17:00-20:00 h<\/p>\n<p>DONDE: Agrupaci\u00f3 Fotogr\u00e0fica de Catalunya<\/p>\n<p>Responsable:\u00a0 Josep Recio<\/p>\n<p>Precio: 15\u20ac<\/p>\n<p>Inscripci\u00f3n y pago <a href=\"https:\/\/afc.playoffinformatica.com\/actividad\/138\/TALLER-BASIC-D-IL-LUMINACIO-EN-ESTUDI-FOTOGRAFIC-TARDES\/\"><strong>EN L\u00cdNEA<\/strong> <\/a>(seg\u00fan orden de inscripci\u00f3n)<\/p>\n<p>PLAZAS: 12 plazas<\/p>\n<p>Taller exclusivo por a los asociados \/ adas de la AFC<\/p>\n<p>Finalidades del taller: promover que los asociados sepan utilizar el estudio de la AFC mediante la planificaci\u00f3n de proyectos de retrato y de bodeg\u00f3n.<\/p>\n<p><strong>Plan de trabajo<\/strong><\/p>\n<p>D\u00eda 13-5-2025<\/p>\n<p>La luz<br \/>\nPotencia de la luz<br \/>\nDireccionalidad de la luz<br \/>\nDureza y suavidad de la luz<br \/>\nEsquemas de luz<br \/>\nFlash\u00a0de estudio y mano<br \/>\nMediante programa de simulaci\u00f3n, ejemplos de esquemas de iluminaci\u00f3n en estudio.<\/p>\n<p>D\u00eda 20-5-2025<\/p>\n<p>El estudio fotogr\u00e1fico de\u00a0AFC<br \/>\nComo funcionan los fondos fotogr\u00e1ficos<br \/>\nFuncionamiento del flash disponible.<br \/>\nComo cambiar difusores<br \/>\nGesti\u00f3n de la luz<br \/>\nEsquemas con una luz<br \/>\nEsquemas con dos luces<br \/>\nEsquemas con m\u00e1s luces<br \/>\nEl estudio a casa<\/p>\n<p>D\u00eda 29-5-2025<\/p>\n<p>Sesi\u00f3n de estudio<br \/>\nIdeas para fotos<br \/>\nGesti\u00f3n de modelos<br \/>\nPosibilitados de la fotograf\u00eda de estudio<br \/>\nTrabajar con modelos<br \/>\nTrabajar con naturaleza muerta<br \/>\nTrabajar con naturaleza viva.<\/p>\n<p>D\u00eda 3-6-2025<br \/>\nA propuesta de los participantes<br \/>\nPracticas con modelo<br \/>\nPracticas de bodegones<\/p>\n<p><strong>Foto: \u00a9 Josep Recio.<\/strong><\/p>\n<\/div>\n<\/div>\n<\/div>\n<div class=\"traductor-checkbox form-group\">\n<div class=\"row\">\n<div class=\"col-sm-offset-2 col-sm-5\"><\/div>\n<div class=\"col-sm-5\"><\/div>\n<\/div>\n<\/div>\n<\/div><div ><style>.fusion-imageframe.imageframe-2{ margin-top : 30px;}<\/style><span class=\" fusion-imageframe imageframe-none imageframe-2 hover-type-none\"><img decoding=\"async\" width=\"420\" height=\"79\" title=\"cultura\" src=\"https:\/\/afc.cat\/wp-content\/uploads\/2025\/01\/logos_generalitat_-ajuntament-bcn.jpg\" alt class=\"img-responsive wp-image-41129\" srcset=\"https:\/\/afc.cat\/wp-content\/uploads\/2025\/01\/logos_generalitat_-ajuntament-bcn-200x38.jpg 200w, https:\/\/afc.cat\/wp-content\/uploads\/2025\/01\/logos_generalitat_-ajuntament-bcn-400x75.jpg 400w, https:\/\/afc.cat\/wp-content\/uploads\/2025\/01\/logos_generalitat_-ajuntament-bcn.jpg 420w\" sizes=\"(max-width: 640px) 100vw, 420px\" \/><\/span><\/div><div ><span class=\" fusion-imageframe imageframe-none imageframe-3 hover-type-none\"><img decoding=\"async\" width=\"2264\" height=\"561\" title=\"Logos colaboradors\" src=\"https:\/\/afc.cat\/wp-content\/uploads\/2025\/01\/Logos-colaboradors.jpg\" alt class=\"img-responsive wp-image-40956\" srcset=\"https:\/\/afc.cat\/wp-content\/uploads\/2025\/01\/Logos-colaboradors-200x50.jpg 200w, https:\/\/afc.cat\/wp-content\/uploads\/2025\/01\/Logos-colaboradors-400x99.jpg 400w, https:\/\/afc.cat\/wp-content\/uploads\/2025\/01\/Logos-colaboradors-600x149.jpg 600w, https:\/\/afc.cat\/wp-content\/uploads\/2025\/01\/Logos-colaboradors-800x198.jpg 800w, https:\/\/afc.cat\/wp-content\/uploads\/2025\/01\/Logos-colaboradors-1200x297.jpg 1200w, https:\/\/afc.cat\/wp-content\/uploads\/2025\/01\/Logos-colaboradors.jpg 2264w\" sizes=\"(max-width: 640px) 100vw, 2264px\" \/><\/span><\/div><\/div><style type=\"text\/css\">.fusion-body .fusion-builder-column-0{width:100% !important;margin-top : 0px;margin-bottom : 0px;}.fusion-builder-column-0 > .fusion-column-wrapper {padding-top : 0px !important;padding-right : 0px !important;margin-right : 1.92%;padding-bottom : 0px !important;padding-left : 0px !important;margin-left : 1.92%;}@media only screen and (max-width:1024px) {.fusion-body .fusion-builder-column-0{width:100% !important;}.fusion-builder-column-0 > .fusion-column-wrapper {margin-right : 1.92%;margin-left : 1.92%;}}@media only screen and (max-width:640px) {.fusion-body .fusion-builder-column-0{width:100% !important;}.fusion-builder-column-0 > .fusion-column-wrapper {margin-right : 1.92%;margin-left : 1.92%;}}<\/style><\/div><\/div><style type=\"text\/css\">.fusion-body .fusion-flex-container.fusion-builder-row-1{ padding-top : 0px;margin-top : 0px;padding-right : 0px;padding-bottom : 0px;margin-bottom : 0px;padding-left : 0px;}<\/style><\/div>\n","protected":false},"excerpt":{"rendered":"","protected":false},"template":"","meta":{"_acf_changed":false},"wcs-type":[695,118],"wcs-room":[131],"wcs-instructor":[656],"class_list":["post-42551","class","type-class","status-publish","hentry","wcs-type-estudio","wcs-type-taller-es","wcs-room-agrupacio-fotografica-de-catalunya","wcs-instructor-josep-recio"],"acf":[],"yoast_head":"<!-- This site is optimized with the Yoast SEO plugin v27.2 - https:\/\/yoast.com\/product\/yoast-seo-wordpress\/ -->\n<title>Taller b\u00e1sico de iluminaci\u00f3n en estudio fotogr\u00e1fico \/grupo tardes - Agrupaci\u00f3 Fotogr\u00e0fica de Catalunya<\/title>\n<meta name=\"robots\" content=\"index, follow, max-snippet:-1, max-image-preview:large, max-video-preview:-1\" \/>\n<link rel=\"canonical\" href=\"https:\/\/afc.cat\/es\/activitat\/taller-basico-de-iluminacion-en-estudio-fotografico-grupo-tardes\/\" \/>\n<meta property=\"og:locale\" content=\"es_ES\" \/>\n<meta property=\"og:type\" content=\"article\" \/>\n<meta property=\"og:title\" content=\"Taller b\u00e1sico de iluminaci\u00f3n en estudio fotogr\u00e1fico \/grupo tardes - Agrupaci\u00f3 Fotogr\u00e0fica de Catalunya\" \/>\n<meta property=\"og:url\" content=\"https:\/\/afc.cat\/es\/activitat\/taller-basico-de-iluminacion-en-estudio-fotografico-grupo-tardes\/\" \/>\n<meta property=\"og:site_name\" content=\"Agrupaci\u00f3 Fotogr\u00e0fica de Catalunya\" \/>\n<meta property=\"article:modified_time\" content=\"2025-04-23T17:47:34+00:00\" \/>\n<meta name=\"twitter:card\" content=\"summary_large_image\" \/>\n<meta name=\"twitter:label1\" content=\"Tiempo de lectura\" \/>\n\t<meta name=\"twitter:data1\" content=\"6 minutos\" \/>\n<script type=\"application\/ld+json\" class=\"yoast-schema-graph\">{\"@context\":\"https:\/\/schema.org\",\"@graph\":[{\"@type\":\"WebPage\",\"@id\":\"https:\/\/afc.cat\/es\/activitat\/taller-basico-de-iluminacion-en-estudio-fotografico-grupo-tardes\/\",\"url\":\"https:\/\/afc.cat\/es\/activitat\/taller-basico-de-iluminacion-en-estudio-fotografico-grupo-tardes\/\",\"name\":\"Taller b\u00e1sico de iluminaci\u00f3n en estudio fotogr\u00e1fico \/grupo tardes - Agrupaci\u00f3 Fotogr\u00e0fica de Catalunya\",\"isPartOf\":{\"@id\":\"https:\/\/afc.cat\/es\/#website\"},\"datePublished\":\"2025-04-16T10:33:53+00:00\",\"dateModified\":\"2025-04-23T17:47:34+00:00\",\"breadcrumb\":{\"@id\":\"https:\/\/afc.cat\/es\/activitat\/taller-basico-de-iluminacion-en-estudio-fotografico-grupo-tardes\/#breadcrumb\"},\"inLanguage\":\"es\",\"potentialAction\":[{\"@type\":\"ReadAction\",\"target\":[\"https:\/\/afc.cat\/es\/activitat\/taller-basico-de-iluminacion-en-estudio-fotografico-grupo-tardes\/\"]}]},{\"@type\":\"BreadcrumbList\",\"@id\":\"https:\/\/afc.cat\/es\/activitat\/taller-basico-de-iluminacion-en-estudio-fotografico-grupo-tardes\/#breadcrumb\",\"itemListElement\":[{\"@type\":\"ListItem\",\"position\":1,\"name\":\"Inicio\",\"item\":\"https:\/\/afc.cat\/es\/\"},{\"@type\":\"ListItem\",\"position\":2,\"name\":\"Taller b\u00e1sico de iluminaci\u00f3n en estudio fotogr\u00e1fico \/grupo tardes\"}]},{\"@type\":\"WebSite\",\"@id\":\"https:\/\/afc.cat\/es\/#website\",\"url\":\"https:\/\/afc.cat\/es\/\",\"name\":\"Agrupaci\u00f3 Fotogr\u00e0fica de Catalunya\",\"description\":\"Fomento y divulgaci\u00f3n de la fotograf\u00eda en todas sus variedades\",\"potentialAction\":[{\"@type\":\"SearchAction\",\"target\":{\"@type\":\"EntryPoint\",\"urlTemplate\":\"https:\/\/afc.cat\/es\/?s={search_term_string}\"},\"query-input\":{\"@type\":\"PropertyValueSpecification\",\"valueRequired\":true,\"valueName\":\"search_term_string\"}}],\"inLanguage\":\"es\"}]}<\/script>\n<!-- \/ Yoast SEO plugin. -->","yoast_head_json":{"title":"Taller b\u00e1sico de iluminaci\u00f3n en estudio fotogr\u00e1fico \/grupo tardes - Agrupaci\u00f3 Fotogr\u00e0fica de Catalunya","robots":{"index":"index","follow":"follow","max-snippet":"max-snippet:-1","max-image-preview":"max-image-preview:large","max-video-preview":"max-video-preview:-1"},"canonical":"https:\/\/afc.cat\/es\/activitat\/taller-basico-de-iluminacion-en-estudio-fotografico-grupo-tardes\/","og_locale":"es_ES","og_type":"article","og_title":"Taller b\u00e1sico de iluminaci\u00f3n en estudio fotogr\u00e1fico \/grupo tardes - Agrupaci\u00f3 Fotogr\u00e0fica de Catalunya","og_url":"https:\/\/afc.cat\/es\/activitat\/taller-basico-de-iluminacion-en-estudio-fotografico-grupo-tardes\/","og_site_name":"Agrupaci\u00f3 Fotogr\u00e0fica de Catalunya","article_modified_time":"2025-04-23T17:47:34+00:00","twitter_card":"summary_large_image","twitter_misc":{"Tiempo de lectura":"6 minutos"},"schema":{"@context":"https:\/\/schema.org","@graph":[{"@type":"WebPage","@id":"https:\/\/afc.cat\/es\/activitat\/taller-basico-de-iluminacion-en-estudio-fotografico-grupo-tardes\/","url":"https:\/\/afc.cat\/es\/activitat\/taller-basico-de-iluminacion-en-estudio-fotografico-grupo-tardes\/","name":"Taller b\u00e1sico de iluminaci\u00f3n en estudio fotogr\u00e1fico \/grupo tardes - Agrupaci\u00f3 Fotogr\u00e0fica de Catalunya","isPartOf":{"@id":"https:\/\/afc.cat\/es\/#website"},"datePublished":"2025-04-16T10:33:53+00:00","dateModified":"2025-04-23T17:47:34+00:00","breadcrumb":{"@id":"https:\/\/afc.cat\/es\/activitat\/taller-basico-de-iluminacion-en-estudio-fotografico-grupo-tardes\/#breadcrumb"},"inLanguage":"es","potentialAction":[{"@type":"ReadAction","target":["https:\/\/afc.cat\/es\/activitat\/taller-basico-de-iluminacion-en-estudio-fotografico-grupo-tardes\/"]}]},{"@type":"BreadcrumbList","@id":"https:\/\/afc.cat\/es\/activitat\/taller-basico-de-iluminacion-en-estudio-fotografico-grupo-tardes\/#breadcrumb","itemListElement":[{"@type":"ListItem","position":1,"name":"Inicio","item":"https:\/\/afc.cat\/es\/"},{"@type":"ListItem","position":2,"name":"Taller b\u00e1sico de iluminaci\u00f3n en estudio fotogr\u00e1fico \/grupo tardes"}]},{"@type":"WebSite","@id":"https:\/\/afc.cat\/es\/#website","url":"https:\/\/afc.cat\/es\/","name":"Agrupaci\u00f3 Fotogr\u00e0fica de Catalunya","description":"Fomento y divulgaci\u00f3n de la fotograf\u00eda en todas sus variedades","potentialAction":[{"@type":"SearchAction","target":{"@type":"EntryPoint","urlTemplate":"https:\/\/afc.cat\/es\/?s={search_term_string}"},"query-input":{"@type":"PropertyValueSpecification","valueRequired":true,"valueName":"search_term_string"}}],"inLanguage":"es"}]}},"_links":{"self":[{"href":"https:\/\/afc.cat\/es\/wp-json\/wp\/v2\/class\/42551","targetHints":{"allow":["GET"]}}],"collection":[{"href":"https:\/\/afc.cat\/es\/wp-json\/wp\/v2\/class"}],"about":[{"href":"https:\/\/afc.cat\/es\/wp-json\/wp\/v2\/types\/class"}],"wp:attachment":[{"href":"https:\/\/afc.cat\/es\/wp-json\/wp\/v2\/media?parent=42551"}],"wp:term":[{"taxonomy":"wcs-type","embeddable":true,"href":"https:\/\/afc.cat\/es\/wp-json\/wp\/v2\/wcs-type?post=42551"},{"taxonomy":"wcs-room","embeddable":true,"href":"https:\/\/afc.cat\/es\/wp-json\/wp\/v2\/wcs-room?post=42551"},{"taxonomy":"wcs-instructor","embeddable":true,"href":"https:\/\/afc.cat\/es\/wp-json\/wp\/v2\/wcs-instructor?post=42551"}],"curies":[{"name":"wp","href":"https:\/\/api.w.org\/{rel}","templated":true}]}}

Taller básico de iluminación en estudio fotográfico /grupo tardes

<div class="fusion-fullwidth fullwidth-box fusion-builder-row-1 fusion-flex-container nonhundred-percent-fullwidth non-hundred-percent-height-scrolling" style="background-color: rgba(255,255,255,0);background-position: center center;background-repeat: no-repeat;border-width: 0px 15px 0px 0px;border-color:#ffffff;border-style:solid;" ><div class="fusion-builder-row fusion-row fusion-flex-align-items-flex-start" style="max-width:1300px;margin-left: calc(-4% / 2 );margin-right: calc(-4% / 2 );"><div class="fusion-layout-column fusion_builder_column fusion-builder-column-0 fusion_builder_column_1_1 1_1 fusion-flex-column"><div class="fusion-column-wrapper fusion-flex-justify-content-flex-start fusion-content-layout-column" style="background-position:left top;background-repeat:no-repeat;-webkit-background-size:cover;-moz-background-size:cover;-o-background-size:cover;background-size:cover;padding: 0px 0px 0px 0px;"><div class="fusion-text fusion-text-1"><div class="traductor-textarea form-group">
<div class="textarea-desti col-xs-12 col-sm-6">
<div class="form-control second-textarea">
<h2>TALLER BÁSICO DE ILUMINACIÓN EN ESTUDIO FOTOGRÁFICO / TARDES</h2>
<p><strong>CALENDARIO Y HORARIO</strong></p>
<p>FECHAS: mayo: martes 13, 20 , y jueves 29</p>
<p>junio: martes 3 de junio</p>
<p>SESIONES: 4 sesiones</p>
<p>HORARIO: de 17:00-20:00 h</p>
<p>DONDE: Agrupació Fotogràfica de Catalunya</p>
<p>Responsable:  Josep Recio</p>
<p>Precio: 15€</p>
<p>Inscripción y pago <a href="https://afc.playoffinformatica.com/actividad/138/TALLER-BASIC-D-IL-LUMINACIO-EN-ESTUDI-FOTOGRAFIC-TARDES/"><strong>EN LÍNEA</strong> </a>(según orden de inscripción)</p>
<p>PLAZAS: 12 plazas</p>
<p>Taller exclusivo por a los asociados / adas de la AFC</p>
<p>Finalidades del taller: promover que los asociados sepan utilizar el estudio de la AFC mediante la planificación de proyectos de retrato y de bodegón.</p>
<p><strong>Plan de trabajo</strong></p>
<p>Día 13-5-2025</p>
<p>La luz<br />
Potencia de la luz<br />
Direccionalidad de la luz<br />
Dureza y suavidad de la luz<br />
Esquemas de luz<br />
Flash de estudio y mano<br />
Mediante programa de simulación, ejemplos de esquemas de iluminación en estudio.</p>
<p>Día 20-5-2025</p>
<p>El estudio fotográfico de AFC<br />
Como funcionan los fondos fotográficos<br />
Funcionamiento del flash disponible.<br />
Como cambiar difusores<br />
Gestión de la luz<br />
Esquemas con una luz<br />
Esquemas con dos luces<br />
Esquemas con más luces<br />
El estudio a casa</p>
<p>Día 29-5-2025</p>
<p>Sesión de estudio<br />
Ideas para fotos<br />
Gestión de modelos<br />
Posibilitados de la fotografía de estudio<br />
Trabajar con modelos<br />
Trabajar con naturaleza muerta<br />
Trabajar con naturaleza viva.</p>
<p>Día 3-6-2025<br />
A propuesta de los participantes<br />
Practicas con modelo<br />
Practicas de bodegones</p>
<p><strong>Foto: © Josep Recio.</strong></p>
</div>
</div>
</div>
<div class="traductor-checkbox form-group">
<div class="row">
<div class="col-sm-offset-2 col-sm-5"></div>
<div class="col-sm-5"></div>
</div>
</div>
</div><div ><style>.fusion-imageframe.imageframe-2{ margin-top : 30px;}</style><span class=" fusion-imageframe imageframe-none imageframe-2 hover-type-none"><img decoding="async" width="420" height="79" title="cultura" src="https://afc.cat/wp-content/uploads/2025/01/logos_generalitat_-ajuntament-bcn.jpg" alt class="img-responsive wp-image-41129" srcset="https://afc.cat/wp-content/uploads/2025/01/logos_generalitat_-ajuntament-bcn-200x38.jpg 200w, https://afc.cat/wp-content/uploads/2025/01/logos_generalitat_-ajuntament-bcn-400x75.jpg 400w, https://afc.cat/wp-content/uploads/2025/01/logos_generalitat_-ajuntament-bcn.jpg 420w" sizes="(max-width: 640px) 100vw, 420px" /></span></div><div ><span class=" fusion-imageframe imageframe-none imageframe-3 hover-type-none"><img decoding="async" width="2264" height="561" title="Logos colaboradors" src="https://afc.cat/wp-content/uploads/2025/01/Logos-colaboradors.jpg" alt class="img-responsive wp-image-40956" srcset="https://afc.cat/wp-content/uploads/2025/01/Logos-colaboradors-200x50.jpg 200w, https://afc.cat/wp-content/uploads/2025/01/Logos-colaboradors-400x99.jpg 400w, https://afc.cat/wp-content/uploads/2025/01/Logos-colaboradors-600x149.jpg 600w, https://afc.cat/wp-content/uploads/2025/01/Logos-colaboradors-800x198.jpg 800w, https://afc.cat/wp-content/uploads/2025/01/Logos-colaboradors-1200x297.jpg 1200w, https://afc.cat/wp-content/uploads/2025/01/Logos-colaboradors.jpg 2264w" sizes="(max-width: 640px) 100vw, 2264px" /></span></div></div><style type="text/css">.fusion-body .fusion-builder-column-0{width:100% !important;margin-top : 0px;margin-bottom : 0px;}.fusion-builder-column-0 > .fusion-column-wrapper {padding-top : 0px !important;padding-right : 0px !important;margin-right : 1.92%;padding-bottom : 0px !important;padding-left : 0px !important;margin-left : 1.92%;}@media only screen and (max-width:1024px) {.fusion-body .fusion-builder-column-0{width:100% !important;}.fusion-builder-column-0 > .fusion-column-wrapper {margin-right : 1.92%;margin-left : 1.92%;}}@media only screen and (max-width:640px) {.fusion-body .fusion-builder-column-0{width:100% !important;}.fusion-builder-column-0 > .fusion-column-wrapper {margin-right : 1.92%;margin-left : 1.92%;}}</style></div></div><style type="text/css">.fusion-body .fusion-flex-container.fusion-builder-row-1{ padding-top : 0px;margin-top : 0px;padding-right : 0px;padding-bottom : 0px;margin-bottom : 0px;padding-left : 0px;}</style></div>

<!-- This site is optimized with the Yoast SEO plugin v27.2 - https://yoast.com/product/yoast-seo-wordpress/ -->
<title>Taller básico de iluminación en estudio fotográfico /grupo tardes - Agrupació Fotogràfica de Catalunya</title>
<meta name="robots" content="index, follow, max-snippet:-1, max-image-preview:large, max-video-preview:-1" />
<link rel="canonical" href="https://afc.cat/es/activitat/taller-basico-de-iluminacion-en-estudio-fotografico-grupo-tardes/" />
<meta property="og:locale" content="es_ES" />
<meta property="og:type" content="article" />
<meta property="og:title" content="Taller básico de iluminación en estudio fotográfico /grupo tardes - Agrupació Fotogràfica de Catalunya" />
<meta property="og:url" content="https://afc.cat/es/activitat/taller-basico-de-iluminacion-en-estudio-fotografico-grupo-tardes/" />
<meta property="og:site_name" content="Agrupació Fotogràfica de Catalunya" />
<meta property="article:modified_time" content="2025-04-23T17:47:34+00:00" />
<meta name="twitter:card" content="summary_large_image" />
<meta name="twitter:label1" content="Tiempo de lectura" />
	<meta name="twitter:data1" content="6 minutos" />
<script type="application/ld+json" class="yoast-schema-graph">{"@context":"https://schema.org","@graph":[{"@type":"WebPage","@id":"https://afc.cat/es/activitat/taller-basico-de-iluminacion-en-estudio-fotografico-grupo-tardes/","url":"https://afc.cat/es/activitat/taller-basico-de-iluminacion-en-estudio-fotografico-grupo-tardes/","name":"Taller básico de iluminación en estudio fotográfico /grupo tardes - Agrupació Fotogràfica de Catalunya","isPartOf":{"@id":"https://afc.cat/es/#website"},"datePublished":"2025-04-16T10:33:53+00:00","dateModified":"2025-04-23T17:47:34+00:00","breadcrumb":{"@id":"https://afc.cat/es/activitat/taller-basico-de-iluminacion-en-estudio-fotografico-grupo-tardes/#breadcrumb"},"inLanguage":"es","potentialAction":[{"@type":"ReadAction","target":["https://afc.cat/es/activitat/taller-basico-de-iluminacion-en-estudio-fotografico-grupo-tardes/"]}]},{"@type":"BreadcrumbList","@id":"https://afc.cat/es/activitat/taller-basico-de-iluminacion-en-estudio-fotografico-grupo-tardes/#breadcrumb","itemListElement":[{"@type":"ListItem","position":1,"name":"Inicio","item":"https://afc.cat/es/"},{"@type":"ListItem","position":2,"name":"Taller básico de iluminación en estudio fotográfico /grupo tardes"}]},{"@type":"WebSite","@id":"https://afc.cat/es/#website","url":"https://afc.cat/es/","name":"Agrupació Fotogràfica de Catalunya","description":"Fomento y divulgación de la fotografía en todas sus variedades","potentialAction":[{"@type":"SearchAction","target":{"@type":"EntryPoint","urlTemplate":"https://afc.cat/es/?s={search_term_string}"},"query-input":{"@type":"PropertyValueSpecification","valueRequired":true,"valueName":"search_term_string"}}],"inLanguage":"es"}]}</script>
<!-- / Yoast SEO plugin. -->

Taller básico de iluminación en estudio fotográfico /grupo tardes - Agrupació Fotogràfica de Catalunya

Agrupació Fotogràfica de Catalunya

Fomento y divulgación de la fotografía en todas sus variedades
