{"id":43998,"date":"2025-09-01T16:50:46","date_gmt":"2025-09-01T14:50:46","guid":{"rendered":"https:\/\/afc.cat\/activitat\/exposicio-temporal-externa-cotidien-fest-2025-francesca-portoles\/"},"modified":"2025-09-01T19:52:09","modified_gmt":"2025-09-01T17:52:09","slug":"exposicion-temporal-externa-cotidien-fest-2025-francesca-portoles","status":"publish","type":"class","link":"https:\/\/afc.cat\/es\/activitat\/exposicion-temporal-externa-cotidien-fest-2025-francesca-portoles\/","title":{"rendered":"Exposici\u00f3n temporal externa \u201cCOTIDIEN-FEST 2025\u201d \/ Francesca Portol\u00e9s"},"content":{"rendered":"<div class=\"fusion-fullwidth fullwidth-box fusion-builder-row-1 fusion-flex-container nonhundred-percent-fullwidth non-hundred-percent-height-scrolling\" style=\"background-color: rgba(255,255,255,0);background-position: center center;background-repeat: no-repeat;border-width: 0px 15px 0px 0px;border-color:#ffffff;border-style:solid;\" ><div class=\"fusion-builder-row fusion-row fusion-flex-align-items-flex-start\" style=\"max-width:1300px;margin-left: calc(-4% \/ 2 );margin-right: calc(-4% \/ 2 );\"><div class=\"fusion-layout-column fusion_builder_column fusion-builder-column-0 fusion_builder_column_1_1 1_1 fusion-flex-column\"><div class=\"fusion-column-wrapper fusion-flex-justify-content-flex-start fusion-content-layout-column\" style=\"background-position:left top;background-repeat:no-repeat;-webkit-background-size:cover;-moz-background-size:cover;-o-background-size:cover;background-size:cover;padding: 0px 0px 0px 0px;\"><div class=\"fusion-text fusion-text-1\"><p>Esta segunda edici\u00f3n\u00a0<a href=\"https:\/\/www.l-h.cat\/agenda\/detallAgenda.aspx?1noqazA1RDqcitrhTcBGWFU5XsckJGcuGBxFqYu2t4SRCdEqazB\">COTIDIEN-*FEST\u00a02025<\/a> es una exposici\u00f3n creativa, personal y alegre, que pretende mostrar detalles de la vida cotidiana a trav\u00e9s de las cosas sencillas.<\/p>\n<p>En esta exposici\u00f3n los temas fundamentales son la banana\u00a0\u00a0y la sand\u00eda. La primera una de las frutas que es alimento b\u00e1sico en todo el mundo aparece a menudo en el Arte en general. La sand\u00eda, otra fruta muy apreciada, es adem\u00e1s s\u00edmbolo de expresi\u00f3n que representa la lucha de los palestinos contra la ocupaci\u00f3n israel\u00ed desde 1948.<\/p>\n<p>Como desde hace 8 a\u00f1os se celebra a la\u00a0B\u00f3bila\u00a0el D\u00eda del\u00a0 Brasil (7 de septiembre),\u00a0el pr\u00f3ximo d\u00eda 3 en la inauguraci\u00f3n de la exposici\u00f3n recordaremos el pueblo palestino mostr\u00e1ndole nuestro apoyo.<\/p>\n<p>Un<strong> total de 24 artistas de varios pa\u00edses<\/strong> hemos aportado una parte de nuestras creaciones a este acontecimiento, que ha sido coordinado por nuestra amiga y compa\u00f1era\u00a0Etel\u00a0Reyes.<\/p>\n<p>\u00a1Te esperamos!<\/p>\n<p><strong>Francesca Portol\u00e9s Bras\u00f3\u00a0\u00a0<\/strong><\/p>\n<p><strong>CALENDARIO Y HORARIO<\/strong><\/p>\n<p>Donde: <a class=\"blauTurquesa bold\" title=\"m\u00e9s de 'Centre Cultural la B\u00f2bila'\" href=\"https:\/\/www.l-h.cat\/directori\/detallEquipament.aspx?13qazCxp5HSVMmYYqoHSdhSdYViSXBGLXWHZ\">Centre Cultural la B\u00f2bila<span class=\"visibilidadoculta\">(Centre Cultural la B\u00f2bila)<\/span><\/a><br \/>\nPL B\u00f2bila\u00a01\u00a0\u00a0(L&#8217;Hospitalet de Llobregat)<\/p>\n<p>Inauguraci\u00f3n: 3 de septiembre a las 19 horas. Podr\u00e1s visitarla hasta el 26 de septiembre<\/p>\n<p>Entrada: libre<\/p>\n<\/div><div ><span class=\" fusion-imageframe imageframe-none imageframe-3 hover-type-none\"><img decoding=\"async\" width=\"2264\" height=\"561\" title=\"Logos-colaboradors 3\" src=\"https:\/\/afc.cat\/wp-content\/uploads\/2021\/02\/Logos-colaboradors-3.jpg\" alt class=\"img-responsive wp-image-43152\" srcset=\"https:\/\/afc.cat\/wp-content\/uploads\/2021\/02\/Logos-colaboradors-3-200x50.jpg 200w, https:\/\/afc.cat\/wp-content\/uploads\/2021\/02\/Logos-colaboradors-3-400x99.jpg 400w, https:\/\/afc.cat\/wp-content\/uploads\/2021\/02\/Logos-colaboradors-3-600x149.jpg 600w, https:\/\/afc.cat\/wp-content\/uploads\/2021\/02\/Logos-colaboradors-3-800x198.jpg 800w, https:\/\/afc.cat\/wp-content\/uploads\/2021\/02\/Logos-colaboradors-3-1200x297.jpg 1200w, https:\/\/afc.cat\/wp-content\/uploads\/2021\/02\/Logos-colaboradors-3.jpg 2264w\" sizes=\"(max-width: 640px) 100vw, 2264px\" \/><\/span><\/div><\/div><style type=\"text\/css\">.fusion-body .fusion-builder-column-0{width:100% !important;margin-top : 0px;margin-bottom : 0px;}.fusion-builder-column-0 > .fusion-column-wrapper {padding-top : 0px !important;padding-right : 0px !important;margin-right : 1.92%;padding-bottom : 0px !important;padding-left : 0px !important;margin-left : 1.92%;}@media only screen and (max-width:1024px) {.fusion-body .fusion-builder-column-0{width:100% !important;}.fusion-builder-column-0 > .fusion-column-wrapper {margin-right : 1.92%;margin-left : 1.92%;}}@media only screen and (max-width:640px) {.fusion-body .fusion-builder-column-0{width:100% !important;}.fusion-builder-column-0 > .fusion-column-wrapper {margin-right : 1.92%;margin-left : 1.92%;}}<\/style><\/div><\/div><style type=\"text\/css\">.fusion-body .fusion-flex-container.fusion-builder-row-1{ padding-top : 0px;margin-top : 0px;padding-right : 0px;padding-bottom : 0px;margin-bottom : 0px;padding-left : 0px;}<\/style><\/div>\n","protected":false},"excerpt":{"rendered":"","protected":false},"template":"","meta":{"_acf_changed":false},"wcs-type":[113],"wcs-room":[773],"wcs-instructor":[536],"class_list":["post-43998","class","type-class","status-publish","hentry","wcs-type-exposiciones-externas","wcs-room-centre-cultural-la-bobila-pl-bobila-1-lhospitalet-de-llobregat","wcs-instructor-francesca-portoles"],"acf":[],"yoast_head":"<!-- This site is optimized with the Yoast SEO plugin v27.5 - https:\/\/yoast.com\/product\/yoast-seo-wordpress\/ -->\n<title>Exposici\u00f3n temporal externa \u201cCOTIDIEN-FEST 2025\u201d \/ Francesca Portol\u00e9s - Agrupaci\u00f3 Fotogr\u00e0fica de Catalunya<\/title>\n<meta name=\"robots\" content=\"index, follow, max-snippet:-1, max-image-preview:large, max-video-preview:-1\" \/>\n<link rel=\"canonical\" href=\"https:\/\/afc.cat\/es\/activitat\/exposicion-temporal-externa-cotidien-fest-2025-francesca-portoles\/\" \/>\n<meta property=\"og:locale\" content=\"es_ES\" \/>\n<meta property=\"og:type\" content=\"article\" \/>\n<meta property=\"og:title\" content=\"Exposici\u00f3n temporal externa \u201cCOTIDIEN-FEST 2025\u201d \/ Francesca Portol\u00e9s - Agrupaci\u00f3 Fotogr\u00e0fica de Catalunya\" \/>\n<meta property=\"og:url\" content=\"https:\/\/afc.cat\/es\/activitat\/exposicion-temporal-externa-cotidien-fest-2025-francesca-portoles\/\" \/>\n<meta property=\"og:site_name\" content=\"Agrupaci\u00f3 Fotogr\u00e0fica de Catalunya\" \/>\n<meta property=\"article:modified_time\" content=\"2025-09-01T17:52:09+00:00\" \/>\n<meta name=\"twitter:card\" content=\"summary_large_image\" \/>\n<meta name=\"twitter:label1\" content=\"Tiempo de lectura\" \/>\n\t<meta name=\"twitter:data1\" content=\"6 minutos\" \/>\n<script type=\"application\/ld+json\" class=\"yoast-schema-graph\">{\"@context\":\"https:\\\/\\\/schema.org\",\"@graph\":[{\"@type\":\"WebPage\",\"@id\":\"https:\\\/\\\/afc.cat\\\/es\\\/activitat\\\/exposicion-temporal-externa-cotidien-fest-2025-francesca-portoles\\\/\",\"url\":\"https:\\\/\\\/afc.cat\\\/es\\\/activitat\\\/exposicion-temporal-externa-cotidien-fest-2025-francesca-portoles\\\/\",\"name\":\"Exposici\u00f3n temporal externa \u201cCOTIDIEN-FEST 2025\u201d \\\/ Francesca Portol\u00e9s - Agrupaci\u00f3 Fotogr\u00e0fica de Catalunya\",\"isPartOf\":{\"@id\":\"https:\\\/\\\/afc.cat\\\/es\\\/#website\"},\"datePublished\":\"2025-09-01T14:50:46+00:00\",\"dateModified\":\"2025-09-01T17:52:09+00:00\",\"breadcrumb\":{\"@id\":\"https:\\\/\\\/afc.cat\\\/es\\\/activitat\\\/exposicion-temporal-externa-cotidien-fest-2025-francesca-portoles\\\/#breadcrumb\"},\"inLanguage\":\"es\",\"potentialAction\":[{\"@type\":\"ReadAction\",\"target\":[\"https:\\\/\\\/afc.cat\\\/es\\\/activitat\\\/exposicion-temporal-externa-cotidien-fest-2025-francesca-portoles\\\/\"]}]},{\"@type\":\"BreadcrumbList\",\"@id\":\"https:\\\/\\\/afc.cat\\\/es\\\/activitat\\\/exposicion-temporal-externa-cotidien-fest-2025-francesca-portoles\\\/#breadcrumb\",\"itemListElement\":[{\"@type\":\"ListItem\",\"position\":1,\"name\":\"Inicio\",\"item\":\"https:\\\/\\\/afc.cat\\\/es\\\/\"},{\"@type\":\"ListItem\",\"position\":2,\"name\":\"Exposici\u00f3n temporal externa \u201cCOTIDIEN-FEST 2025\u201d \\\/ Francesca Portol\u00e9s\"}]},{\"@type\":\"WebSite\",\"@id\":\"https:\\\/\\\/afc.cat\\\/es\\\/#website\",\"url\":\"https:\\\/\\\/afc.cat\\\/es\\\/\",\"name\":\"Agrupaci\u00f3 Fotogr\u00e0fica de Catalunya\",\"description\":\"Fomento y divulgaci\u00f3n de la fotograf\u00eda en todas sus variedades\",\"potentialAction\":[{\"@type\":\"SearchAction\",\"target\":{\"@type\":\"EntryPoint\",\"urlTemplate\":\"https:\\\/\\\/afc.cat\\\/es\\\/?s={search_term_string}\"},\"query-input\":{\"@type\":\"PropertyValueSpecification\",\"valueRequired\":true,\"valueName\":\"search_term_string\"}}],\"inLanguage\":\"es\"}]}<\/script>\n<!-- \/ Yoast SEO plugin. -->","yoast_head_json":{"title":"Exposici\u00f3n temporal externa \u201cCOTIDIEN-FEST 2025\u201d \/ Francesca Portol\u00e9s - Agrupaci\u00f3 Fotogr\u00e0fica de Catalunya","robots":{"index":"index","follow":"follow","max-snippet":"max-snippet:-1","max-image-preview":"max-image-preview:large","max-video-preview":"max-video-preview:-1"},"canonical":"https:\/\/afc.cat\/es\/activitat\/exposicion-temporal-externa-cotidien-fest-2025-francesca-portoles\/","og_locale":"es_ES","og_type":"article","og_title":"Exposici\u00f3n temporal externa \u201cCOTIDIEN-FEST 2025\u201d \/ Francesca Portol\u00e9s - Agrupaci\u00f3 Fotogr\u00e0fica de Catalunya","og_url":"https:\/\/afc.cat\/es\/activitat\/exposicion-temporal-externa-cotidien-fest-2025-francesca-portoles\/","og_site_name":"Agrupaci\u00f3 Fotogr\u00e0fica de Catalunya","article_modified_time":"2025-09-01T17:52:09+00:00","twitter_card":"summary_large_image","twitter_misc":{"Tiempo de lectura":"6 minutos"},"schema":{"@context":"https:\/\/schema.org","@graph":[{"@type":"WebPage","@id":"https:\/\/afc.cat\/es\/activitat\/exposicion-temporal-externa-cotidien-fest-2025-francesca-portoles\/","url":"https:\/\/afc.cat\/es\/activitat\/exposicion-temporal-externa-cotidien-fest-2025-francesca-portoles\/","name":"Exposici\u00f3n temporal externa \u201cCOTIDIEN-FEST 2025\u201d \/ Francesca Portol\u00e9s - Agrupaci\u00f3 Fotogr\u00e0fica de Catalunya","isPartOf":{"@id":"https:\/\/afc.cat\/es\/#website"},"datePublished":"2025-09-01T14:50:46+00:00","dateModified":"2025-09-01T17:52:09+00:00","breadcrumb":{"@id":"https:\/\/afc.cat\/es\/activitat\/exposicion-temporal-externa-cotidien-fest-2025-francesca-portoles\/#breadcrumb"},"inLanguage":"es","potentialAction":[{"@type":"ReadAction","target":["https:\/\/afc.cat\/es\/activitat\/exposicion-temporal-externa-cotidien-fest-2025-francesca-portoles\/"]}]},{"@type":"BreadcrumbList","@id":"https:\/\/afc.cat\/es\/activitat\/exposicion-temporal-externa-cotidien-fest-2025-francesca-portoles\/#breadcrumb","itemListElement":[{"@type":"ListItem","position":1,"name":"Inicio","item":"https:\/\/afc.cat\/es\/"},{"@type":"ListItem","position":2,"name":"Exposici\u00f3n temporal externa \u201cCOTIDIEN-FEST 2025\u201d \/ Francesca Portol\u00e9s"}]},{"@type":"WebSite","@id":"https:\/\/afc.cat\/es\/#website","url":"https:\/\/afc.cat\/es\/","name":"Agrupaci\u00f3 Fotogr\u00e0fica de Catalunya","description":"Fomento y divulgaci\u00f3n de la fotograf\u00eda en todas sus variedades","potentialAction":[{"@type":"SearchAction","target":{"@type":"EntryPoint","urlTemplate":"https:\/\/afc.cat\/es\/?s={search_term_string}"},"query-input":{"@type":"PropertyValueSpecification","valueRequired":true,"valueName":"search_term_string"}}],"inLanguage":"es"}]}},"_links":{"self":[{"href":"https:\/\/afc.cat\/es\/wp-json\/wp\/v2\/class\/43998","targetHints":{"allow":["GET"]}}],"collection":[{"href":"https:\/\/afc.cat\/es\/wp-json\/wp\/v2\/class"}],"about":[{"href":"https:\/\/afc.cat\/es\/wp-json\/wp\/v2\/types\/class"}],"wp:attachment":[{"href":"https:\/\/afc.cat\/es\/wp-json\/wp\/v2\/media?parent=43998"}],"wp:term":[{"taxonomy":"wcs-type","embeddable":true,"href":"https:\/\/afc.cat\/es\/wp-json\/wp\/v2\/wcs-type?post=43998"},{"taxonomy":"wcs-room","embeddable":true,"href":"https:\/\/afc.cat\/es\/wp-json\/wp\/v2\/wcs-room?post=43998"},{"taxonomy":"wcs-instructor","embeddable":true,"href":"https:\/\/afc.cat\/es\/wp-json\/wp\/v2\/wcs-instructor?post=43998"}],"curies":[{"name":"wp","href":"https:\/\/api.w.org\/{rel}","templated":true}]}}

Exposición temporal externa “COTIDIEN-FEST 2025” / Francesca Portolés

<div class="fusion-fullwidth fullwidth-box fusion-builder-row-1 fusion-flex-container nonhundred-percent-fullwidth non-hundred-percent-height-scrolling" style="background-color: rgba(255,255,255,0);background-position: center center;background-repeat: no-repeat;border-width: 0px 15px 0px 0px;border-color:#ffffff;border-style:solid;" ><div class="fusion-builder-row fusion-row fusion-flex-align-items-flex-start" style="max-width:1300px;margin-left: calc(-4% / 2 );margin-right: calc(-4% / 2 );"><div class="fusion-layout-column fusion_builder_column fusion-builder-column-0 fusion_builder_column_1_1 1_1 fusion-flex-column"><div class="fusion-column-wrapper fusion-flex-justify-content-flex-start fusion-content-layout-column" style="background-position:left top;background-repeat:no-repeat;-webkit-background-size:cover;-moz-background-size:cover;-o-background-size:cover;background-size:cover;padding: 0px 0px 0px 0px;"><div class="fusion-text fusion-text-1"><p>Esta segunda edición <a href="https://www.l-h.cat/agenda/detallAgenda.aspx?1noqazA1RDqcitrhTcBGWFU5XsckJGcuGBxFqYu2t4SRCdEqazB">COTIDIEN-*FEST 2025</a> es una exposición creativa, personal y alegre, que pretende mostrar detalles de la vida cotidiana a través de las cosas sencillas.</p>
<p>En esta exposición los temas fundamentales son la banana  y la sandía. La primera una de las frutas que es alimento básico en todo el mundo aparece a menudo en el Arte en general. La sandía, otra fruta muy apreciada, es además símbolo de expresión que representa la lucha de los palestinos contra la ocupación israelí desde 1948.</p>
<p>Como desde hace 8 años se celebra a la Bóbila el Día del  Brasil (7 de septiembre), el próximo día 3 en la inauguración de la exposición recordaremos el pueblo palestino mostrándole nuestro apoyo.</p>
<p>Un<strong> total de 24 artistas de varios países</strong> hemos aportado una parte de nuestras creaciones a este acontecimiento, que ha sido coordinado por nuestra amiga y compañera Etel Reyes.</p>
<p>¡Te esperamos!</p>
<p><strong>Francesca Portolés Brasó  </strong></p>
<p><strong>CALENDARIO Y HORARIO</strong></p>
<p>Donde: <a class="blauTurquesa bold" title="més de 'Centre Cultural la Bòbila'" href="https://www.l-h.cat/directori/detallEquipament.aspx?13qazCxp5HSVMmYYqoHSdhSdYViSXBGLXWHZ">Centre Cultural la Bòbila<span class="visibilidadoculta">(Centre Cultural la Bòbila)</span></a><br />
PL Bòbila 1  (L&#8217;Hospitalet de Llobregat)</p>
<p>Inauguración: 3 de septiembre a las 19 horas. Podrás visitarla hasta el 26 de septiembre</p>
<p>Entrada: libre</p>
</div><div ><span class=" fusion-imageframe imageframe-none imageframe-3 hover-type-none"><img decoding="async" width="2264" height="561" title="Logos-colaboradors 3" src="https://afc.cat/wp-content/uploads/2021/02/Logos-colaboradors-3.jpg" alt class="img-responsive wp-image-43152" srcset="https://afc.cat/wp-content/uploads/2021/02/Logos-colaboradors-3-200x50.jpg 200w, https://afc.cat/wp-content/uploads/2021/02/Logos-colaboradors-3-400x99.jpg 400w, https://afc.cat/wp-content/uploads/2021/02/Logos-colaboradors-3-600x149.jpg 600w, https://afc.cat/wp-content/uploads/2021/02/Logos-colaboradors-3-800x198.jpg 800w, https://afc.cat/wp-content/uploads/2021/02/Logos-colaboradors-3-1200x297.jpg 1200w, https://afc.cat/wp-content/uploads/2021/02/Logos-colaboradors-3.jpg 2264w" sizes="(max-width: 640px) 100vw, 2264px" /></span></div></div><style type="text/css">.fusion-body .fusion-builder-column-0{width:100% !important;margin-top : 0px;margin-bottom : 0px;}.fusion-builder-column-0 > .fusion-column-wrapper {padding-top : 0px !important;padding-right : 0px !important;margin-right : 1.92%;padding-bottom : 0px !important;padding-left : 0px !important;margin-left : 1.92%;}@media only screen and (max-width:1024px) {.fusion-body .fusion-builder-column-0{width:100% !important;}.fusion-builder-column-0 > .fusion-column-wrapper {margin-right : 1.92%;margin-left : 1.92%;}}@media only screen and (max-width:640px) {.fusion-body .fusion-builder-column-0{width:100% !important;}.fusion-builder-column-0 > .fusion-column-wrapper {margin-right : 1.92%;margin-left : 1.92%;}}</style></div></div><style type="text/css">.fusion-body .fusion-flex-container.fusion-builder-row-1{ padding-top : 0px;margin-top : 0px;padding-right : 0px;padding-bottom : 0px;margin-bottom : 0px;padding-left : 0px;}</style></div>

<!-- This site is optimized with the Yoast SEO plugin v27.5 - https://yoast.com/product/yoast-seo-wordpress/ -->
<title>Exposición temporal externa “COTIDIEN-FEST 2025” / Francesca Portolés - Agrupació Fotogràfica de Catalunya</title>
<meta name="robots" content="index, follow, max-snippet:-1, max-image-preview:large, max-video-preview:-1" />
<link rel="canonical" href="https://afc.cat/es/activitat/exposicion-temporal-externa-cotidien-fest-2025-francesca-portoles/" />
<meta property="og:locale" content="es_ES" />
<meta property="og:type" content="article" />
<meta property="og:title" content="Exposición temporal externa “COTIDIEN-FEST 2025” / Francesca Portolés - Agrupació Fotogràfica de Catalunya" />
<meta property="og:url" content="https://afc.cat/es/activitat/exposicion-temporal-externa-cotidien-fest-2025-francesca-portoles/" />
<meta property="og:site_name" content="Agrupació Fotogràfica de Catalunya" />
<meta property="article:modified_time" content="2025-09-01T17:52:09+00:00" />
<meta name="twitter:card" content="summary_large_image" />
<meta name="twitter:label1" content="Tiempo de lectura" />
	<meta name="twitter:data1" content="6 minutos" />
<script type="application/ld+json" class="yoast-schema-graph">{"@context":"https:\/\/schema.org","@graph":[{"@type":"WebPage","@id":"https:\/\/afc.cat\/es\/activitat\/exposicion-temporal-externa-cotidien-fest-2025-francesca-portoles\/","url":"https:\/\/afc.cat\/es\/activitat\/exposicion-temporal-externa-cotidien-fest-2025-francesca-portoles\/","name":"Exposición temporal externa “COTIDIEN-FEST 2025” \/ Francesca Portolés - Agrupació Fotogràfica de Catalunya","isPartOf":{"@id":"https:\/\/afc.cat\/es\/#website"},"datePublished":"2025-09-01T14:50:46+00:00","dateModified":"2025-09-01T17:52:09+00:00","breadcrumb":{"@id":"https:\/\/afc.cat\/es\/activitat\/exposicion-temporal-externa-cotidien-fest-2025-francesca-portoles\/#breadcrumb"},"inLanguage":"es","potentialAction":[{"@type":"ReadAction","target":["https:\/\/afc.cat\/es\/activitat\/exposicion-temporal-externa-cotidien-fest-2025-francesca-portoles\/"]}]},{"@type":"BreadcrumbList","@id":"https:\/\/afc.cat\/es\/activitat\/exposicion-temporal-externa-cotidien-fest-2025-francesca-portoles\/#breadcrumb","itemListElement":[{"@type":"ListItem","position":1,"name":"Inicio","item":"https:\/\/afc.cat\/es\/"},{"@type":"ListItem","position":2,"name":"Exposición temporal externa “COTIDIEN-FEST 2025” \/ Francesca Portolés"}]},{"@type":"WebSite","@id":"https:\/\/afc.cat\/es\/#website","url":"https:\/\/afc.cat\/es\/","name":"Agrupació Fotogràfica de Catalunya","description":"Fomento y divulgación de la fotografía en todas sus variedades","potentialAction":[{"@type":"SearchAction","target":{"@type":"EntryPoint","urlTemplate":"https:\/\/afc.cat\/es\/?s={search_term_string}"},"query-input":{"@type":"PropertyValueSpecification","valueRequired":true,"valueName":"search_term_string"}}],"inLanguage":"es"}]}</script>
<!-- / Yoast SEO plugin. -->

Exposición temporal externa “COTIDIEN-FEST 2025” / Francesca Portolés - Agrupació Fotogràfica de Catalunya

Agrupació Fotogràfica de Catalunya

Fomento y divulgación de la fotografía en todas sus variedades
