{"id":44026,"date":"2025-09-03T16:09:10","date_gmt":"2025-09-03T14:09:10","guid":{"rendered":"https:\/\/afc.cat\/activitat\/sortida-fotografica-projecte-bb24-barri-de-la-barceloneta\/"},"modified":"2025-09-03T16:35:29","modified_gmt":"2025-09-03T14:35:29","slug":"salida-fotografica-projecte-bb24-barri-de-la-barceloneta","status":"publish","type":"class","link":"https:\/\/afc.cat\/es\/activitat\/salida-fotografica-projecte-bb24-barri-de-la-barceloneta\/","title":{"rendered":"Salida Fotogr\u00e1fica Projecte \u00abBB24\u00bb Barri de la Barceloneta"},"content":{"rendered":"<div class=\"fusion-fullwidth fullwidth-box fusion-builder-row-1 fusion-flex-container nonhundred-percent-fullwidth non-hundred-percent-height-scrolling\" style=\"background-color: rgba(255,255,255,0);background-position: center center;background-repeat: no-repeat;border-width: 0px 15px 0px 0px;border-color:#ffffff;border-style:solid;\" ><div class=\"fusion-builder-row fusion-row fusion-flex-align-items-flex-start\" style=\"max-width:1300px;margin-left: calc(-4% \/ 2 );margin-right: calc(-4% \/ 2 );\"><div class=\"fusion-layout-column fusion_builder_column fusion-builder-column-0 fusion_builder_column_1_1 1_1 fusion-flex-column\"><div class=\"fusion-column-wrapper fusion-flex-justify-content-flex-start fusion-content-layout-column\" style=\"background-position:left top;background-repeat:no-repeat;-webkit-background-size:cover;-moz-background-size:cover;-o-background-size:cover;background-size:cover;padding: 0px 0px 0px 0px;\"><div class=\"fusion-text fusion-text-1\"><h2><strong>SALIDA FOTOGR\u00c1FICA DEL PROYECTE \u00abBB24\u00bb \/ <\/strong><strong>BARRIO DE LA BARCELONETA<\/strong><\/h2>\n<p>Compa\u00f1eros y compa\u00f1eras amantes de la fotograf\u00eda y de la ciudad, \u00bfEst\u00e1is preparados para continuar nuestro viaje visual por el coraz\u00f3n de Barcelona?<\/p>\n<p>Despu\u00e9s de los dos primeros barrios del \u00ab<strong>Proyecte BB24&#8243;<\/strong>, Sants y Sarri\u00e0, ahora ponemos el foco sobre otro lugar cargado de historia e identidad: <strong>el barrio de la<\/strong> <strong>Barceloneta<\/strong>. Ser\u00e1 una jornada muy especial, llena de descubrimiento e inspiraci\u00f3n, en la que tendremos el privilegio de contar con el compa\u00f1ero <strong>Xavier<\/strong> <strong>Fedi<\/strong> que nos guiar\u00e1 por una ruta cultural por rincones aut\u00e9nticos del barrio.<\/p>\n<p>Para este barrio tan especial tenemos dos propuestas. <strong>La primera,<\/strong> m\u00e1s temprana, a las 8:00h, incluye la llegada de los barcos y la descarga del pescado. <strong>La<\/strong> <strong>segunda<\/strong> propuesta para quienes no puedan o quieran madrugar tanto, comenzar\u00e1 a las 9:15h para hacer el recorrido del resto del barrio.<\/p>\n<p><strong>Fecha<\/strong>: viernes 19 de septiembre de 2025<\/p>\n<p><strong>1a reuni\u00f3n<\/strong>: a las 8:00h en la Plaza de la Rosa de los Vientos<\/p>\n<p><strong>2a reuni\u00f3n<\/strong>: a las 9:15 h en el mismo lugar<\/p>\n<p><strong>Precio<\/strong>: gratuito<\/p>\n<p><strong>Inscripciones<\/strong>: env\u00eden un correo a <a href=\"mailto:projecteBB24@afc.cat\">projecteBB24@afc.cat<\/a><\/p>\n<p>*Actividad exclusiva asociados<\/p>\n<p><strong>\u00bfQu\u00e9 haremos?<\/strong><\/p>\n<ul>\n<li>Comenzaremos con una breve reuni\u00f3n para repasar los objetivos del proyecto y los 4 criterios de selecci\u00f3n de las im\u00e1genes.<\/li>\n<li>De la mano de Xavier Fedi, compa\u00f1ero de la AFC y gran conocedor del barrio y su historia, veremos la llegada de las barcas y la descarga del pescado, para continuar despu\u00e9s con un itinerario por las calles y espacios m\u00e1s emblem\u00e1ticos de la Barceloneta, conociendo su historia, la arquitectura y la vida cotidiana que le da alma.<\/li>\n<li>Cada fot\u00f3grafo\/a podr\u00e1 captar su propia visi\u00f3n del barrio, siempre respetando el enfoque documental del proyecto.<\/li>\n<\/ul>\n<p><strong>\u00a0<\/strong><\/p>\n<p><strong>Recuerda<\/strong>: Puedes elegir entre las dos opciones: empezar a las 8:00h con la llegada de las barcas y la descarga del pescado, o incorporarte m\u00e1s tarde, a las<\/p>\n<p>9:15 h, para hacer el resto del recorrido guiado.<\/p>\n<p><strong>Ven, captura y comparte! <\/strong><\/p>\n<p>Este proyecto no es solo una salida fotogr\u00e1fica: es una forma de construir, entre todos y todas, un retrato vivo y colectivo de Barcelona.<\/p>\n<p><strong>No faltes. \u00a1Nos vemos en la Barceloneta<\/strong><strong>!<\/strong><\/p>\n<p><strong>Foto: @Xavier Ricol<\/strong><\/p>\n<\/div><div ><style>.fusion-imageframe.imageframe-2{ margin-top : 30px;}<\/style><span class=\" fusion-imageframe imageframe-none imageframe-2 hover-type-none\"><img decoding=\"async\" width=\"420\" height=\"79\" title=\"cultura\" src=\"https:\/\/afc.cat\/wp-content\/uploads\/2025\/01\/logos_generalitat_-ajuntament-bcn.jpg\" alt class=\"img-responsive wp-image-41129\" srcset=\"https:\/\/afc.cat\/wp-content\/uploads\/2025\/01\/logos_generalitat_-ajuntament-bcn-200x38.jpg 200w, https:\/\/afc.cat\/wp-content\/uploads\/2025\/01\/logos_generalitat_-ajuntament-bcn-400x75.jpg 400w, https:\/\/afc.cat\/wp-content\/uploads\/2025\/01\/logos_generalitat_-ajuntament-bcn.jpg 420w\" sizes=\"(max-width: 640px) 100vw, 420px\" \/><\/span><\/div><div ><span class=\" fusion-imageframe imageframe-none imageframe-3 hover-type-none\"><img decoding=\"async\" width=\"2264\" height=\"561\" title=\"Logos-colaboradors 3\" src=\"https:\/\/afc.cat\/wp-content\/uploads\/2021\/02\/Logos-colaboradors-3.jpg\" alt class=\"img-responsive wp-image-43152\" srcset=\"https:\/\/afc.cat\/wp-content\/uploads\/2021\/02\/Logos-colaboradors-3-200x50.jpg 200w, https:\/\/afc.cat\/wp-content\/uploads\/2021\/02\/Logos-colaboradors-3-400x99.jpg 400w, https:\/\/afc.cat\/wp-content\/uploads\/2021\/02\/Logos-colaboradors-3-600x149.jpg 600w, https:\/\/afc.cat\/wp-content\/uploads\/2021\/02\/Logos-colaboradors-3-800x198.jpg 800w, https:\/\/afc.cat\/wp-content\/uploads\/2021\/02\/Logos-colaboradors-3-1200x297.jpg 1200w, https:\/\/afc.cat\/wp-content\/uploads\/2021\/02\/Logos-colaboradors-3.jpg 2264w\" sizes=\"(max-width: 640px) 100vw, 2264px\" \/><\/span><\/div><\/div><style type=\"text\/css\">.fusion-body .fusion-builder-column-0{width:100% !important;margin-top : 0px;margin-bottom : 0px;}.fusion-builder-column-0 > .fusion-column-wrapper {padding-top : 0px !important;padding-right : 0px !important;margin-right : 1.92%;padding-bottom : 0px !important;padding-left : 0px !important;margin-left : 1.92%;}@media only screen and (max-width:1024px) {.fusion-body .fusion-builder-column-0{width:100% !important;}.fusion-builder-column-0 > .fusion-column-wrapper {margin-right : 1.92%;margin-left : 1.92%;}}@media only screen and (max-width:640px) {.fusion-body .fusion-builder-column-0{width:100% !important;}.fusion-builder-column-0 > .fusion-column-wrapper {margin-right : 1.92%;margin-left : 1.92%;}}<\/style><\/div><\/div><style type=\"text\/css\">.fusion-body .fusion-flex-container.fusion-builder-row-1{ padding-top : 0px;margin-top : 0px;padding-right : 0px;padding-bottom : 0px;margin-bottom : 0px;padding-left : 0px;}<\/style><\/div>\n","protected":false},"excerpt":{"rendered":"","protected":false},"template":"","meta":{"_acf_changed":false},"wcs-type":[128],"wcs-room":[774],"wcs-instructor":[742],"class_list":["post-44026","class","type-class","status-publish","hentry","wcs-type-salidas-fotograficas","wcs-room-1a-trobada-a-les-800h-a-la-pc-de-la-rosa-dels-vents-2a-trobada-a-les-915h-al-mateix-lloc","wcs-instructor-gi-projecte-bb24"],"acf":[],"yoast_head":"<!-- This site is optimized with the Yoast SEO plugin v27.2 - https:\/\/yoast.com\/product\/yoast-seo-wordpress\/ -->\n<title>Salida Fotogr\u00e1fica Projecte &quot;BB24&quot; Barri de la Barceloneta - Agrupaci\u00f3 Fotogr\u00e0fica de Catalunya<\/title>\n<meta name=\"robots\" content=\"index, follow, max-snippet:-1, max-image-preview:large, max-video-preview:-1\" \/>\n<link rel=\"canonical\" href=\"https:\/\/afc.cat\/es\/activitat\/salida-fotografica-projecte-bb24-barri-de-la-barceloneta\/\" \/>\n<meta property=\"og:locale\" content=\"es_ES\" \/>\n<meta property=\"og:type\" content=\"article\" \/>\n<meta property=\"og:title\" content=\"Salida Fotogr\u00e1fica Projecte &quot;BB24&quot; Barri de la Barceloneta - Agrupaci\u00f3 Fotogr\u00e0fica de Catalunya\" \/>\n<meta property=\"og:url\" content=\"https:\/\/afc.cat\/es\/activitat\/salida-fotografica-projecte-bb24-barri-de-la-barceloneta\/\" \/>\n<meta property=\"og:site_name\" content=\"Agrupaci\u00f3 Fotogr\u00e0fica de Catalunya\" \/>\n<meta property=\"article:modified_time\" content=\"2025-09-03T14:35:29+00:00\" \/>\n<meta name=\"twitter:card\" content=\"summary_large_image\" \/>\n<meta name=\"twitter:label1\" content=\"Tiempo de lectura\" \/>\n\t<meta name=\"twitter:data1\" content=\"7 minutos\" \/>\n<script type=\"application\/ld+json\" class=\"yoast-schema-graph\">{\"@context\":\"https:\/\/schema.org\",\"@graph\":[{\"@type\":\"WebPage\",\"@id\":\"https:\/\/afc.cat\/es\/activitat\/salida-fotografica-projecte-bb24-barri-de-la-barceloneta\/\",\"url\":\"https:\/\/afc.cat\/es\/activitat\/salida-fotografica-projecte-bb24-barri-de-la-barceloneta\/\",\"name\":\"Salida Fotogr\u00e1fica Projecte \\\"BB24\\\" Barri de la Barceloneta - Agrupaci\u00f3 Fotogr\u00e0fica de Catalunya\",\"isPartOf\":{\"@id\":\"https:\/\/afc.cat\/es\/#website\"},\"datePublished\":\"2025-09-03T14:09:10+00:00\",\"dateModified\":\"2025-09-03T14:35:29+00:00\",\"breadcrumb\":{\"@id\":\"https:\/\/afc.cat\/es\/activitat\/salida-fotografica-projecte-bb24-barri-de-la-barceloneta\/#breadcrumb\"},\"inLanguage\":\"es\",\"potentialAction\":[{\"@type\":\"ReadAction\",\"target\":[\"https:\/\/afc.cat\/es\/activitat\/salida-fotografica-projecte-bb24-barri-de-la-barceloneta\/\"]}]},{\"@type\":\"BreadcrumbList\",\"@id\":\"https:\/\/afc.cat\/es\/activitat\/salida-fotografica-projecte-bb24-barri-de-la-barceloneta\/#breadcrumb\",\"itemListElement\":[{\"@type\":\"ListItem\",\"position\":1,\"name\":\"Inicio\",\"item\":\"https:\/\/afc.cat\/es\/\"},{\"@type\":\"ListItem\",\"position\":2,\"name\":\"Salida Fotogr\u00e1fica Projecte &#8220;BB24&#8221; Barri de la Barceloneta\"}]},{\"@type\":\"WebSite\",\"@id\":\"https:\/\/afc.cat\/es\/#website\",\"url\":\"https:\/\/afc.cat\/es\/\",\"name\":\"Agrupaci\u00f3 Fotogr\u00e0fica de Catalunya\",\"description\":\"Fomento y divulgaci\u00f3n de la fotograf\u00eda en todas sus variedades\",\"potentialAction\":[{\"@type\":\"SearchAction\",\"target\":{\"@type\":\"EntryPoint\",\"urlTemplate\":\"https:\/\/afc.cat\/es\/?s={search_term_string}\"},\"query-input\":{\"@type\":\"PropertyValueSpecification\",\"valueRequired\":true,\"valueName\":\"search_term_string\"}}],\"inLanguage\":\"es\"}]}<\/script>\n<!-- \/ Yoast SEO plugin. -->","yoast_head_json":{"title":"Salida Fotogr\u00e1fica Projecte \"BB24\" Barri de la Barceloneta - Agrupaci\u00f3 Fotogr\u00e0fica de Catalunya","robots":{"index":"index","follow":"follow","max-snippet":"max-snippet:-1","max-image-preview":"max-image-preview:large","max-video-preview":"max-video-preview:-1"},"canonical":"https:\/\/afc.cat\/es\/activitat\/salida-fotografica-projecte-bb24-barri-de-la-barceloneta\/","og_locale":"es_ES","og_type":"article","og_title":"Salida Fotogr\u00e1fica Projecte \"BB24\" Barri de la Barceloneta - Agrupaci\u00f3 Fotogr\u00e0fica de Catalunya","og_url":"https:\/\/afc.cat\/es\/activitat\/salida-fotografica-projecte-bb24-barri-de-la-barceloneta\/","og_site_name":"Agrupaci\u00f3 Fotogr\u00e0fica de Catalunya","article_modified_time":"2025-09-03T14:35:29+00:00","twitter_card":"summary_large_image","twitter_misc":{"Tiempo de lectura":"7 minutos"},"schema":{"@context":"https:\/\/schema.org","@graph":[{"@type":"WebPage","@id":"https:\/\/afc.cat\/es\/activitat\/salida-fotografica-projecte-bb24-barri-de-la-barceloneta\/","url":"https:\/\/afc.cat\/es\/activitat\/salida-fotografica-projecte-bb24-barri-de-la-barceloneta\/","name":"Salida Fotogr\u00e1fica Projecte \"BB24\" Barri de la Barceloneta - Agrupaci\u00f3 Fotogr\u00e0fica de Catalunya","isPartOf":{"@id":"https:\/\/afc.cat\/es\/#website"},"datePublished":"2025-09-03T14:09:10+00:00","dateModified":"2025-09-03T14:35:29+00:00","breadcrumb":{"@id":"https:\/\/afc.cat\/es\/activitat\/salida-fotografica-projecte-bb24-barri-de-la-barceloneta\/#breadcrumb"},"inLanguage":"es","potentialAction":[{"@type":"ReadAction","target":["https:\/\/afc.cat\/es\/activitat\/salida-fotografica-projecte-bb24-barri-de-la-barceloneta\/"]}]},{"@type":"BreadcrumbList","@id":"https:\/\/afc.cat\/es\/activitat\/salida-fotografica-projecte-bb24-barri-de-la-barceloneta\/#breadcrumb","itemListElement":[{"@type":"ListItem","position":1,"name":"Inicio","item":"https:\/\/afc.cat\/es\/"},{"@type":"ListItem","position":2,"name":"Salida Fotogr\u00e1fica Projecte &#8220;BB24&#8221; Barri de la Barceloneta"}]},{"@type":"WebSite","@id":"https:\/\/afc.cat\/es\/#website","url":"https:\/\/afc.cat\/es\/","name":"Agrupaci\u00f3 Fotogr\u00e0fica de Catalunya","description":"Fomento y divulgaci\u00f3n de la fotograf\u00eda en todas sus variedades","potentialAction":[{"@type":"SearchAction","target":{"@type":"EntryPoint","urlTemplate":"https:\/\/afc.cat\/es\/?s={search_term_string}"},"query-input":{"@type":"PropertyValueSpecification","valueRequired":true,"valueName":"search_term_string"}}],"inLanguage":"es"}]}},"_links":{"self":[{"href":"https:\/\/afc.cat\/es\/wp-json\/wp\/v2\/class\/44026","targetHints":{"allow":["GET"]}}],"collection":[{"href":"https:\/\/afc.cat\/es\/wp-json\/wp\/v2\/class"}],"about":[{"href":"https:\/\/afc.cat\/es\/wp-json\/wp\/v2\/types\/class"}],"wp:attachment":[{"href":"https:\/\/afc.cat\/es\/wp-json\/wp\/v2\/media?parent=44026"}],"wp:term":[{"taxonomy":"wcs-type","embeddable":true,"href":"https:\/\/afc.cat\/es\/wp-json\/wp\/v2\/wcs-type?post=44026"},{"taxonomy":"wcs-room","embeddable":true,"href":"https:\/\/afc.cat\/es\/wp-json\/wp\/v2\/wcs-room?post=44026"},{"taxonomy":"wcs-instructor","embeddable":true,"href":"https:\/\/afc.cat\/es\/wp-json\/wp\/v2\/wcs-instructor?post=44026"}],"curies":[{"name":"wp","href":"https:\/\/api.w.org\/{rel}","templated":true}]}}

Salida Fotográfica Projecte «BB24» Barri de la Barceloneta

<div class="fusion-fullwidth fullwidth-box fusion-builder-row-1 fusion-flex-container nonhundred-percent-fullwidth non-hundred-percent-height-scrolling" style="background-color: rgba(255,255,255,0);background-position: center center;background-repeat: no-repeat;border-width: 0px 15px 0px 0px;border-color:#ffffff;border-style:solid;" ><div class="fusion-builder-row fusion-row fusion-flex-align-items-flex-start" style="max-width:1300px;margin-left: calc(-4% / 2 );margin-right: calc(-4% / 2 );"><div class="fusion-layout-column fusion_builder_column fusion-builder-column-0 fusion_builder_column_1_1 1_1 fusion-flex-column"><div class="fusion-column-wrapper fusion-flex-justify-content-flex-start fusion-content-layout-column" style="background-position:left top;background-repeat:no-repeat;-webkit-background-size:cover;-moz-background-size:cover;-o-background-size:cover;background-size:cover;padding: 0px 0px 0px 0px;"><div class="fusion-text fusion-text-1"><h2><strong>SALIDA FOTOGRÁFICA DEL PROYECTE «BB24» / </strong><strong>BARRIO DE LA BARCELONETA</strong></h2>
<p>Compañeros y compañeras amantes de la fotografía y de la ciudad, ¿Estáis preparados para continuar nuestro viaje visual por el corazón de Barcelona?</p>
<p>Después de los dos primeros barrios del «<strong>Proyecte BB24&#8243;</strong>, Sants y Sarrià, ahora ponemos el foco sobre otro lugar cargado de historia e identidad: <strong>el barrio de la</strong> <strong>Barceloneta</strong>. Será una jornada muy especial, llena de descubrimiento e inspiración, en la que tendremos el privilegio de contar con el compañero <strong>Xavier</strong> <strong>Fedi</strong> que nos guiará por una ruta cultural por rincones auténticos del barrio.</p>
<p>Para este barrio tan especial tenemos dos propuestas. <strong>La primera,</strong> más temprana, a las 8:00h, incluye la llegada de los barcos y la descarga del pescado. <strong>La</strong> <strong>segunda</strong> propuesta para quienes no puedan o quieran madrugar tanto, comenzará a las 9:15h para hacer el recorrido del resto del barrio.</p>
<p><strong>Fecha</strong>: viernes 19 de septiembre de 2025</p>
<p><strong>1a reunión</strong>: a las 8:00h en la Plaza de la Rosa de los Vientos</p>
<p><strong>2a reunión</strong>: a las 9:15 h en el mismo lugar</p>
<p><strong>Precio</strong>: gratuito</p>
<p><strong>Inscripciones</strong>: envíen un correo a <a href="mailto:projecteBB24@afc.cat">projecteBB24@afc.cat</a></p>
<p>*Actividad exclusiva asociados</p>
<p><strong>¿Qué haremos?</strong></p>
<ul>
<li>Comenzaremos con una breve reunión para repasar los objetivos del proyecto y los 4 criterios de selección de las imágenes.</li>
<li>De la mano de Xavier Fedi, compañero de la AFC y gran conocedor del barrio y su historia, veremos la llegada de las barcas y la descarga del pescado, para continuar después con un itinerario por las calles y espacios más emblemáticos de la Barceloneta, conociendo su historia, la arquitectura y la vida cotidiana que le da alma.</li>
<li>Cada fotógrafo/a podrá captar su propia visión del barrio, siempre respetando el enfoque documental del proyecto.</li>
</ul>
<p><strong> </strong></p>
<p><strong>Recuerda</strong>: Puedes elegir entre las dos opciones: empezar a las 8:00h con la llegada de las barcas y la descarga del pescado, o incorporarte más tarde, a las</p>
<p>9:15 h, para hacer el resto del recorrido guiado.</p>
<p><strong>Ven, captura y comparte! </strong></p>
<p>Este proyecto no es solo una salida fotográfica: es una forma de construir, entre todos y todas, un retrato vivo y colectivo de Barcelona.</p>
<p><strong>No faltes. ¡Nos vemos en la Barceloneta</strong><strong>!</strong></p>
<p><strong>Foto: @Xavier Ricol</strong></p>
</div><div ><style>.fusion-imageframe.imageframe-2{ margin-top : 30px;}</style><span class=" fusion-imageframe imageframe-none imageframe-2 hover-type-none"><img decoding="async" width="420" height="79" title="cultura" src="https://afc.cat/wp-content/uploads/2025/01/logos_generalitat_-ajuntament-bcn.jpg" alt class="img-responsive wp-image-41129" srcset="https://afc.cat/wp-content/uploads/2025/01/logos_generalitat_-ajuntament-bcn-200x38.jpg 200w, https://afc.cat/wp-content/uploads/2025/01/logos_generalitat_-ajuntament-bcn-400x75.jpg 400w, https://afc.cat/wp-content/uploads/2025/01/logos_generalitat_-ajuntament-bcn.jpg 420w" sizes="(max-width: 640px) 100vw, 420px" /></span></div><div ><span class=" fusion-imageframe imageframe-none imageframe-3 hover-type-none"><img decoding="async" width="2264" height="561" title="Logos-colaboradors 3" src="https://afc.cat/wp-content/uploads/2021/02/Logos-colaboradors-3.jpg" alt class="img-responsive wp-image-43152" srcset="https://afc.cat/wp-content/uploads/2021/02/Logos-colaboradors-3-200x50.jpg 200w, https://afc.cat/wp-content/uploads/2021/02/Logos-colaboradors-3-400x99.jpg 400w, https://afc.cat/wp-content/uploads/2021/02/Logos-colaboradors-3-600x149.jpg 600w, https://afc.cat/wp-content/uploads/2021/02/Logos-colaboradors-3-800x198.jpg 800w, https://afc.cat/wp-content/uploads/2021/02/Logos-colaboradors-3-1200x297.jpg 1200w, https://afc.cat/wp-content/uploads/2021/02/Logos-colaboradors-3.jpg 2264w" sizes="(max-width: 640px) 100vw, 2264px" /></span></div></div><style type="text/css">.fusion-body .fusion-builder-column-0{width:100% !important;margin-top : 0px;margin-bottom : 0px;}.fusion-builder-column-0 > .fusion-column-wrapper {padding-top : 0px !important;padding-right : 0px !important;margin-right : 1.92%;padding-bottom : 0px !important;padding-left : 0px !important;margin-left : 1.92%;}@media only screen and (max-width:1024px) {.fusion-body .fusion-builder-column-0{width:100% !important;}.fusion-builder-column-0 > .fusion-column-wrapper {margin-right : 1.92%;margin-left : 1.92%;}}@media only screen and (max-width:640px) {.fusion-body .fusion-builder-column-0{width:100% !important;}.fusion-builder-column-0 > .fusion-column-wrapper {margin-right : 1.92%;margin-left : 1.92%;}}</style></div></div><style type="text/css">.fusion-body .fusion-flex-container.fusion-builder-row-1{ padding-top : 0px;margin-top : 0px;padding-right : 0px;padding-bottom : 0px;margin-bottom : 0px;padding-left : 0px;}</style></div>

<!-- This site is optimized with the Yoast SEO plugin v27.2 - https://yoast.com/product/yoast-seo-wordpress/ -->
<title>Salida Fotográfica Projecte &quot;BB24&quot; Barri de la Barceloneta - Agrupació Fotogràfica de Catalunya</title>
<meta name="robots" content="index, follow, max-snippet:-1, max-image-preview:large, max-video-preview:-1" />
<link rel="canonical" href="https://afc.cat/es/activitat/salida-fotografica-projecte-bb24-barri-de-la-barceloneta/" />
<meta property="og:locale" content="es_ES" />
<meta property="og:type" content="article" />
<meta property="og:title" content="Salida Fotográfica Projecte &quot;BB24&quot; Barri de la Barceloneta - Agrupació Fotogràfica de Catalunya" />
<meta property="og:url" content="https://afc.cat/es/activitat/salida-fotografica-projecte-bb24-barri-de-la-barceloneta/" />
<meta property="og:site_name" content="Agrupació Fotogràfica de Catalunya" />
<meta property="article:modified_time" content="2025-09-03T14:35:29+00:00" />
<meta name="twitter:card" content="summary_large_image" />
<meta name="twitter:label1" content="Tiempo de lectura" />
	<meta name="twitter:data1" content="7 minutos" />
<script type="application/ld+json" class="yoast-schema-graph">{"@context":"https://schema.org","@graph":[{"@type":"WebPage","@id":"https://afc.cat/es/activitat/salida-fotografica-projecte-bb24-barri-de-la-barceloneta/","url":"https://afc.cat/es/activitat/salida-fotografica-projecte-bb24-barri-de-la-barceloneta/","name":"Salida Fotográfica Projecte \"BB24\" Barri de la Barceloneta - Agrupació Fotogràfica de Catalunya","isPartOf":{"@id":"https://afc.cat/es/#website"},"datePublished":"2025-09-03T14:09:10+00:00","dateModified":"2025-09-03T14:35:29+00:00","breadcrumb":{"@id":"https://afc.cat/es/activitat/salida-fotografica-projecte-bb24-barri-de-la-barceloneta/#breadcrumb"},"inLanguage":"es","potentialAction":[{"@type":"ReadAction","target":["https://afc.cat/es/activitat/salida-fotografica-projecte-bb24-barri-de-la-barceloneta/"]}]},{"@type":"BreadcrumbList","@id":"https://afc.cat/es/activitat/salida-fotografica-projecte-bb24-barri-de-la-barceloneta/#breadcrumb","itemListElement":[{"@type":"ListItem","position":1,"name":"Inicio","item":"https://afc.cat/es/"},{"@type":"ListItem","position":2,"name":"Salida Fotográfica Projecte &#8220;BB24&#8221; Barri de la Barceloneta"}]},{"@type":"WebSite","@id":"https://afc.cat/es/#website","url":"https://afc.cat/es/","name":"Agrupació Fotogràfica de Catalunya","description":"Fomento y divulgación de la fotografía en todas sus variedades","potentialAction":[{"@type":"SearchAction","target":{"@type":"EntryPoint","urlTemplate":"https://afc.cat/es/?s={search_term_string}"},"query-input":{"@type":"PropertyValueSpecification","valueRequired":true,"valueName":"search_term_string"}}],"inLanguage":"es"}]}</script>
<!-- / Yoast SEO plugin. -->

Salida Fotográfica Projecte "BB24" Barri de la Barceloneta - Agrupació Fotogràfica de Catalunya

Agrupació Fotogràfica de Catalunya

Salida Fotográfica Projecte &#8220;BB24&#8221; Barri de la Barceloneta

Fomento y divulgación de la fotografía en todas sus variedades
