{"id":44131,"date":"2025-09-19T16:40:53","date_gmt":"2025-09-19T14:40:53","guid":{"rendered":"https:\/\/afc.cat\/activitat\/curs-de-biblioteca-de-lightroom\/"},"modified":"2025-09-26T14:43:19","modified_gmt":"2025-09-26T12:43:19","slug":"curso-de-biblioteca-de-lightroom","status":"publish","type":"class","link":"https:\/\/afc.cat\/es\/activitat\/curso-de-biblioteca-de-lightroom\/","title":{"rendered":"Curso de Biblioteca de Lightroom"},"content":{"rendered":"<div class=\"fusion-fullwidth fullwidth-box fusion-builder-row-1 fusion-flex-container nonhundred-percent-fullwidth non-hundred-percent-height-scrolling\" style=\"background-color: rgba(255,255,255,0);background-position: center center;background-repeat: no-repeat;border-width: 0px 15px 0px 0px;border-color:#ffffff;border-style:solid;\" ><div class=\"fusion-builder-row fusion-row fusion-flex-align-items-flex-start\" style=\"max-width:1300px;margin-left: calc(-4% \/ 2 );margin-right: calc(-4% \/ 2 );\"><div class=\"fusion-layout-column fusion_builder_column fusion-builder-column-0 fusion_builder_column_1_1 1_1 fusion-flex-column\"><div class=\"fusion-column-wrapper fusion-flex-justify-content-flex-start fusion-content-layout-column\" style=\"background-position:left top;background-repeat:no-repeat;-webkit-background-size:cover;-moz-background-size:cover;-o-background-size:cover;background-size:cover;padding: 0px 0px 0px 0px;\"><div class=\"fusion-text fusion-text-1\"><h2>Curso de Biblioteca de Lightroom<\/h2>\n<p><strong>CALENDARIO Y HORARIO<\/strong><\/p>\n<p>Fecha: los lunes de 16:30 a 18:30h<\/p>\n<p>Duraci\u00f3n: 8 h (4 sesiones de 2\u202fh) del 6 al 27 de octubre<\/p>\n<p>Precio: 20 \u20ac para socios\/socias, 60\u202f\u20ac para personas no asociadas<\/p>\n<p>Espacio donde se impartir\u00e1 la formaci\u00f3n: Aula formativa en la Agrupaci\u00f3 Fotogr\u00e0fica de Catalunya<\/p>\n<p>Formador: M\u00e1ximo\u00a0Poncela<\/p>\n<p><strong>Inscripci\u00f3n<\/strong> y pago <a href=\"https:\/\/afc.playoffinformatica.com\/actividad\/154\/Curs-de-Biblioteca-de-Lightroom\/\"><strong>ONLINE<\/strong><\/a><\/p>\n<p><strong>Objetivo de la formaci\u00f3n<\/strong>: Catalogaci\u00f3n del archivo personal de fotograf\u00edas de manera ordenada. Conocer un flujo de trabajo que permita ordenar, clasificar y localizar de una manera \u00e1gil todas las fotograf\u00edas. Aprender un flujo de trabajo con las indicaciones dadas durante el curso.<\/p>\n<p><strong>Contenido o temario<\/strong><\/p>\n<p>1.\u00a0\u00a0\u00a0\u00a0\u00a0\u00a0 Descripci\u00f3n de la pantalla principal de la Biblioteca<\/p>\n<p>2.\u00a0\u00a0\u00a0\u00a0\u00a0\u00a0 Importaci\u00f3n de archivos<\/p>\n<p>3.\u00a0\u00a0\u00a0\u00a0\u00a0\u00a0 Catalogaci\u00f3n y filtraje<\/p>\n<p>4.\u00a0\u00a0\u00a0\u00a0\u00a0\u00a0 Uso de Colecciones y metadatos<\/p>\n<p>5.\u00a0\u00a0\u00a0\u00a0\u00a0\u00a0 Exportaci\u00f3n y mantenimiento de la biblioteca<\/p>\n<p><strong>Requisitos t\u00e9cnicos para cursar la formaci\u00f3n:<\/strong> Material o equipaci\u00f3n necesaria por parte del profesor\/a (ex: pizarra, TV o gran pantalla, ordenador, conexi\u00f3n a internet&#8230;)<\/p>\n<p>Destinado a: Todo el mundo, no requiere conocimientos previos de Lightroom. Importante estar familiarizado con el sistema operativo de tu ordenador.<\/p>\n<p>Modalidad: Presencial.<\/p>\n<p>Plazas m\u00ednimas y m\u00e1ximas: m\u00ednimo 5, m\u00e1ximo 12<\/p>\n<\/div><div ><style>.fusion-imageframe.imageframe-2{ margin-top : 30px;}<\/style><span class=\" fusion-imageframe imageframe-none imageframe-2 hover-type-none\"><img decoding=\"async\" width=\"420\" height=\"79\" title=\"cultura\" src=\"https:\/\/afc.cat\/wp-content\/uploads\/2025\/01\/logos_generalitat_-ajuntament-bcn.jpg\" alt class=\"img-responsive wp-image-41129\" srcset=\"https:\/\/afc.cat\/wp-content\/uploads\/2025\/01\/logos_generalitat_-ajuntament-bcn-200x38.jpg 200w, https:\/\/afc.cat\/wp-content\/uploads\/2025\/01\/logos_generalitat_-ajuntament-bcn-400x75.jpg 400w, https:\/\/afc.cat\/wp-content\/uploads\/2025\/01\/logos_generalitat_-ajuntament-bcn.jpg 420w\" sizes=\"(max-width: 640px) 100vw, 420px\" \/><\/span><\/div><div ><span class=\" fusion-imageframe imageframe-none imageframe-3 hover-type-none\"><img decoding=\"async\" width=\"2264\" height=\"561\" title=\"Logos-colaboradors 3\" src=\"https:\/\/afc.cat\/wp-content\/uploads\/2021\/02\/Logos-colaboradors-3.jpg\" alt class=\"img-responsive wp-image-43152\" srcset=\"https:\/\/afc.cat\/wp-content\/uploads\/2021\/02\/Logos-colaboradors-3-200x50.jpg 200w, https:\/\/afc.cat\/wp-content\/uploads\/2021\/02\/Logos-colaboradors-3-400x99.jpg 400w, https:\/\/afc.cat\/wp-content\/uploads\/2021\/02\/Logos-colaboradors-3-600x149.jpg 600w, https:\/\/afc.cat\/wp-content\/uploads\/2021\/02\/Logos-colaboradors-3-800x198.jpg 800w, https:\/\/afc.cat\/wp-content\/uploads\/2021\/02\/Logos-colaboradors-3-1200x297.jpg 1200w, https:\/\/afc.cat\/wp-content\/uploads\/2021\/02\/Logos-colaboradors-3.jpg 2264w\" sizes=\"(max-width: 640px) 100vw, 2264px\" \/><\/span><\/div><\/div><style type=\"text\/css\">.fusion-body .fusion-builder-column-0{width:100% !important;margin-top : 0px;margin-bottom : 0px;}.fusion-builder-column-0 > .fusion-column-wrapper {padding-top : 0px !important;padding-right : 0px !important;margin-right : 1.92%;padding-bottom : 0px !important;padding-left : 0px !important;margin-left : 1.92%;}@media only screen and (max-width:1024px) {.fusion-body .fusion-builder-column-0{width:100% !important;}.fusion-builder-column-0 > .fusion-column-wrapper {margin-right : 1.92%;margin-left : 1.92%;}}@media only screen and (max-width:640px) {.fusion-body .fusion-builder-column-0{width:100% !important;}.fusion-builder-column-0 > .fusion-column-wrapper {margin-right : 1.92%;margin-left : 1.92%;}}<\/style><\/div><\/div><style type=\"text\/css\">.fusion-body .fusion-flex-container.fusion-builder-row-1{ padding-top : 0px;margin-top : 0px;padding-right : 0px;padding-bottom : 0px;margin-bottom : 0px;padding-left : 0px;}<\/style><\/div>\n","protected":false},"excerpt":{"rendered":"","protected":false},"template":"","meta":{"_acf_changed":false},"wcs-type":[115],"wcs-room":[131],"wcs-instructor":[342],"class_list":["post-44131","class","type-class","status-publish","hentry","wcs-type-curso","wcs-room-agrupacio-fotografica-de-catalunya","wcs-instructor-maxim-poncela"],"acf":[],"yoast_head":"<!-- This site is optimized with the Yoast SEO plugin v27.5 - https:\/\/yoast.com\/product\/yoast-seo-wordpress\/ -->\n<title>Curso de Biblioteca de Lightroom - Agrupaci\u00f3 Fotogr\u00e0fica de Catalunya<\/title>\n<meta name=\"robots\" content=\"index, follow, max-snippet:-1, max-image-preview:large, max-video-preview:-1\" \/>\n<link rel=\"canonical\" href=\"https:\/\/afc.cat\/es\/activitat\/curso-de-biblioteca-de-lightroom\/\" \/>\n<meta property=\"og:locale\" content=\"es_ES\" \/>\n<meta property=\"og:type\" content=\"article\" \/>\n<meta property=\"og:title\" content=\"Curso de Biblioteca de Lightroom - Agrupaci\u00f3 Fotogr\u00e0fica de Catalunya\" \/>\n<meta property=\"og:url\" content=\"https:\/\/afc.cat\/es\/activitat\/curso-de-biblioteca-de-lightroom\/\" \/>\n<meta property=\"og:site_name\" content=\"Agrupaci\u00f3 Fotogr\u00e0fica de Catalunya\" \/>\n<meta property=\"article:modified_time\" content=\"2025-09-26T12:43:19+00:00\" \/>\n<meta name=\"twitter:card\" content=\"summary_large_image\" \/>\n<meta name=\"twitter:label1\" content=\"Tiempo de lectura\" \/>\n\t<meta name=\"twitter:data1\" content=\"6 minutos\" \/>\n<script type=\"application\/ld+json\" class=\"yoast-schema-graph\">{\"@context\":\"https:\\\/\\\/schema.org\",\"@graph\":[{\"@type\":\"WebPage\",\"@id\":\"https:\\\/\\\/afc.cat\\\/es\\\/activitat\\\/curso-de-biblioteca-de-lightroom\\\/\",\"url\":\"https:\\\/\\\/afc.cat\\\/es\\\/activitat\\\/curso-de-biblioteca-de-lightroom\\\/\",\"name\":\"Curso de Biblioteca de Lightroom - Agrupaci\u00f3 Fotogr\u00e0fica de Catalunya\",\"isPartOf\":{\"@id\":\"https:\\\/\\\/afc.cat\\\/es\\\/#website\"},\"datePublished\":\"2025-09-19T14:40:53+00:00\",\"dateModified\":\"2025-09-26T12:43:19+00:00\",\"breadcrumb\":{\"@id\":\"https:\\\/\\\/afc.cat\\\/es\\\/activitat\\\/curso-de-biblioteca-de-lightroom\\\/#breadcrumb\"},\"inLanguage\":\"es\",\"potentialAction\":[{\"@type\":\"ReadAction\",\"target\":[\"https:\\\/\\\/afc.cat\\\/es\\\/activitat\\\/curso-de-biblioteca-de-lightroom\\\/\"]}]},{\"@type\":\"BreadcrumbList\",\"@id\":\"https:\\\/\\\/afc.cat\\\/es\\\/activitat\\\/curso-de-biblioteca-de-lightroom\\\/#breadcrumb\",\"itemListElement\":[{\"@type\":\"ListItem\",\"position\":1,\"name\":\"Inicio\",\"item\":\"https:\\\/\\\/afc.cat\\\/es\\\/\"},{\"@type\":\"ListItem\",\"position\":2,\"name\":\"Curso de Biblioteca de Lightroom\"}]},{\"@type\":\"WebSite\",\"@id\":\"https:\\\/\\\/afc.cat\\\/es\\\/#website\",\"url\":\"https:\\\/\\\/afc.cat\\\/es\\\/\",\"name\":\"Agrupaci\u00f3 Fotogr\u00e0fica de Catalunya\",\"description\":\"Fomento y divulgaci\u00f3n de la fotograf\u00eda en todas sus variedades\",\"potentialAction\":[{\"@type\":\"SearchAction\",\"target\":{\"@type\":\"EntryPoint\",\"urlTemplate\":\"https:\\\/\\\/afc.cat\\\/es\\\/?s={search_term_string}\"},\"query-input\":{\"@type\":\"PropertyValueSpecification\",\"valueRequired\":true,\"valueName\":\"search_term_string\"}}],\"inLanguage\":\"es\"}]}<\/script>\n<!-- \/ Yoast SEO plugin. -->","yoast_head_json":{"title":"Curso de Biblioteca de Lightroom - Agrupaci\u00f3 Fotogr\u00e0fica de Catalunya","robots":{"index":"index","follow":"follow","max-snippet":"max-snippet:-1","max-image-preview":"max-image-preview:large","max-video-preview":"max-video-preview:-1"},"canonical":"https:\/\/afc.cat\/es\/activitat\/curso-de-biblioteca-de-lightroom\/","og_locale":"es_ES","og_type":"article","og_title":"Curso de Biblioteca de Lightroom - Agrupaci\u00f3 Fotogr\u00e0fica de Catalunya","og_url":"https:\/\/afc.cat\/es\/activitat\/curso-de-biblioteca-de-lightroom\/","og_site_name":"Agrupaci\u00f3 Fotogr\u00e0fica de Catalunya","article_modified_time":"2025-09-26T12:43:19+00:00","twitter_card":"summary_large_image","twitter_misc":{"Tiempo de lectura":"6 minutos"},"schema":{"@context":"https:\/\/schema.org","@graph":[{"@type":"WebPage","@id":"https:\/\/afc.cat\/es\/activitat\/curso-de-biblioteca-de-lightroom\/","url":"https:\/\/afc.cat\/es\/activitat\/curso-de-biblioteca-de-lightroom\/","name":"Curso de Biblioteca de Lightroom - Agrupaci\u00f3 Fotogr\u00e0fica de Catalunya","isPartOf":{"@id":"https:\/\/afc.cat\/es\/#website"},"datePublished":"2025-09-19T14:40:53+00:00","dateModified":"2025-09-26T12:43:19+00:00","breadcrumb":{"@id":"https:\/\/afc.cat\/es\/activitat\/curso-de-biblioteca-de-lightroom\/#breadcrumb"},"inLanguage":"es","potentialAction":[{"@type":"ReadAction","target":["https:\/\/afc.cat\/es\/activitat\/curso-de-biblioteca-de-lightroom\/"]}]},{"@type":"BreadcrumbList","@id":"https:\/\/afc.cat\/es\/activitat\/curso-de-biblioteca-de-lightroom\/#breadcrumb","itemListElement":[{"@type":"ListItem","position":1,"name":"Inicio","item":"https:\/\/afc.cat\/es\/"},{"@type":"ListItem","position":2,"name":"Curso de Biblioteca de Lightroom"}]},{"@type":"WebSite","@id":"https:\/\/afc.cat\/es\/#website","url":"https:\/\/afc.cat\/es\/","name":"Agrupaci\u00f3 Fotogr\u00e0fica de Catalunya","description":"Fomento y divulgaci\u00f3n de la fotograf\u00eda en todas sus variedades","potentialAction":[{"@type":"SearchAction","target":{"@type":"EntryPoint","urlTemplate":"https:\/\/afc.cat\/es\/?s={search_term_string}"},"query-input":{"@type":"PropertyValueSpecification","valueRequired":true,"valueName":"search_term_string"}}],"inLanguage":"es"}]}},"_links":{"self":[{"href":"https:\/\/afc.cat\/es\/wp-json\/wp\/v2\/class\/44131","targetHints":{"allow":["GET"]}}],"collection":[{"href":"https:\/\/afc.cat\/es\/wp-json\/wp\/v2\/class"}],"about":[{"href":"https:\/\/afc.cat\/es\/wp-json\/wp\/v2\/types\/class"}],"wp:attachment":[{"href":"https:\/\/afc.cat\/es\/wp-json\/wp\/v2\/media?parent=44131"}],"wp:term":[{"taxonomy":"wcs-type","embeddable":true,"href":"https:\/\/afc.cat\/es\/wp-json\/wp\/v2\/wcs-type?post=44131"},{"taxonomy":"wcs-room","embeddable":true,"href":"https:\/\/afc.cat\/es\/wp-json\/wp\/v2\/wcs-room?post=44131"},{"taxonomy":"wcs-instructor","embeddable":true,"href":"https:\/\/afc.cat\/es\/wp-json\/wp\/v2\/wcs-instructor?post=44131"}],"curies":[{"name":"wp","href":"https:\/\/api.w.org\/{rel}","templated":true}]}}

<div class="fusion-fullwidth fullwidth-box fusion-builder-row-1 fusion-flex-container nonhundred-percent-fullwidth non-hundred-percent-height-scrolling" style="background-color: rgba(255,255,255,0);background-position: center center;background-repeat: no-repeat;border-width: 0px 15px 0px 0px;border-color:#ffffff;border-style:solid;" ><div class="fusion-builder-row fusion-row fusion-flex-align-items-flex-start" style="max-width:1300px;margin-left: calc(-4% / 2 );margin-right: calc(-4% / 2 );"><div class="fusion-layout-column fusion_builder_column fusion-builder-column-0 fusion_builder_column_1_1 1_1 fusion-flex-column"><div class="fusion-column-wrapper fusion-flex-justify-content-flex-start fusion-content-layout-column" style="background-position:left top;background-repeat:no-repeat;-webkit-background-size:cover;-moz-background-size:cover;-o-background-size:cover;background-size:cover;padding: 0px 0px 0px 0px;"><div class="fusion-text fusion-text-1"><h2>Curso de Biblioteca de Lightroom</h2>
<p><strong>CALENDARIO Y HORARIO</strong></p>
<p>Fecha: los lunes de 16:30 a 18:30h</p>
<p>Duración: 8 h (4 sesiones de 2 h) del 6 al 27 de octubre</p>
<p>Precio: 20 € para socios/socias, 60 € para personas no asociadas</p>
<p>Espacio donde se impartirá la formación: Aula formativa en la Agrupació Fotogràfica de Catalunya</p>
<p>Formador: Máximo Poncela</p>
<p><strong>Inscripción</strong> y pago <a href="https://afc.playoffinformatica.com/actividad/154/Curs-de-Biblioteca-de-Lightroom/"><strong>ONLINE</strong></a></p>
<p><strong>Objetivo de la formación</strong>: Catalogación del archivo personal de fotografías de manera ordenada. Conocer un flujo de trabajo que permita ordenar, clasificar y localizar de una manera ágil todas las fotografías. Aprender un flujo de trabajo con las indicaciones dadas durante el curso.</p>
<p><strong>Contenido o temario</strong></p>
<p>1.       Descripción de la pantalla principal de la Biblioteca</p>
<p>2.       Importación de archivos</p>
<p>3.       Catalogación y filtraje</p>
<p>4.       Uso de Colecciones y metadatos</p>
<p>5.       Exportación y mantenimiento de la biblioteca</p>
<p><strong>Requisitos técnicos para cursar la formación:</strong> Material o equipación necesaria por parte del profesor/a (ex: pizarra, TV o gran pantalla, ordenador, conexión a internet&#8230;)</p>
<p>Destinado a: Todo el mundo, no requiere conocimientos previos de Lightroom. Importante estar familiarizado con el sistema operativo de tu ordenador.</p>
<p>Modalidad: Presencial.</p>
<p>Plazas mínimas y máximas: mínimo 5, máximo 12</p>
</div><div ><style>.fusion-imageframe.imageframe-2{ margin-top : 30px;}</style><span class=" fusion-imageframe imageframe-none imageframe-2 hover-type-none"><img decoding="async" width="420" height="79" title="cultura" src="https://afc.cat/wp-content/uploads/2025/01/logos_generalitat_-ajuntament-bcn.jpg" alt class="img-responsive wp-image-41129" srcset="https://afc.cat/wp-content/uploads/2025/01/logos_generalitat_-ajuntament-bcn-200x38.jpg 200w, https://afc.cat/wp-content/uploads/2025/01/logos_generalitat_-ajuntament-bcn-400x75.jpg 400w, https://afc.cat/wp-content/uploads/2025/01/logos_generalitat_-ajuntament-bcn.jpg 420w" sizes="(max-width: 640px) 100vw, 420px" /></span></div><div ><span class=" fusion-imageframe imageframe-none imageframe-3 hover-type-none"><img decoding="async" width="2264" height="561" title="Logos-colaboradors 3" src="https://afc.cat/wp-content/uploads/2021/02/Logos-colaboradors-3.jpg" alt class="img-responsive wp-image-43152" srcset="https://afc.cat/wp-content/uploads/2021/02/Logos-colaboradors-3-200x50.jpg 200w, https://afc.cat/wp-content/uploads/2021/02/Logos-colaboradors-3-400x99.jpg 400w, https://afc.cat/wp-content/uploads/2021/02/Logos-colaboradors-3-600x149.jpg 600w, https://afc.cat/wp-content/uploads/2021/02/Logos-colaboradors-3-800x198.jpg 800w, https://afc.cat/wp-content/uploads/2021/02/Logos-colaboradors-3-1200x297.jpg 1200w, https://afc.cat/wp-content/uploads/2021/02/Logos-colaboradors-3.jpg 2264w" sizes="(max-width: 640px) 100vw, 2264px" /></span></div></div><style type="text/css">.fusion-body .fusion-builder-column-0{width:100% !important;margin-top : 0px;margin-bottom : 0px;}.fusion-builder-column-0 > .fusion-column-wrapper {padding-top : 0px !important;padding-right : 0px !important;margin-right : 1.92%;padding-bottom : 0px !important;padding-left : 0px !important;margin-left : 1.92%;}@media only screen and (max-width:1024px) {.fusion-body .fusion-builder-column-0{width:100% !important;}.fusion-builder-column-0 > .fusion-column-wrapper {margin-right : 1.92%;margin-left : 1.92%;}}@media only screen and (max-width:640px) {.fusion-body .fusion-builder-column-0{width:100% !important;}.fusion-builder-column-0 > .fusion-column-wrapper {margin-right : 1.92%;margin-left : 1.92%;}}</style></div></div><style type="text/css">.fusion-body .fusion-flex-container.fusion-builder-row-1{ padding-top : 0px;margin-top : 0px;padding-right : 0px;padding-bottom : 0px;margin-bottom : 0px;padding-left : 0px;}</style></div>

<!-- This site is optimized with the Yoast SEO plugin v27.5 - https://yoast.com/product/yoast-seo-wordpress/ -->
<title>Curso de Biblioteca de Lightroom - Agrupació Fotogràfica de Catalunya</title>
<meta name="robots" content="index, follow, max-snippet:-1, max-image-preview:large, max-video-preview:-1" />
<link rel="canonical" href="https://afc.cat/es/activitat/curso-de-biblioteca-de-lightroom/" />
<meta property="og:locale" content="es_ES" />
<meta property="og:type" content="article" />
<meta property="og:title" content="Curso de Biblioteca de Lightroom - Agrupació Fotogràfica de Catalunya" />
<meta property="og:url" content="https://afc.cat/es/activitat/curso-de-biblioteca-de-lightroom/" />
<meta property="og:site_name" content="Agrupació Fotogràfica de Catalunya" />
<meta property="article:modified_time" content="2025-09-26T12:43:19+00:00" />
<meta name="twitter:card" content="summary_large_image" />
<meta name="twitter:label1" content="Tiempo de lectura" />
	<meta name="twitter:data1" content="6 minutos" />
<script type="application/ld+json" class="yoast-schema-graph">{"@context":"https:\/\/schema.org","@graph":[{"@type":"WebPage","@id":"https:\/\/afc.cat\/es\/activitat\/curso-de-biblioteca-de-lightroom\/","url":"https:\/\/afc.cat\/es\/activitat\/curso-de-biblioteca-de-lightroom\/","name":"Curso de Biblioteca de Lightroom - Agrupació Fotogràfica de Catalunya","isPartOf":{"@id":"https:\/\/afc.cat\/es\/#website"},"datePublished":"2025-09-19T14:40:53+00:00","dateModified":"2025-09-26T12:43:19+00:00","breadcrumb":{"@id":"https:\/\/afc.cat\/es\/activitat\/curso-de-biblioteca-de-lightroom\/#breadcrumb"},"inLanguage":"es","potentialAction":[{"@type":"ReadAction","target":["https:\/\/afc.cat\/es\/activitat\/curso-de-biblioteca-de-lightroom\/"]}]},{"@type":"BreadcrumbList","@id":"https:\/\/afc.cat\/es\/activitat\/curso-de-biblioteca-de-lightroom\/#breadcrumb","itemListElement":[{"@type":"ListItem","position":1,"name":"Inicio","item":"https:\/\/afc.cat\/es\/"},{"@type":"ListItem","position":2,"name":"Curso de Biblioteca de Lightroom"}]},{"@type":"WebSite","@id":"https:\/\/afc.cat\/es\/#website","url":"https:\/\/afc.cat\/es\/","name":"Agrupació Fotogràfica de Catalunya","description":"Fomento y divulgación de la fotografía en todas sus variedades","potentialAction":[{"@type":"SearchAction","target":{"@type":"EntryPoint","urlTemplate":"https:\/\/afc.cat\/es\/?s={search_term_string}"},"query-input":{"@type":"PropertyValueSpecification","valueRequired":true,"valueName":"search_term_string"}}],"inLanguage":"es"}]}</script>
<!-- / Yoast SEO plugin. -->

Curso de Biblioteca de Lightroom - Agrupació Fotogràfica de Catalunya

Agrupació Fotogràfica de Catalunya

Fomento y divulgación de la fotografía en todas sus variedades
