{"id":44737,"date":"2025-10-30T17:15:37","date_gmt":"2025-10-30T15:15:37","guid":{"rendered":"https:\/\/afc.cat\/activitat\/exposicio-fotografica-temporal-limbus-entre-lus-i-el-oblit-joan-manel-amigo\/"},"modified":"2025-11-11T20:34:22","modified_gmt":"2025-11-11T18:34:22","slug":"exposicion-fotografica-temporal-limbus-entre-lus-i-el-oblit-joan-manel-amigo","status":"publish","type":"class","link":"https:\/\/afc.cat\/es\/activitat\/exposicion-fotografica-temporal-limbus-entre-lus-i-el-oblit-joan-manel-amigo\/","title":{"rendered":"Exposici\u00f3n fotogr\u00e1fica temporal \u201cLimbus. Entre l&#8217;\u00fas i el oblit\u201d \/ Joan Manel Amig\u00f3"},"content":{"rendered":"<div class=\"fusion-fullwidth fullwidth-box fusion-builder-row-1 fusion-flex-container nonhundred-percent-fullwidth non-hundred-percent-height-scrolling\" style=\"background-color: rgba(255,255,255,0);background-position: center center;background-repeat: no-repeat;border-width: 0px 15px 0px 0px;border-color:#ffffff;border-style:solid;\" ><div class=\"fusion-builder-row fusion-row fusion-flex-align-items-flex-start\" style=\"max-width:1300px;margin-left: calc(-4% \/ 2 );margin-right: calc(-4% \/ 2 );\"><div class=\"fusion-layout-column fusion_builder_column fusion-builder-column-0 fusion_builder_column_1_1 1_1 fusion-flex-column\"><div class=\"fusion-column-wrapper fusion-flex-justify-content-flex-start fusion-content-layout-column\" style=\"background-position:left top;background-repeat:no-repeat;-webkit-background-size:cover;-moz-background-size:cover;-o-background-size:cover;background-size:cover;padding: 0px 0px 0px 0px;\"><div class=\"fusion-text fusion-text-1\"><h2><strong>\u00abLIMBUS<\/strong><\/h2>\n<h2><strong>ENTRE L\u2019\u00daS I L\u2019OBLIT\u00bb<\/strong><\/h2>\n<p><strong>LIMBUS<\/strong> re\u00fane fragmentos del mundo humano atrapados en un estado de suspensi\u00f3n. Ya no sirven, pero tampoco han desaparecido. Permanecen inm\u00f3viles en su propio l\u00edmite, como si el tiempo se hubiera espesado all\u00ed.<\/p>\n<p>Son estructuras y objetos que han perdido su funci\u00f3n. Cada uno de ellos es un organismo en tr\u00e1nsito, una forma que se degrada lentamente mientras la naturaleza y el tiempo recuperan su lugar.<\/p>\n<p>La entrop\u00eda es el hilo invisible que atraviesa estas im\u00e1genes: el proceso inevitable por el cual el orden humano se erosiona y el desorden se convierte en una nueva forma de equilibrio.<\/p>\n<p>Las fotograf\u00edas no hablan solo de decadencia, sino de transformaci\u00f3n: del momento en que la materia deja de ser \u00fatil para volverse pura presencia. La belleza de un instante intermedio entre la funci\u00f3n y la ruina, entre la memoria y el silencio.<\/p>\n<p>Foto: \u00a9Joan Manel Amig\u00f3.<\/p>\n<p><strong>INAUGURACI\u00d3N<\/strong><\/p>\n<p>Martes 11 de noviembre del 2025 a las 19 h<\/p>\n<p>Espai sala Bruno Argem\u00ed de la AFC<\/p>\n<p>Puedes visitar la muestra hasta el 2 de diciembre del 2025<\/p>\n<p>Entrada libre y gratuita.<\/p>\n<\/div><div ><style>.fusion-imageframe.imageframe-2{ margin-top : 30px;}<\/style><span class=\" fusion-imageframe imageframe-none imageframe-2 hover-type-none\"><img decoding=\"async\" width=\"420\" height=\"79\" title=\"cultura\" src=\"https:\/\/afc.cat\/wp-content\/uploads\/2025\/01\/logos_generalitat_-ajuntament-bcn.jpg\" alt class=\"img-responsive wp-image-41129\" srcset=\"https:\/\/afc.cat\/wp-content\/uploads\/2025\/01\/logos_generalitat_-ajuntament-bcn-200x38.jpg 200w, https:\/\/afc.cat\/wp-content\/uploads\/2025\/01\/logos_generalitat_-ajuntament-bcn-400x75.jpg 400w, https:\/\/afc.cat\/wp-content\/uploads\/2025\/01\/logos_generalitat_-ajuntament-bcn.jpg 420w\" sizes=\"(max-width: 640px) 100vw, 420px\" \/><\/span><\/div><div ><span class=\" fusion-imageframe imageframe-none imageframe-3 hover-type-none\"><img decoding=\"async\" width=\"2264\" height=\"561\" title=\"Logos-colaboradors 3\" src=\"https:\/\/afc.cat\/wp-content\/uploads\/2021\/02\/Logos-colaboradors-3.jpg\" alt class=\"img-responsive wp-image-43152\" srcset=\"https:\/\/afc.cat\/wp-content\/uploads\/2021\/02\/Logos-colaboradors-3-200x50.jpg 200w, https:\/\/afc.cat\/wp-content\/uploads\/2021\/02\/Logos-colaboradors-3-400x99.jpg 400w, https:\/\/afc.cat\/wp-content\/uploads\/2021\/02\/Logos-colaboradors-3-600x149.jpg 600w, https:\/\/afc.cat\/wp-content\/uploads\/2021\/02\/Logos-colaboradors-3-800x198.jpg 800w, https:\/\/afc.cat\/wp-content\/uploads\/2021\/02\/Logos-colaboradors-3-1200x297.jpg 1200w, https:\/\/afc.cat\/wp-content\/uploads\/2021\/02\/Logos-colaboradors-3.jpg 2264w\" sizes=\"(max-width: 640px) 100vw, 2264px\" \/><\/span><\/div><\/div><style type=\"text\/css\">.fusion-body .fusion-builder-column-0{width:100% !important;margin-top : 0px;margin-bottom : 0px;}.fusion-builder-column-0 > .fusion-column-wrapper {padding-top : 0px !important;padding-right : 0px !important;margin-right : 1.92%;padding-bottom : 0px !important;padding-left : 0px !important;margin-left : 1.92%;}@media only screen and (max-width:1024px) {.fusion-body .fusion-builder-column-0{width:100% !important;}.fusion-builder-column-0 > .fusion-column-wrapper {margin-right : 1.92%;margin-left : 1.92%;}}@media only screen and (max-width:640px) {.fusion-body .fusion-builder-column-0{width:100% !important;}.fusion-builder-column-0 > .fusion-column-wrapper {margin-right : 1.92%;margin-left : 1.92%;}}<\/style><\/div><\/div><style type=\"text\/css\">.fusion-body .fusion-flex-container.fusion-builder-row-1{ padding-top : 0px;margin-top : 0px;padding-right : 0px;padding-bottom : 0px;margin-bottom : 0px;padding-left : 0px;}<\/style><\/div>\n","protected":false},"excerpt":{"rendered":"","protected":false},"template":"","meta":{"_acf_changed":false},"wcs-type":[100],"wcs-room":[131],"wcs-instructor":[793],"class_list":["post-44737","class","type-class","status-publish","hentry","wcs-type-actos-sociales","wcs-room-agrupacio-fotografica-de-catalunya","wcs-instructor-vocalia-dexposicions-carme-mur"],"acf":[],"yoast_head":"<!-- This site is optimized with the Yoast SEO plugin v27.2 - https:\/\/yoast.com\/product\/yoast-seo-wordpress\/ -->\n<title>Exposici\u00f3n fotogr\u00e1fica temporal \u201cLimbus. Entre l&#039;\u00fas i el oblit\u201d \/ Joan Manel Amig\u00f3 - Agrupaci\u00f3 Fotogr\u00e0fica de Catalunya<\/title>\n<meta name=\"robots\" content=\"index, follow, max-snippet:-1, max-image-preview:large, max-video-preview:-1\" \/>\n<link rel=\"canonical\" href=\"https:\/\/afc.cat\/es\/activitat\/exposicion-fotografica-temporal-limbus-entre-lus-i-el-oblit-joan-manel-amigo\/\" \/>\n<meta property=\"og:locale\" content=\"es_ES\" \/>\n<meta property=\"og:type\" content=\"article\" \/>\n<meta property=\"og:title\" content=\"Exposici\u00f3n fotogr\u00e1fica temporal \u201cLimbus. Entre l&#039;\u00fas i el oblit\u201d \/ Joan Manel Amig\u00f3 - Agrupaci\u00f3 Fotogr\u00e0fica de Catalunya\" \/>\n<meta property=\"og:url\" content=\"https:\/\/afc.cat\/es\/activitat\/exposicion-fotografica-temporal-limbus-entre-lus-i-el-oblit-joan-manel-amigo\/\" \/>\n<meta property=\"og:site_name\" content=\"Agrupaci\u00f3 Fotogr\u00e0fica de Catalunya\" \/>\n<meta property=\"article:modified_time\" content=\"2025-11-11T18:34:22+00:00\" \/>\n<meta name=\"twitter:card\" content=\"summary_large_image\" \/>\n<meta name=\"twitter:label1\" content=\"Tiempo de lectura\" \/>\n\t<meta name=\"twitter:data1\" content=\"6 minutos\" \/>\n<script type=\"application\/ld+json\" class=\"yoast-schema-graph\">{\"@context\":\"https:\/\/schema.org\",\"@graph\":[{\"@type\":\"WebPage\",\"@id\":\"https:\/\/afc.cat\/es\/activitat\/exposicion-fotografica-temporal-limbus-entre-lus-i-el-oblit-joan-manel-amigo\/\",\"url\":\"https:\/\/afc.cat\/es\/activitat\/exposicion-fotografica-temporal-limbus-entre-lus-i-el-oblit-joan-manel-amigo\/\",\"name\":\"Exposici\u00f3n fotogr\u00e1fica temporal \u201cLimbus. Entre l'\u00fas i el oblit\u201d \/ Joan Manel Amig\u00f3 - Agrupaci\u00f3 Fotogr\u00e0fica de Catalunya\",\"isPartOf\":{\"@id\":\"https:\/\/afc.cat\/es\/#website\"},\"datePublished\":\"2025-10-30T15:15:37+00:00\",\"dateModified\":\"2025-11-11T18:34:22+00:00\",\"breadcrumb\":{\"@id\":\"https:\/\/afc.cat\/es\/activitat\/exposicion-fotografica-temporal-limbus-entre-lus-i-el-oblit-joan-manel-amigo\/#breadcrumb\"},\"inLanguage\":\"es\",\"potentialAction\":[{\"@type\":\"ReadAction\",\"target\":[\"https:\/\/afc.cat\/es\/activitat\/exposicion-fotografica-temporal-limbus-entre-lus-i-el-oblit-joan-manel-amigo\/\"]}]},{\"@type\":\"BreadcrumbList\",\"@id\":\"https:\/\/afc.cat\/es\/activitat\/exposicion-fotografica-temporal-limbus-entre-lus-i-el-oblit-joan-manel-amigo\/#breadcrumb\",\"itemListElement\":[{\"@type\":\"ListItem\",\"position\":1,\"name\":\"Inicio\",\"item\":\"https:\/\/afc.cat\/es\/\"},{\"@type\":\"ListItem\",\"position\":2,\"name\":\"Exposici\u00f3n fotogr\u00e1fica temporal \u201cLimbus. Entre l&#8217;\u00fas i el oblit\u201d \/ Joan Manel Amig\u00f3\"}]},{\"@type\":\"WebSite\",\"@id\":\"https:\/\/afc.cat\/es\/#website\",\"url\":\"https:\/\/afc.cat\/es\/\",\"name\":\"Agrupaci\u00f3 Fotogr\u00e0fica de Catalunya\",\"description\":\"Fomento y divulgaci\u00f3n de la fotograf\u00eda en todas sus variedades\",\"potentialAction\":[{\"@type\":\"SearchAction\",\"target\":{\"@type\":\"EntryPoint\",\"urlTemplate\":\"https:\/\/afc.cat\/es\/?s={search_term_string}\"},\"query-input\":{\"@type\":\"PropertyValueSpecification\",\"valueRequired\":true,\"valueName\":\"search_term_string\"}}],\"inLanguage\":\"es\"}]}<\/script>\n<!-- \/ Yoast SEO plugin. -->","yoast_head_json":{"title":"Exposici\u00f3n fotogr\u00e1fica temporal \u201cLimbus. Entre l'\u00fas i el oblit\u201d \/ Joan Manel Amig\u00f3 - Agrupaci\u00f3 Fotogr\u00e0fica de Catalunya","robots":{"index":"index","follow":"follow","max-snippet":"max-snippet:-1","max-image-preview":"max-image-preview:large","max-video-preview":"max-video-preview:-1"},"canonical":"https:\/\/afc.cat\/es\/activitat\/exposicion-fotografica-temporal-limbus-entre-lus-i-el-oblit-joan-manel-amigo\/","og_locale":"es_ES","og_type":"article","og_title":"Exposici\u00f3n fotogr\u00e1fica temporal \u201cLimbus. Entre l'\u00fas i el oblit\u201d \/ Joan Manel Amig\u00f3 - Agrupaci\u00f3 Fotogr\u00e0fica de Catalunya","og_url":"https:\/\/afc.cat\/es\/activitat\/exposicion-fotografica-temporal-limbus-entre-lus-i-el-oblit-joan-manel-amigo\/","og_site_name":"Agrupaci\u00f3 Fotogr\u00e0fica de Catalunya","article_modified_time":"2025-11-11T18:34:22+00:00","twitter_card":"summary_large_image","twitter_misc":{"Tiempo de lectura":"6 minutos"},"schema":{"@context":"https:\/\/schema.org","@graph":[{"@type":"WebPage","@id":"https:\/\/afc.cat\/es\/activitat\/exposicion-fotografica-temporal-limbus-entre-lus-i-el-oblit-joan-manel-amigo\/","url":"https:\/\/afc.cat\/es\/activitat\/exposicion-fotografica-temporal-limbus-entre-lus-i-el-oblit-joan-manel-amigo\/","name":"Exposici\u00f3n fotogr\u00e1fica temporal \u201cLimbus. Entre l'\u00fas i el oblit\u201d \/ Joan Manel Amig\u00f3 - Agrupaci\u00f3 Fotogr\u00e0fica de Catalunya","isPartOf":{"@id":"https:\/\/afc.cat\/es\/#website"},"datePublished":"2025-10-30T15:15:37+00:00","dateModified":"2025-11-11T18:34:22+00:00","breadcrumb":{"@id":"https:\/\/afc.cat\/es\/activitat\/exposicion-fotografica-temporal-limbus-entre-lus-i-el-oblit-joan-manel-amigo\/#breadcrumb"},"inLanguage":"es","potentialAction":[{"@type":"ReadAction","target":["https:\/\/afc.cat\/es\/activitat\/exposicion-fotografica-temporal-limbus-entre-lus-i-el-oblit-joan-manel-amigo\/"]}]},{"@type":"BreadcrumbList","@id":"https:\/\/afc.cat\/es\/activitat\/exposicion-fotografica-temporal-limbus-entre-lus-i-el-oblit-joan-manel-amigo\/#breadcrumb","itemListElement":[{"@type":"ListItem","position":1,"name":"Inicio","item":"https:\/\/afc.cat\/es\/"},{"@type":"ListItem","position":2,"name":"Exposici\u00f3n fotogr\u00e1fica temporal \u201cLimbus. Entre l&#8217;\u00fas i el oblit\u201d \/ Joan Manel Amig\u00f3"}]},{"@type":"WebSite","@id":"https:\/\/afc.cat\/es\/#website","url":"https:\/\/afc.cat\/es\/","name":"Agrupaci\u00f3 Fotogr\u00e0fica de Catalunya","description":"Fomento y divulgaci\u00f3n de la fotograf\u00eda en todas sus variedades","potentialAction":[{"@type":"SearchAction","target":{"@type":"EntryPoint","urlTemplate":"https:\/\/afc.cat\/es\/?s={search_term_string}"},"query-input":{"@type":"PropertyValueSpecification","valueRequired":true,"valueName":"search_term_string"}}],"inLanguage":"es"}]}},"_links":{"self":[{"href":"https:\/\/afc.cat\/es\/wp-json\/wp\/v2\/class\/44737","targetHints":{"allow":["GET"]}}],"collection":[{"href":"https:\/\/afc.cat\/es\/wp-json\/wp\/v2\/class"}],"about":[{"href":"https:\/\/afc.cat\/es\/wp-json\/wp\/v2\/types\/class"}],"wp:attachment":[{"href":"https:\/\/afc.cat\/es\/wp-json\/wp\/v2\/media?parent=44737"}],"wp:term":[{"taxonomy":"wcs-type","embeddable":true,"href":"https:\/\/afc.cat\/es\/wp-json\/wp\/v2\/wcs-type?post=44737"},{"taxonomy":"wcs-room","embeddable":true,"href":"https:\/\/afc.cat\/es\/wp-json\/wp\/v2\/wcs-room?post=44737"},{"taxonomy":"wcs-instructor","embeddable":true,"href":"https:\/\/afc.cat\/es\/wp-json\/wp\/v2\/wcs-instructor?post=44737"}],"curies":[{"name":"wp","href":"https:\/\/api.w.org\/{rel}","templated":true}]}}

Exposición fotográfica temporal “Limbus. Entre l&#8217;ús i el oblit” / Joan Manel Amigó

<div class="fusion-fullwidth fullwidth-box fusion-builder-row-1 fusion-flex-container nonhundred-percent-fullwidth non-hundred-percent-height-scrolling" style="background-color: rgba(255,255,255,0);background-position: center center;background-repeat: no-repeat;border-width: 0px 15px 0px 0px;border-color:#ffffff;border-style:solid;" ><div class="fusion-builder-row fusion-row fusion-flex-align-items-flex-start" style="max-width:1300px;margin-left: calc(-4% / 2 );margin-right: calc(-4% / 2 );"><div class="fusion-layout-column fusion_builder_column fusion-builder-column-0 fusion_builder_column_1_1 1_1 fusion-flex-column"><div class="fusion-column-wrapper fusion-flex-justify-content-flex-start fusion-content-layout-column" style="background-position:left top;background-repeat:no-repeat;-webkit-background-size:cover;-moz-background-size:cover;-o-background-size:cover;background-size:cover;padding: 0px 0px 0px 0px;"><div class="fusion-text fusion-text-1"><h2><strong>«LIMBUS</strong></h2>
<h2><strong>ENTRE L’ÚS I L’OBLIT»</strong></h2>
<p><strong>LIMBUS</strong> reúne fragmentos del mundo humano atrapados en un estado de suspensión. Ya no sirven, pero tampoco han desaparecido. Permanecen inmóviles en su propio límite, como si el tiempo se hubiera espesado allí.</p>
<p>Son estructuras y objetos que han perdido su función. Cada uno de ellos es un organismo en tránsito, una forma que se degrada lentamente mientras la naturaleza y el tiempo recuperan su lugar.</p>
<p>La entropía es el hilo invisible que atraviesa estas imágenes: el proceso inevitable por el cual el orden humano se erosiona y el desorden se convierte en una nueva forma de equilibrio.</p>
<p>Las fotografías no hablan solo de decadencia, sino de transformación: del momento en que la materia deja de ser útil para volverse pura presencia. La belleza de un instante intermedio entre la función y la ruina, entre la memoria y el silencio.</p>
<p>Foto: ©Joan Manel Amigó.</p>
<p><strong>INAUGURACIÓN</strong></p>
<p>Martes 11 de noviembre del 2025 a las 19 h</p>
<p>Espai sala Bruno Argemí de la AFC</p>
<p>Puedes visitar la muestra hasta el 2 de diciembre del 2025</p>
<p>Entrada libre y gratuita.</p>
</div><div ><style>.fusion-imageframe.imageframe-2{ margin-top : 30px;}</style><span class=" fusion-imageframe imageframe-none imageframe-2 hover-type-none"><img decoding="async" width="420" height="79" title="cultura" src="https://afc.cat/wp-content/uploads/2025/01/logos_generalitat_-ajuntament-bcn.jpg" alt class="img-responsive wp-image-41129" srcset="https://afc.cat/wp-content/uploads/2025/01/logos_generalitat_-ajuntament-bcn-200x38.jpg 200w, https://afc.cat/wp-content/uploads/2025/01/logos_generalitat_-ajuntament-bcn-400x75.jpg 400w, https://afc.cat/wp-content/uploads/2025/01/logos_generalitat_-ajuntament-bcn.jpg 420w" sizes="(max-width: 640px) 100vw, 420px" /></span></div><div ><span class=" fusion-imageframe imageframe-none imageframe-3 hover-type-none"><img decoding="async" width="2264" height="561" title="Logos-colaboradors 3" src="https://afc.cat/wp-content/uploads/2021/02/Logos-colaboradors-3.jpg" alt class="img-responsive wp-image-43152" srcset="https://afc.cat/wp-content/uploads/2021/02/Logos-colaboradors-3-200x50.jpg 200w, https://afc.cat/wp-content/uploads/2021/02/Logos-colaboradors-3-400x99.jpg 400w, https://afc.cat/wp-content/uploads/2021/02/Logos-colaboradors-3-600x149.jpg 600w, https://afc.cat/wp-content/uploads/2021/02/Logos-colaboradors-3-800x198.jpg 800w, https://afc.cat/wp-content/uploads/2021/02/Logos-colaboradors-3-1200x297.jpg 1200w, https://afc.cat/wp-content/uploads/2021/02/Logos-colaboradors-3.jpg 2264w" sizes="(max-width: 640px) 100vw, 2264px" /></span></div></div><style type="text/css">.fusion-body .fusion-builder-column-0{width:100% !important;margin-top : 0px;margin-bottom : 0px;}.fusion-builder-column-0 > .fusion-column-wrapper {padding-top : 0px !important;padding-right : 0px !important;margin-right : 1.92%;padding-bottom : 0px !important;padding-left : 0px !important;margin-left : 1.92%;}@media only screen and (max-width:1024px) {.fusion-body .fusion-builder-column-0{width:100% !important;}.fusion-builder-column-0 > .fusion-column-wrapper {margin-right : 1.92%;margin-left : 1.92%;}}@media only screen and (max-width:640px) {.fusion-body .fusion-builder-column-0{width:100% !important;}.fusion-builder-column-0 > .fusion-column-wrapper {margin-right : 1.92%;margin-left : 1.92%;}}</style></div></div><style type="text/css">.fusion-body .fusion-flex-container.fusion-builder-row-1{ padding-top : 0px;margin-top : 0px;padding-right : 0px;padding-bottom : 0px;margin-bottom : 0px;padding-left : 0px;}</style></div>

<!-- This site is optimized with the Yoast SEO plugin v27.2 - https://yoast.com/product/yoast-seo-wordpress/ -->
<title>Exposición fotográfica temporal “Limbus. Entre l&#039;ús i el oblit” / Joan Manel Amigó - Agrupació Fotogràfica de Catalunya</title>
<meta name="robots" content="index, follow, max-snippet:-1, max-image-preview:large, max-video-preview:-1" />
<link rel="canonical" href="https://afc.cat/es/activitat/exposicion-fotografica-temporal-limbus-entre-lus-i-el-oblit-joan-manel-amigo/" />
<meta property="og:locale" content="es_ES" />
<meta property="og:type" content="article" />
<meta property="og:title" content="Exposición fotográfica temporal “Limbus. Entre l&#039;ús i el oblit” / Joan Manel Amigó - Agrupació Fotogràfica de Catalunya" />
<meta property="og:url" content="https://afc.cat/es/activitat/exposicion-fotografica-temporal-limbus-entre-lus-i-el-oblit-joan-manel-amigo/" />
<meta property="og:site_name" content="Agrupació Fotogràfica de Catalunya" />
<meta property="article:modified_time" content="2025-11-11T18:34:22+00:00" />
<meta name="twitter:card" content="summary_large_image" />
<meta name="twitter:label1" content="Tiempo de lectura" />
	<meta name="twitter:data1" content="6 minutos" />
<script type="application/ld+json" class="yoast-schema-graph">{"@context":"https://schema.org","@graph":[{"@type":"WebPage","@id":"https://afc.cat/es/activitat/exposicion-fotografica-temporal-limbus-entre-lus-i-el-oblit-joan-manel-amigo/","url":"https://afc.cat/es/activitat/exposicion-fotografica-temporal-limbus-entre-lus-i-el-oblit-joan-manel-amigo/","name":"Exposición fotográfica temporal “Limbus. Entre l'ús i el oblit” / Joan Manel Amigó - Agrupació Fotogràfica de Catalunya","isPartOf":{"@id":"https://afc.cat/es/#website"},"datePublished":"2025-10-30T15:15:37+00:00","dateModified":"2025-11-11T18:34:22+00:00","breadcrumb":{"@id":"https://afc.cat/es/activitat/exposicion-fotografica-temporal-limbus-entre-lus-i-el-oblit-joan-manel-amigo/#breadcrumb"},"inLanguage":"es","potentialAction":[{"@type":"ReadAction","target":["https://afc.cat/es/activitat/exposicion-fotografica-temporal-limbus-entre-lus-i-el-oblit-joan-manel-amigo/"]}]},{"@type":"BreadcrumbList","@id":"https://afc.cat/es/activitat/exposicion-fotografica-temporal-limbus-entre-lus-i-el-oblit-joan-manel-amigo/#breadcrumb","itemListElement":[{"@type":"ListItem","position":1,"name":"Inicio","item":"https://afc.cat/es/"},{"@type":"ListItem","position":2,"name":"Exposición fotográfica temporal “Limbus. Entre l&#8217;ús i el oblit” / Joan Manel Amigó"}]},{"@type":"WebSite","@id":"https://afc.cat/es/#website","url":"https://afc.cat/es/","name":"Agrupació Fotogràfica de Catalunya","description":"Fomento y divulgación de la fotografía en todas sus variedades","potentialAction":[{"@type":"SearchAction","target":{"@type":"EntryPoint","urlTemplate":"https://afc.cat/es/?s={search_term_string}"},"query-input":{"@type":"PropertyValueSpecification","valueRequired":true,"valueName":"search_term_string"}}],"inLanguage":"es"}]}</script>
<!-- / Yoast SEO plugin. -->

Exposición fotográfica temporal “Limbus. Entre l'ús i el oblit” / Joan Manel Amigó - Agrupació Fotogràfica de Catalunya

Agrupació Fotogràfica de Catalunya

Fomento y divulgación de la fotografía en todas sus variedades
