{"id":45108,"date":"2025-11-28T19:57:25","date_gmt":"2025-11-28T17:57:25","guid":{"rendered":"https:\/\/afc.cat\/activitat\/les-tertulies-fotografiques-de-lafc-11-12\/"},"modified":"2025-12-09T18:39:26","modified_gmt":"2025-12-09T16:39:26","slug":"las-tertulias-fotograficas-de-la-afc-11-12","status":"publish","type":"class","link":"https:\/\/afc.cat\/es\/activitat\/las-tertulias-fotograficas-de-la-afc-11-12\/","title":{"rendered":"Las Tertulias fotogr\u00e1ficas de la AFC \/ 11\/12"},"content":{"rendered":"<div class=\"fusion-fullwidth fullwidth-box fusion-builder-row-1 fusion-flex-container nonhundred-percent-fullwidth non-hundred-percent-height-scrolling\" style=\"background-color: rgba(255,255,255,0);background-position: center center;background-repeat: no-repeat;border-width: 0px 15px 0px 0px;border-color:#ffffff;border-style:solid;\" ><div class=\"fusion-builder-row fusion-row fusion-flex-align-items-flex-start\" style=\"max-width:1300px;margin-left: calc(-4% \/ 2 );margin-right: calc(-4% \/ 2 );\"><div class=\"fusion-layout-column fusion_builder_column fusion-builder-column-0 fusion_builder_column_1_1 1_1 fusion-flex-column\"><div class=\"fusion-column-wrapper fusion-flex-justify-content-flex-start fusion-content-layout-column\" style=\"background-position:left top;background-repeat:no-repeat;-webkit-background-size:cover;-moz-background-size:cover;-o-background-size:cover;background-size:cover;padding: 0px 0px 0px 0px;\"><div class=\"fusion-text fusion-text-1\"><h2><span class=\"cf0\">Las <\/span><span class=\"cf0\">Tert\u00falies<\/span> <span class=\"cf0\">fotogr\u00e0fiques<\/span><span class=\"cf0\"> de <\/span><span class=\"cf0\">la AFC. Con la c<\/span>olaboraci\u00f3n de BCN DH<\/h2>\n<h2>ACTO DEL FESTIVAL BCN DH<\/h2>\n<p>Charla de<a href=\"https:\/\/www.jborras.cat\/\"> Jordi Borr\u00e0s.<\/a> Incluida dentro del ciclo de Tertulias fotogr\u00e1ficas mensuales que tienen lugar en la AFC.<\/p>\n<p>El fotoperiodista Jordi Borr\u00e0s (Barcelona,1981), est\u00e1 especializado en movimientos nacionales y de ultraderecha que act\u00faan tanto en Catalunya como en todo Europa. Actualmente trabaja como reportero gr\u00e1fico en diferentes medios catalanes, como la Agencia Catalana de Noticias, La Mira- donde desarrolla las funciones de jefe de fotograf\u00eda &#8211; o la revista vasca Argia, entre otros.<\/p>\n<p>A lo largo de los a\u00f1os, ha colaborado con El mundo, La Directa, Naci\u00f3n Digital, Cr\u00edtico, la revista El Temps, el diario Ahora,\u00a0Berria\u00a0o RAC1. En el \u00e1mbito internacional tambi\u00e9n ha publicado a\u00a0Associated\u00a0Press, Vice\u00a0News,\u00a0Jungle\u00a0World\u00a0o la cabecera sueca\u00a0Expo. Autor de una\u00a0dosena\u00a0de libros, ha expuesto su obra en veinticinco muestras fotogr\u00e1ficas.<\/p>\n<p>El premio Josep Maria Planes de Investigaci\u00f3n period\u00edstica del Colegio de Periodistas de Catalu\u00f1a reconoci\u00f3<em> Todos los Colores del Negro<\/em> y <em>La extrema derecha<\/em> <em>del siglo XXI<\/em> el 2023.<\/p>\n<p><strong>CALENDARIO Y HORARIO<\/strong><\/p>\n<p>Jueves 11 de diciembre de 2025 a las 18:00 h, en la AFC<\/p>\n<p>No requiere inscripci\u00f3n previa. Entrada libre hasta completar aforo.<\/p>\n<p><strong>Foto:\u00a9Jordi Borr\u00e0s.<\/strong><\/p>\n<p><!--EndFragment --><\/p>\n<\/div><div ><style>.fusion-imageframe.imageframe-2{ margin-top : 30px;}<\/style><span class=\" fusion-imageframe imageframe-none imageframe-2 hover-type-none\"><img decoding=\"async\" width=\"420\" height=\"79\" title=\"cultura\" src=\"https:\/\/afc.cat\/wp-content\/uploads\/2025\/01\/logos_generalitat_-ajuntament-bcn.jpg\" alt class=\"img-responsive wp-image-41129\" srcset=\"https:\/\/afc.cat\/wp-content\/uploads\/2025\/01\/logos_generalitat_-ajuntament-bcn-200x38.jpg 200w, https:\/\/afc.cat\/wp-content\/uploads\/2025\/01\/logos_generalitat_-ajuntament-bcn-400x75.jpg 400w, https:\/\/afc.cat\/wp-content\/uploads\/2025\/01\/logos_generalitat_-ajuntament-bcn.jpg 420w\" sizes=\"(max-width: 640px) 100vw, 420px\" \/><\/span><\/div><div ><style>.fusion-imageframe.imageframe-3{ margin-top : 30px;}<\/style><span class=\" fusion-imageframe imageframe-none imageframe-3 hover-type-none\"><img decoding=\"async\" width=\"1024\" height=\"344\" title=\"esponsors-colaboradors AFC\" src=\"https:\/\/afc.cat\/wp-content\/uploads\/2025\/11\/esponsors-colaboradors-AFC-1024x344.jpg\" alt class=\"img-responsive wp-image-44902\" srcset=\"https:\/\/afc.cat\/wp-content\/uploads\/2025\/11\/esponsors-colaboradors-AFC-200x67.jpg 200w, https:\/\/afc.cat\/wp-content\/uploads\/2025\/11\/esponsors-colaboradors-AFC-400x134.jpg 400w, https:\/\/afc.cat\/wp-content\/uploads\/2025\/11\/esponsors-colaboradors-AFC-600x202.jpg 600w, https:\/\/afc.cat\/wp-content\/uploads\/2025\/11\/esponsors-colaboradors-AFC-800x269.jpg 800w, https:\/\/afc.cat\/wp-content\/uploads\/2025\/11\/esponsors-colaboradors-AFC.jpg 1172w\" sizes=\"(max-width: 640px) 100vw, 1024px\" \/><\/span><\/div><\/div><style type=\"text\/css\">.fusion-body .fusion-builder-column-0{width:100% !important;margin-top : 0px;margin-bottom : 0px;}.fusion-builder-column-0 > .fusion-column-wrapper {padding-top : 0px !important;padding-right : 0px !important;margin-right : 1.92%;padding-bottom : 0px !important;padding-left : 0px !important;margin-left : 1.92%;}@media only screen and (max-width:1024px) {.fusion-body .fusion-builder-column-0{width:100% !important;}.fusion-builder-column-0 > .fusion-column-wrapper {margin-right : 1.92%;margin-left : 1.92%;}}@media only screen and (max-width:640px) {.fusion-body .fusion-builder-column-0{width:100% !important;}.fusion-builder-column-0 > .fusion-column-wrapper {margin-right : 1.92%;margin-left : 1.92%;}}<\/style><\/div><\/div><style type=\"text\/css\">.fusion-body .fusion-flex-container.fusion-builder-row-1{ padding-top : 0px;margin-top : 0px;padding-right : 0px;padding-bottom : 0px;margin-bottom : 0px;padding-left : 0px;}<\/style><\/div>\n","protected":false},"excerpt":{"rendered":"","protected":false},"template":"","meta":{"_acf_changed":false},"wcs-type":[778],"wcs-room":[131],"wcs-instructor":[270],"class_list":["post-45108","class","type-class","status-publish","hentry","wcs-type-tertulies-es","wcs-room-agrupacio-fotografica-de-catalunya","wcs-instructor-josep-blanch"],"acf":[],"yoast_head":"<!-- This site is optimized with the Yoast SEO plugin v27.5 - https:\/\/yoast.com\/product\/yoast-seo-wordpress\/ -->\n<title>Las Tertulias fotogr\u00e1ficas de la AFC \/ 11\/12 - Agrupaci\u00f3 Fotogr\u00e0fica de Catalunya<\/title>\n<meta name=\"robots\" content=\"index, follow, max-snippet:-1, max-image-preview:large, max-video-preview:-1\" \/>\n<link rel=\"canonical\" href=\"https:\/\/afc.cat\/es\/activitat\/las-tertulias-fotograficas-de-la-afc-11-12\/\" \/>\n<meta property=\"og:locale\" content=\"es_ES\" \/>\n<meta property=\"og:type\" content=\"article\" \/>\n<meta property=\"og:title\" content=\"Las Tertulias fotogr\u00e1ficas de la AFC \/ 11\/12 - Agrupaci\u00f3 Fotogr\u00e0fica de Catalunya\" \/>\n<meta property=\"og:url\" content=\"https:\/\/afc.cat\/es\/activitat\/las-tertulias-fotograficas-de-la-afc-11-12\/\" \/>\n<meta property=\"og:site_name\" content=\"Agrupaci\u00f3 Fotogr\u00e0fica de Catalunya\" \/>\n<meta property=\"article:modified_time\" content=\"2025-12-09T16:39:26+00:00\" \/>\n<meta name=\"twitter:card\" content=\"summary_large_image\" \/>\n<meta name=\"twitter:label1\" content=\"Tiempo de lectura\" \/>\n\t<meta name=\"twitter:data1\" content=\"6 minutos\" \/>\n<script type=\"application\/ld+json\" class=\"yoast-schema-graph\">{\"@context\":\"https:\\\/\\\/schema.org\",\"@graph\":[{\"@type\":\"WebPage\",\"@id\":\"https:\\\/\\\/afc.cat\\\/es\\\/activitat\\\/las-tertulias-fotograficas-de-la-afc-11-12\\\/\",\"url\":\"https:\\\/\\\/afc.cat\\\/es\\\/activitat\\\/las-tertulias-fotograficas-de-la-afc-11-12\\\/\",\"name\":\"Las Tertulias fotogr\u00e1ficas de la AFC \\\/ 11\\\/12 - Agrupaci\u00f3 Fotogr\u00e0fica de Catalunya\",\"isPartOf\":{\"@id\":\"https:\\\/\\\/afc.cat\\\/es\\\/#website\"},\"datePublished\":\"2025-11-28T17:57:25+00:00\",\"dateModified\":\"2025-12-09T16:39:26+00:00\",\"breadcrumb\":{\"@id\":\"https:\\\/\\\/afc.cat\\\/es\\\/activitat\\\/las-tertulias-fotograficas-de-la-afc-11-12\\\/#breadcrumb\"},\"inLanguage\":\"es\",\"potentialAction\":[{\"@type\":\"ReadAction\",\"target\":[\"https:\\\/\\\/afc.cat\\\/es\\\/activitat\\\/las-tertulias-fotograficas-de-la-afc-11-12\\\/\"]}]},{\"@type\":\"BreadcrumbList\",\"@id\":\"https:\\\/\\\/afc.cat\\\/es\\\/activitat\\\/las-tertulias-fotograficas-de-la-afc-11-12\\\/#breadcrumb\",\"itemListElement\":[{\"@type\":\"ListItem\",\"position\":1,\"name\":\"Inicio\",\"item\":\"https:\\\/\\\/afc.cat\\\/es\\\/\"},{\"@type\":\"ListItem\",\"position\":2,\"name\":\"Las Tertulias fotogr\u00e1ficas de la AFC \\\/ 11\\\/12\"}]},{\"@type\":\"WebSite\",\"@id\":\"https:\\\/\\\/afc.cat\\\/es\\\/#website\",\"url\":\"https:\\\/\\\/afc.cat\\\/es\\\/\",\"name\":\"Agrupaci\u00f3 Fotogr\u00e0fica de Catalunya\",\"description\":\"Fomento y divulgaci\u00f3n de la fotograf\u00eda en todas sus variedades\",\"potentialAction\":[{\"@type\":\"SearchAction\",\"target\":{\"@type\":\"EntryPoint\",\"urlTemplate\":\"https:\\\/\\\/afc.cat\\\/es\\\/?s={search_term_string}\"},\"query-input\":{\"@type\":\"PropertyValueSpecification\",\"valueRequired\":true,\"valueName\":\"search_term_string\"}}],\"inLanguage\":\"es\"}]}<\/script>\n<!-- \/ Yoast SEO plugin. -->","yoast_head_json":{"title":"Las Tertulias fotogr\u00e1ficas de la AFC \/ 11\/12 - Agrupaci\u00f3 Fotogr\u00e0fica de Catalunya","robots":{"index":"index","follow":"follow","max-snippet":"max-snippet:-1","max-image-preview":"max-image-preview:large","max-video-preview":"max-video-preview:-1"},"canonical":"https:\/\/afc.cat\/es\/activitat\/las-tertulias-fotograficas-de-la-afc-11-12\/","og_locale":"es_ES","og_type":"article","og_title":"Las Tertulias fotogr\u00e1ficas de la AFC \/ 11\/12 - Agrupaci\u00f3 Fotogr\u00e0fica de Catalunya","og_url":"https:\/\/afc.cat\/es\/activitat\/las-tertulias-fotograficas-de-la-afc-11-12\/","og_site_name":"Agrupaci\u00f3 Fotogr\u00e0fica de Catalunya","article_modified_time":"2025-12-09T16:39:26+00:00","twitter_card":"summary_large_image","twitter_misc":{"Tiempo de lectura":"6 minutos"},"schema":{"@context":"https:\/\/schema.org","@graph":[{"@type":"WebPage","@id":"https:\/\/afc.cat\/es\/activitat\/las-tertulias-fotograficas-de-la-afc-11-12\/","url":"https:\/\/afc.cat\/es\/activitat\/las-tertulias-fotograficas-de-la-afc-11-12\/","name":"Las Tertulias fotogr\u00e1ficas de la AFC \/ 11\/12 - Agrupaci\u00f3 Fotogr\u00e0fica de Catalunya","isPartOf":{"@id":"https:\/\/afc.cat\/es\/#website"},"datePublished":"2025-11-28T17:57:25+00:00","dateModified":"2025-12-09T16:39:26+00:00","breadcrumb":{"@id":"https:\/\/afc.cat\/es\/activitat\/las-tertulias-fotograficas-de-la-afc-11-12\/#breadcrumb"},"inLanguage":"es","potentialAction":[{"@type":"ReadAction","target":["https:\/\/afc.cat\/es\/activitat\/las-tertulias-fotograficas-de-la-afc-11-12\/"]}]},{"@type":"BreadcrumbList","@id":"https:\/\/afc.cat\/es\/activitat\/las-tertulias-fotograficas-de-la-afc-11-12\/#breadcrumb","itemListElement":[{"@type":"ListItem","position":1,"name":"Inicio","item":"https:\/\/afc.cat\/es\/"},{"@type":"ListItem","position":2,"name":"Las Tertulias fotogr\u00e1ficas de la AFC \/ 11\/12"}]},{"@type":"WebSite","@id":"https:\/\/afc.cat\/es\/#website","url":"https:\/\/afc.cat\/es\/","name":"Agrupaci\u00f3 Fotogr\u00e0fica de Catalunya","description":"Fomento y divulgaci\u00f3n de la fotograf\u00eda en todas sus variedades","potentialAction":[{"@type":"SearchAction","target":{"@type":"EntryPoint","urlTemplate":"https:\/\/afc.cat\/es\/?s={search_term_string}"},"query-input":{"@type":"PropertyValueSpecification","valueRequired":true,"valueName":"search_term_string"}}],"inLanguage":"es"}]}},"_links":{"self":[{"href":"https:\/\/afc.cat\/es\/wp-json\/wp\/v2\/class\/45108","targetHints":{"allow":["GET"]}}],"collection":[{"href":"https:\/\/afc.cat\/es\/wp-json\/wp\/v2\/class"}],"about":[{"href":"https:\/\/afc.cat\/es\/wp-json\/wp\/v2\/types\/class"}],"wp:attachment":[{"href":"https:\/\/afc.cat\/es\/wp-json\/wp\/v2\/media?parent=45108"}],"wp:term":[{"taxonomy":"wcs-type","embeddable":true,"href":"https:\/\/afc.cat\/es\/wp-json\/wp\/v2\/wcs-type?post=45108"},{"taxonomy":"wcs-room","embeddable":true,"href":"https:\/\/afc.cat\/es\/wp-json\/wp\/v2\/wcs-room?post=45108"},{"taxonomy":"wcs-instructor","embeddable":true,"href":"https:\/\/afc.cat\/es\/wp-json\/wp\/v2\/wcs-instructor?post=45108"}],"curies":[{"name":"wp","href":"https:\/\/api.w.org\/{rel}","templated":true}]}}

Las Tertulias fotográficas de la AFC / 11/12

<div class="fusion-fullwidth fullwidth-box fusion-builder-row-1 fusion-flex-container nonhundred-percent-fullwidth non-hundred-percent-height-scrolling" style="background-color: rgba(255,255,255,0);background-position: center center;background-repeat: no-repeat;border-width: 0px 15px 0px 0px;border-color:#ffffff;border-style:solid;" ><div class="fusion-builder-row fusion-row fusion-flex-align-items-flex-start" style="max-width:1300px;margin-left: calc(-4% / 2 );margin-right: calc(-4% / 2 );"><div class="fusion-layout-column fusion_builder_column fusion-builder-column-0 fusion_builder_column_1_1 1_1 fusion-flex-column"><div class="fusion-column-wrapper fusion-flex-justify-content-flex-start fusion-content-layout-column" style="background-position:left top;background-repeat:no-repeat;-webkit-background-size:cover;-moz-background-size:cover;-o-background-size:cover;background-size:cover;padding: 0px 0px 0px 0px;"><div class="fusion-text fusion-text-1"><h2><span class="cf0">Las </span><span class="cf0">Tertúlies</span> <span class="cf0">fotogràfiques</span><span class="cf0"> de </span><span class="cf0">la AFC. Con la c</span>olaboración de BCN DH</h2>
<h2>ACTO DEL FESTIVAL BCN DH</h2>
<p>Charla de<a href="https://www.jborras.cat/"> Jordi Borràs.</a> Incluida dentro del ciclo de Tertulias fotográficas mensuales que tienen lugar en la AFC.</p>
<p>El fotoperiodista Jordi Borràs (Barcelona,1981), está especializado en movimientos nacionales y de ultraderecha que actúan tanto en Catalunya como en todo Europa. Actualmente trabaja como reportero gráfico en diferentes medios catalanes, como la Agencia Catalana de Noticias, La Mira- donde desarrolla las funciones de jefe de fotografía &#8211; o la revista vasca Argia, entre otros.</p>
<p>A lo largo de los años, ha colaborado con El mundo, La Directa, Nación Digital, Crítico, la revista El Temps, el diario Ahora, Berria o RAC1. En el ámbito internacional también ha publicado a Associated Press, Vice News, Jungle World o la cabecera sueca Expo. Autor de una dosena de libros, ha expuesto su obra en veinticinco muestras fotográficas.</p>
<p>El premio Josep Maria Planes de Investigación periodística del Colegio de Periodistas de Cataluña reconoció<em> Todos los Colores del Negro</em> y <em>La extrema derecha</em> <em>del siglo XXI</em> el 2023.</p>
<p><strong>CALENDARIO Y HORARIO</strong></p>
<p>Jueves 11 de diciembre de 2025 a las 18:00 h, en la AFC</p>
<p>No requiere inscripción previa. Entrada libre hasta completar aforo.</p>
<p><strong>Foto:©Jordi Borràs.</strong></p>
<p><!--EndFragment --></p>
</div><div ><style>.fusion-imageframe.imageframe-2{ margin-top : 30px;}</style><span class=" fusion-imageframe imageframe-none imageframe-2 hover-type-none"><img decoding="async" width="420" height="79" title="cultura" src="https://afc.cat/wp-content/uploads/2025/01/logos_generalitat_-ajuntament-bcn.jpg" alt class="img-responsive wp-image-41129" srcset="https://afc.cat/wp-content/uploads/2025/01/logos_generalitat_-ajuntament-bcn-200x38.jpg 200w, https://afc.cat/wp-content/uploads/2025/01/logos_generalitat_-ajuntament-bcn-400x75.jpg 400w, https://afc.cat/wp-content/uploads/2025/01/logos_generalitat_-ajuntament-bcn.jpg 420w" sizes="(max-width: 640px) 100vw, 420px" /></span></div><div ><style>.fusion-imageframe.imageframe-3{ margin-top : 30px;}</style><span class=" fusion-imageframe imageframe-none imageframe-3 hover-type-none"><img decoding="async" width="1024" height="344" title="esponsors-colaboradors AFC" src="https://afc.cat/wp-content/uploads/2025/11/esponsors-colaboradors-AFC-1024x344.jpg" alt class="img-responsive wp-image-44902" srcset="https://afc.cat/wp-content/uploads/2025/11/esponsors-colaboradors-AFC-200x67.jpg 200w, https://afc.cat/wp-content/uploads/2025/11/esponsors-colaboradors-AFC-400x134.jpg 400w, https://afc.cat/wp-content/uploads/2025/11/esponsors-colaboradors-AFC-600x202.jpg 600w, https://afc.cat/wp-content/uploads/2025/11/esponsors-colaboradors-AFC-800x269.jpg 800w, https://afc.cat/wp-content/uploads/2025/11/esponsors-colaboradors-AFC.jpg 1172w" sizes="(max-width: 640px) 100vw, 1024px" /></span></div></div><style type="text/css">.fusion-body .fusion-builder-column-0{width:100% !important;margin-top : 0px;margin-bottom : 0px;}.fusion-builder-column-0 > .fusion-column-wrapper {padding-top : 0px !important;padding-right : 0px !important;margin-right : 1.92%;padding-bottom : 0px !important;padding-left : 0px !important;margin-left : 1.92%;}@media only screen and (max-width:1024px) {.fusion-body .fusion-builder-column-0{width:100% !important;}.fusion-builder-column-0 > .fusion-column-wrapper {margin-right : 1.92%;margin-left : 1.92%;}}@media only screen and (max-width:640px) {.fusion-body .fusion-builder-column-0{width:100% !important;}.fusion-builder-column-0 > .fusion-column-wrapper {margin-right : 1.92%;margin-left : 1.92%;}}</style></div></div><style type="text/css">.fusion-body .fusion-flex-container.fusion-builder-row-1{ padding-top : 0px;margin-top : 0px;padding-right : 0px;padding-bottom : 0px;margin-bottom : 0px;padding-left : 0px;}</style></div>

<!-- This site is optimized with the Yoast SEO plugin v27.5 - https://yoast.com/product/yoast-seo-wordpress/ -->
<title>Las Tertulias fotográficas de la AFC / 11/12 - Agrupació Fotogràfica de Catalunya</title>
<meta name="robots" content="index, follow, max-snippet:-1, max-image-preview:large, max-video-preview:-1" />
<link rel="canonical" href="https://afc.cat/es/activitat/las-tertulias-fotograficas-de-la-afc-11-12/" />
<meta property="og:locale" content="es_ES" />
<meta property="og:type" content="article" />
<meta property="og:title" content="Las Tertulias fotográficas de la AFC / 11/12 - Agrupació Fotogràfica de Catalunya" />
<meta property="og:url" content="https://afc.cat/es/activitat/las-tertulias-fotograficas-de-la-afc-11-12/" />
<meta property="og:site_name" content="Agrupació Fotogràfica de Catalunya" />
<meta property="article:modified_time" content="2025-12-09T16:39:26+00:00" />
<meta name="twitter:card" content="summary_large_image" />
<meta name="twitter:label1" content="Tiempo de lectura" />
	<meta name="twitter:data1" content="6 minutos" />
<script type="application/ld+json" class="yoast-schema-graph">{"@context":"https:\/\/schema.org","@graph":[{"@type":"WebPage","@id":"https:\/\/afc.cat\/es\/activitat\/las-tertulias-fotograficas-de-la-afc-11-12\/","url":"https:\/\/afc.cat\/es\/activitat\/las-tertulias-fotograficas-de-la-afc-11-12\/","name":"Las Tertulias fotográficas de la AFC \/ 11\/12 - Agrupació Fotogràfica de Catalunya","isPartOf":{"@id":"https:\/\/afc.cat\/es\/#website"},"datePublished":"2025-11-28T17:57:25+00:00","dateModified":"2025-12-09T16:39:26+00:00","breadcrumb":{"@id":"https:\/\/afc.cat\/es\/activitat\/las-tertulias-fotograficas-de-la-afc-11-12\/#breadcrumb"},"inLanguage":"es","potentialAction":[{"@type":"ReadAction","target":["https:\/\/afc.cat\/es\/activitat\/las-tertulias-fotograficas-de-la-afc-11-12\/"]}]},{"@type":"BreadcrumbList","@id":"https:\/\/afc.cat\/es\/activitat\/las-tertulias-fotograficas-de-la-afc-11-12\/#breadcrumb","itemListElement":[{"@type":"ListItem","position":1,"name":"Inicio","item":"https:\/\/afc.cat\/es\/"},{"@type":"ListItem","position":2,"name":"Las Tertulias fotográficas de la AFC \/ 11\/12"}]},{"@type":"WebSite","@id":"https:\/\/afc.cat\/es\/#website","url":"https:\/\/afc.cat\/es\/","name":"Agrupació Fotogràfica de Catalunya","description":"Fomento y divulgación de la fotografía en todas sus variedades","potentialAction":[{"@type":"SearchAction","target":{"@type":"EntryPoint","urlTemplate":"https:\/\/afc.cat\/es\/?s={search_term_string}"},"query-input":{"@type":"PropertyValueSpecification","valueRequired":true,"valueName":"search_term_string"}}],"inLanguage":"es"}]}</script>
<!-- / Yoast SEO plugin. -->

Las Tertulias fotográficas de la AFC / 11/12 - Agrupació Fotogràfica de Catalunya

Agrupació Fotogràfica de Catalunya

Fomento y divulgación de la fotografía en todas sus variedades
