{"id":45249,"date":"2025-02-28T14:14:03","date_gmt":"2025-02-28T12:14:03","guid":{"rendered":"https:\/\/afc.cat\/activitat\/taller-lus-creatiu-de-la-llum-en-la-foto-de-carrer\/"},"modified":"2026-02-05T01:18:48","modified_gmt":"2026-02-04T23:18:48","slug":"taller-el-uso-creativo-de-la-luz-en-la-foto-de-calle","status":"publish","type":"class","link":"https:\/\/afc.cat\/es\/activitat\/taller-el-uso-creativo-de-la-luz-en-la-foto-de-calle\/","title":{"rendered":"Taller El uso creativo de la luz en la foto de calle"},"content":{"rendered":"<div class=\"fusion-fullwidth fullwidth-box fusion-builder-row-1 fusion-flex-container nonhundred-percent-fullwidth non-hundred-percent-height-scrolling\" style=\"background-color: rgba(255,255,255,0);background-position: center center;background-repeat: no-repeat;border-width: 0px 15px 0px 0px;border-color:#ffffff;border-style:solid;\" ><div class=\"fusion-builder-row fusion-row fusion-flex-align-items-flex-start\" style=\"max-width:1300px;margin-left: calc(-4% \/ 2 );margin-right: calc(-4% \/ 2 );\"><div class=\"fusion-layout-column fusion_builder_column fusion-builder-column-0 fusion_builder_column_1_1 1_1 fusion-flex-column\"><div class=\"fusion-column-wrapper fusion-flex-justify-content-flex-start fusion-content-layout-column\" style=\"background-position:left top;background-repeat:no-repeat;-webkit-background-size:cover;-moz-background-size:cover;-o-background-size:cover;background-size:cover;padding: 0px 0px 0px 0px;\"><div class=\"fusion-text fusion-text-1\"><h2>Taller El uso creativo de la luz en la foto de calle<\/h2>\n<h3>Taller con nueva fecha. \u00daltimas plazas disponibles con motivo de la reprogramaci\u00f3n.<\/h3>\n<p><strong>CALENDARIO Y HORARIO<\/strong><\/p>\n<p>D\u00cdA I HORA: viernes 28 de febrero de 09.00-11:00 h. Una pausa para comer y continuamos por la tarde.<\/p>\n<p>D\u00d3NDE: Agrupaci\u00f3 Fotogr\u00e0fica de Catalunya<\/p>\n<p>FORMADOR: Ignasi\u00a0Ravent\u00f3s<\/p>\n<p>PRECIO: 50\u20ac<\/p>\n<p>INSCRIPCI\u00d3N Y PAGO: <a href=\"https:\/\/afc.playoffinformatica.com\/actividad\/171\/Taller-L-us-creatiu-de-la-llum-en-la-foto-de-carrer\/\"><strong>EN L\u00cdNEA\u00a0<\/strong><\/a><\/p>\n<p><strong>SIPNOSIS<\/strong><\/p>\n<p>La luz convierte lo ordinario en una cosa extraordinaria. As\u00ed define el fot\u00f3grafo Trent Park la importancia de la luz en la foto de calle. Solo hay una fuente de luz: la luz del sol. Pero hay muchas maneras de usarla para conseguir im\u00e1genes de calle extraordinarias. El reto es hacer foto de calle que capture el pulso de las personas en su entorno urbano. Y hacerlo con la mejor luz posible. No es fotografiar de calles o edificios. Este es el objetivo. Este es el reto.<\/p>\n<p><strong>METODOLOG\u00cdA<\/strong><\/p>\n<p>El curso ser\u00e1 eminentemente pr\u00e1ctico. Recorreremos Ciutat Vella, Barrio G\u00f3tico y la Ribera en busca de momentos de luz m\u00e1gicos. De 9 a 11 es el margen de tiempo en que se encuentra luz \u00f3ptima por la ma\u00f1ana. Despu\u00e9s, propongo hacer una revisi\u00f3n de las fotos en la AFC, si es posible.<\/p>\n<p>*Taller solo para asociados<\/p>\n<p><strong>Foto: \u00a9Ignaci Ravent\u00f3s.<\/strong><\/p>\n<\/div><div ><style>.fusion-imageframe.imageframe-2{ margin-top : 30px;}<\/style><span class=\" fusion-imageframe imageframe-none imageframe-2 hover-type-none\"><img decoding=\"async\" width=\"510\" height=\"91\" title=\"cultura\" src=\"https:\/\/afc.cat\/wp-content\/uploads\/2021\/02\/logos-generalitat-ajuntament-bcn-3-2026.jpg\" alt class=\"img-responsive wp-image-46074\" srcset=\"https:\/\/afc.cat\/wp-content\/uploads\/2021\/02\/logos-generalitat-ajuntament-bcn-3-2026-200x36.jpg 200w, https:\/\/afc.cat\/wp-content\/uploads\/2021\/02\/logos-generalitat-ajuntament-bcn-3-2026-400x71.jpg 400w, https:\/\/afc.cat\/wp-content\/uploads\/2021\/02\/logos-generalitat-ajuntament-bcn-3-2026.jpg 510w\" sizes=\"(max-width: 640px) 100vw, 510px\" \/><\/span><\/div><div ><style>.fusion-imageframe.imageframe-3{ margin-top : 30px;}<\/style><span class=\" fusion-imageframe imageframe-none imageframe-3 hover-type-none\"><img decoding=\"async\" width=\"1024\" height=\"344\" title=\"esponsors-colaboradors &#8211; AFC- logos 2026\" src=\"https:\/\/afc.cat\/wp-content\/uploads\/2026\/02\/esponsors-colaboradors-AFC-logos-2026-1024x344.jpg\" alt class=\"img-responsive wp-image-46126\" srcset=\"https:\/\/afc.cat\/wp-content\/uploads\/2026\/02\/esponsors-colaboradors-AFC-logos-2026-200x67.jpg 200w, https:\/\/afc.cat\/wp-content\/uploads\/2026\/02\/esponsors-colaboradors-AFC-logos-2026-400x134.jpg 400w, https:\/\/afc.cat\/wp-content\/uploads\/2026\/02\/esponsors-colaboradors-AFC-logos-2026-600x202.jpg 600w, https:\/\/afc.cat\/wp-content\/uploads\/2026\/02\/esponsors-colaboradors-AFC-logos-2026-800x269.jpg 800w, https:\/\/afc.cat\/wp-content\/uploads\/2026\/02\/esponsors-colaboradors-AFC-logos-2026.jpg 1172w\" sizes=\"(max-width: 640px) 100vw, 1024px\" \/><\/span><\/div><\/div><style type=\"text\/css\">.fusion-body .fusion-builder-column-0{width:100% !important;margin-top : 0px;margin-bottom : 0px;}.fusion-builder-column-0 > .fusion-column-wrapper {padding-top : 0px !important;padding-right : 0px !important;margin-right : 1.92%;padding-bottom : 0px !important;padding-left : 0px !important;margin-left : 1.92%;}@media only screen and (max-width:1024px) {.fusion-body .fusion-builder-column-0{width:100% !important;}.fusion-builder-column-0 > .fusion-column-wrapper {margin-right : 1.92%;margin-left : 1.92%;}}@media only screen and (max-width:640px) {.fusion-body .fusion-builder-column-0{width:100% !important;}.fusion-builder-column-0 > .fusion-column-wrapper {margin-right : 1.92%;margin-left : 1.92%;}}<\/style><\/div><\/div><style type=\"text\/css\">.fusion-body .fusion-flex-container.fusion-builder-row-1{ padding-top : 0px;margin-top : 0px;padding-right : 0px;padding-bottom : 0px;margin-bottom : 0px;padding-left : 0px;}<\/style><\/div>\n","protected":false},"excerpt":{"rendered":"","protected":false},"template":"","meta":{"_acf_changed":false},"wcs-type":[118],"wcs-room":[131],"wcs-instructor":[575],"class_list":["post-45249","class","type-class","status-publish","hentry","wcs-type-taller-es","wcs-room-agrupacio-fotografica-de-catalunya","wcs-instructor-vocalia-formacio"],"acf":[],"yoast_head":"<!-- This site is optimized with the Yoast SEO plugin v27.5 - https:\/\/yoast.com\/product\/yoast-seo-wordpress\/ -->\n<title>Taller El uso creativo de la luz en la foto de calle - Agrupaci\u00f3 Fotogr\u00e0fica de Catalunya<\/title>\n<meta name=\"robots\" content=\"index, follow, max-snippet:-1, max-image-preview:large, max-video-preview:-1\" \/>\n<link rel=\"canonical\" href=\"https:\/\/afc.cat\/es\/activitat\/taller-el-uso-creativo-de-la-luz-en-la-foto-de-calle\/\" \/>\n<meta property=\"og:locale\" content=\"es_ES\" \/>\n<meta property=\"og:type\" content=\"article\" \/>\n<meta property=\"og:title\" content=\"Taller El uso creativo de la luz en la foto de calle - Agrupaci\u00f3 Fotogr\u00e0fica de Catalunya\" \/>\n<meta property=\"og:url\" content=\"https:\/\/afc.cat\/es\/activitat\/taller-el-uso-creativo-de-la-luz-en-la-foto-de-calle\/\" \/>\n<meta property=\"og:site_name\" content=\"Agrupaci\u00f3 Fotogr\u00e0fica de Catalunya\" \/>\n<meta property=\"article:modified_time\" content=\"2026-02-04T23:18:48+00:00\" \/>\n<meta name=\"twitter:card\" content=\"summary_large_image\" \/>\n<meta name=\"twitter:label1\" content=\"Tiempo de lectura\" \/>\n\t<meta name=\"twitter:data1\" content=\"6 minutos\" \/>\n<script type=\"application\/ld+json\" class=\"yoast-schema-graph\">{\"@context\":\"https:\\\/\\\/schema.org\",\"@graph\":[{\"@type\":\"WebPage\",\"@id\":\"https:\\\/\\\/afc.cat\\\/es\\\/activitat\\\/taller-el-uso-creativo-de-la-luz-en-la-foto-de-calle\\\/\",\"url\":\"https:\\\/\\\/afc.cat\\\/es\\\/activitat\\\/taller-el-uso-creativo-de-la-luz-en-la-foto-de-calle\\\/\",\"name\":\"Taller El uso creativo de la luz en la foto de calle - Agrupaci\u00f3 Fotogr\u00e0fica de Catalunya\",\"isPartOf\":{\"@id\":\"https:\\\/\\\/afc.cat\\\/es\\\/#website\"},\"datePublished\":\"2025-02-28T12:14:03+00:00\",\"dateModified\":\"2026-02-04T23:18:48+00:00\",\"breadcrumb\":{\"@id\":\"https:\\\/\\\/afc.cat\\\/es\\\/activitat\\\/taller-el-uso-creativo-de-la-luz-en-la-foto-de-calle\\\/#breadcrumb\"},\"inLanguage\":\"es\",\"potentialAction\":[{\"@type\":\"ReadAction\",\"target\":[\"https:\\\/\\\/afc.cat\\\/es\\\/activitat\\\/taller-el-uso-creativo-de-la-luz-en-la-foto-de-calle\\\/\"]}]},{\"@type\":\"BreadcrumbList\",\"@id\":\"https:\\\/\\\/afc.cat\\\/es\\\/activitat\\\/taller-el-uso-creativo-de-la-luz-en-la-foto-de-calle\\\/#breadcrumb\",\"itemListElement\":[{\"@type\":\"ListItem\",\"position\":1,\"name\":\"Inicio\",\"item\":\"https:\\\/\\\/afc.cat\\\/es\\\/\"},{\"@type\":\"ListItem\",\"position\":2,\"name\":\"Taller El uso creativo de la luz en la foto de calle\"}]},{\"@type\":\"WebSite\",\"@id\":\"https:\\\/\\\/afc.cat\\\/es\\\/#website\",\"url\":\"https:\\\/\\\/afc.cat\\\/es\\\/\",\"name\":\"Agrupaci\u00f3 Fotogr\u00e0fica de Catalunya\",\"description\":\"Fomento y divulgaci\u00f3n de la fotograf\u00eda en todas sus variedades\",\"potentialAction\":[{\"@type\":\"SearchAction\",\"target\":{\"@type\":\"EntryPoint\",\"urlTemplate\":\"https:\\\/\\\/afc.cat\\\/es\\\/?s={search_term_string}\"},\"query-input\":{\"@type\":\"PropertyValueSpecification\",\"valueRequired\":true,\"valueName\":\"search_term_string\"}}],\"inLanguage\":\"es\"}]}<\/script>\n<!-- \/ Yoast SEO plugin. -->","yoast_head_json":{"title":"Taller El uso creativo de la luz en la foto de calle - Agrupaci\u00f3 Fotogr\u00e0fica de Catalunya","robots":{"index":"index","follow":"follow","max-snippet":"max-snippet:-1","max-image-preview":"max-image-preview:large","max-video-preview":"max-video-preview:-1"},"canonical":"https:\/\/afc.cat\/es\/activitat\/taller-el-uso-creativo-de-la-luz-en-la-foto-de-calle\/","og_locale":"es_ES","og_type":"article","og_title":"Taller El uso creativo de la luz en la foto de calle - Agrupaci\u00f3 Fotogr\u00e0fica de Catalunya","og_url":"https:\/\/afc.cat\/es\/activitat\/taller-el-uso-creativo-de-la-luz-en-la-foto-de-calle\/","og_site_name":"Agrupaci\u00f3 Fotogr\u00e0fica de Catalunya","article_modified_time":"2026-02-04T23:18:48+00:00","twitter_card":"summary_large_image","twitter_misc":{"Tiempo de lectura":"6 minutos"},"schema":{"@context":"https:\/\/schema.org","@graph":[{"@type":"WebPage","@id":"https:\/\/afc.cat\/es\/activitat\/taller-el-uso-creativo-de-la-luz-en-la-foto-de-calle\/","url":"https:\/\/afc.cat\/es\/activitat\/taller-el-uso-creativo-de-la-luz-en-la-foto-de-calle\/","name":"Taller El uso creativo de la luz en la foto de calle - Agrupaci\u00f3 Fotogr\u00e0fica de Catalunya","isPartOf":{"@id":"https:\/\/afc.cat\/es\/#website"},"datePublished":"2025-02-28T12:14:03+00:00","dateModified":"2026-02-04T23:18:48+00:00","breadcrumb":{"@id":"https:\/\/afc.cat\/es\/activitat\/taller-el-uso-creativo-de-la-luz-en-la-foto-de-calle\/#breadcrumb"},"inLanguage":"es","potentialAction":[{"@type":"ReadAction","target":["https:\/\/afc.cat\/es\/activitat\/taller-el-uso-creativo-de-la-luz-en-la-foto-de-calle\/"]}]},{"@type":"BreadcrumbList","@id":"https:\/\/afc.cat\/es\/activitat\/taller-el-uso-creativo-de-la-luz-en-la-foto-de-calle\/#breadcrumb","itemListElement":[{"@type":"ListItem","position":1,"name":"Inicio","item":"https:\/\/afc.cat\/es\/"},{"@type":"ListItem","position":2,"name":"Taller El uso creativo de la luz en la foto de calle"}]},{"@type":"WebSite","@id":"https:\/\/afc.cat\/es\/#website","url":"https:\/\/afc.cat\/es\/","name":"Agrupaci\u00f3 Fotogr\u00e0fica de Catalunya","description":"Fomento y divulgaci\u00f3n de la fotograf\u00eda en todas sus variedades","potentialAction":[{"@type":"SearchAction","target":{"@type":"EntryPoint","urlTemplate":"https:\/\/afc.cat\/es\/?s={search_term_string}"},"query-input":{"@type":"PropertyValueSpecification","valueRequired":true,"valueName":"search_term_string"}}],"inLanguage":"es"}]}},"_links":{"self":[{"href":"https:\/\/afc.cat\/es\/wp-json\/wp\/v2\/class\/45249","targetHints":{"allow":["GET"]}}],"collection":[{"href":"https:\/\/afc.cat\/es\/wp-json\/wp\/v2\/class"}],"about":[{"href":"https:\/\/afc.cat\/es\/wp-json\/wp\/v2\/types\/class"}],"wp:attachment":[{"href":"https:\/\/afc.cat\/es\/wp-json\/wp\/v2\/media?parent=45249"}],"wp:term":[{"taxonomy":"wcs-type","embeddable":true,"href":"https:\/\/afc.cat\/es\/wp-json\/wp\/v2\/wcs-type?post=45249"},{"taxonomy":"wcs-room","embeddable":true,"href":"https:\/\/afc.cat\/es\/wp-json\/wp\/v2\/wcs-room?post=45249"},{"taxonomy":"wcs-instructor","embeddable":true,"href":"https:\/\/afc.cat\/es\/wp-json\/wp\/v2\/wcs-instructor?post=45249"}],"curies":[{"name":"wp","href":"https:\/\/api.w.org\/{rel}","templated":true}]}}

<div class="fusion-fullwidth fullwidth-box fusion-builder-row-1 fusion-flex-container nonhundred-percent-fullwidth non-hundred-percent-height-scrolling" style="background-color: rgba(255,255,255,0);background-position: center center;background-repeat: no-repeat;border-width: 0px 15px 0px 0px;border-color:#ffffff;border-style:solid;" ><div class="fusion-builder-row fusion-row fusion-flex-align-items-flex-start" style="max-width:1300px;margin-left: calc(-4% / 2 );margin-right: calc(-4% / 2 );"><div class="fusion-layout-column fusion_builder_column fusion-builder-column-0 fusion_builder_column_1_1 1_1 fusion-flex-column"><div class="fusion-column-wrapper fusion-flex-justify-content-flex-start fusion-content-layout-column" style="background-position:left top;background-repeat:no-repeat;-webkit-background-size:cover;-moz-background-size:cover;-o-background-size:cover;background-size:cover;padding: 0px 0px 0px 0px;"><div class="fusion-text fusion-text-1"><h2>Taller El uso creativo de la luz en la foto de calle</h2>
<h3>Taller con nueva fecha. Últimas plazas disponibles con motivo de la reprogramación.</h3>
<p><strong>CALENDARIO Y HORARIO</strong></p>
<p>DÍA I HORA: viernes 28 de febrero de 09.00-11:00 h. Una pausa para comer y continuamos por la tarde.</p>
<p>DÓNDE: Agrupació Fotogràfica de Catalunya</p>
<p>FORMADOR: Ignasi Raventós</p>
<p>PRECIO: 50€</p>
<p>INSCRIPCIÓN Y PAGO: <a href="https://afc.playoffinformatica.com/actividad/171/Taller-L-us-creatiu-de-la-llum-en-la-foto-de-carrer/"><strong>EN LÍNEA </strong></a></p>
<p><strong>SIPNOSIS</strong></p>
<p>La luz convierte lo ordinario en una cosa extraordinaria. Así define el fotógrafo Trent Park la importancia de la luz en la foto de calle. Solo hay una fuente de luz: la luz del sol. Pero hay muchas maneras de usarla para conseguir imágenes de calle extraordinarias. El reto es hacer foto de calle que capture el pulso de las personas en su entorno urbano. Y hacerlo con la mejor luz posible. No es fotografiar de calles o edificios. Este es el objetivo. Este es el reto.</p>
<p><strong>METODOLOGÍA</strong></p>
<p>El curso será eminentemente práctico. Recorreremos Ciutat Vella, Barrio Gótico y la Ribera en busca de momentos de luz mágicos. De 9 a 11 es el margen de tiempo en que se encuentra luz óptima por la mañana. Después, propongo hacer una revisión de las fotos en la AFC, si es posible.</p>
<p>*Taller solo para asociados</p>
<p><strong>Foto: ©Ignaci Raventós.</strong></p>
</div><div ><style>.fusion-imageframe.imageframe-2{ margin-top : 30px;}</style><span class=" fusion-imageframe imageframe-none imageframe-2 hover-type-none"><img decoding="async" width="510" height="91" title="cultura" src="https://afc.cat/wp-content/uploads/2021/02/logos-generalitat-ajuntament-bcn-3-2026.jpg" alt class="img-responsive wp-image-46074" srcset="https://afc.cat/wp-content/uploads/2021/02/logos-generalitat-ajuntament-bcn-3-2026-200x36.jpg 200w, https://afc.cat/wp-content/uploads/2021/02/logos-generalitat-ajuntament-bcn-3-2026-400x71.jpg 400w, https://afc.cat/wp-content/uploads/2021/02/logos-generalitat-ajuntament-bcn-3-2026.jpg 510w" sizes="(max-width: 640px) 100vw, 510px" /></span></div><div ><style>.fusion-imageframe.imageframe-3{ margin-top : 30px;}</style><span class=" fusion-imageframe imageframe-none imageframe-3 hover-type-none"><img decoding="async" width="1024" height="344" title="esponsors-colaboradors &#8211; AFC- logos 2026" src="https://afc.cat/wp-content/uploads/2026/02/esponsors-colaboradors-AFC-logos-2026-1024x344.jpg" alt class="img-responsive wp-image-46126" srcset="https://afc.cat/wp-content/uploads/2026/02/esponsors-colaboradors-AFC-logos-2026-200x67.jpg 200w, https://afc.cat/wp-content/uploads/2026/02/esponsors-colaboradors-AFC-logos-2026-400x134.jpg 400w, https://afc.cat/wp-content/uploads/2026/02/esponsors-colaboradors-AFC-logos-2026-600x202.jpg 600w, https://afc.cat/wp-content/uploads/2026/02/esponsors-colaboradors-AFC-logos-2026-800x269.jpg 800w, https://afc.cat/wp-content/uploads/2026/02/esponsors-colaboradors-AFC-logos-2026.jpg 1172w" sizes="(max-width: 640px) 100vw, 1024px" /></span></div></div><style type="text/css">.fusion-body .fusion-builder-column-0{width:100% !important;margin-top : 0px;margin-bottom : 0px;}.fusion-builder-column-0 > .fusion-column-wrapper {padding-top : 0px !important;padding-right : 0px !important;margin-right : 1.92%;padding-bottom : 0px !important;padding-left : 0px !important;margin-left : 1.92%;}@media only screen and (max-width:1024px) {.fusion-body .fusion-builder-column-0{width:100% !important;}.fusion-builder-column-0 > .fusion-column-wrapper {margin-right : 1.92%;margin-left : 1.92%;}}@media only screen and (max-width:640px) {.fusion-body .fusion-builder-column-0{width:100% !important;}.fusion-builder-column-0 > .fusion-column-wrapper {margin-right : 1.92%;margin-left : 1.92%;}}</style></div></div><style type="text/css">.fusion-body .fusion-flex-container.fusion-builder-row-1{ padding-top : 0px;margin-top : 0px;padding-right : 0px;padding-bottom : 0px;margin-bottom : 0px;padding-left : 0px;}</style></div>

<!-- This site is optimized with the Yoast SEO plugin v27.5 - https://yoast.com/product/yoast-seo-wordpress/ -->
<title>Taller El uso creativo de la luz en la foto de calle - Agrupació Fotogràfica de Catalunya</title>
<meta name="robots" content="index, follow, max-snippet:-1, max-image-preview:large, max-video-preview:-1" />
<link rel="canonical" href="https://afc.cat/es/activitat/taller-el-uso-creativo-de-la-luz-en-la-foto-de-calle/" />
<meta property="og:locale" content="es_ES" />
<meta property="og:type" content="article" />
<meta property="og:title" content="Taller El uso creativo de la luz en la foto de calle - Agrupació Fotogràfica de Catalunya" />
<meta property="og:url" content="https://afc.cat/es/activitat/taller-el-uso-creativo-de-la-luz-en-la-foto-de-calle/" />
<meta property="og:site_name" content="Agrupació Fotogràfica de Catalunya" />
<meta property="article:modified_time" content="2026-02-04T23:18:48+00:00" />
<meta name="twitter:card" content="summary_large_image" />
<meta name="twitter:label1" content="Tiempo de lectura" />
	<meta name="twitter:data1" content="6 minutos" />
<script type="application/ld+json" class="yoast-schema-graph">{"@context":"https:\/\/schema.org","@graph":[{"@type":"WebPage","@id":"https:\/\/afc.cat\/es\/activitat\/taller-el-uso-creativo-de-la-luz-en-la-foto-de-calle\/","url":"https:\/\/afc.cat\/es\/activitat\/taller-el-uso-creativo-de-la-luz-en-la-foto-de-calle\/","name":"Taller El uso creativo de la luz en la foto de calle - Agrupació Fotogràfica de Catalunya","isPartOf":{"@id":"https:\/\/afc.cat\/es\/#website"},"datePublished":"2025-02-28T12:14:03+00:00","dateModified":"2026-02-04T23:18:48+00:00","breadcrumb":{"@id":"https:\/\/afc.cat\/es\/activitat\/taller-el-uso-creativo-de-la-luz-en-la-foto-de-calle\/#breadcrumb"},"inLanguage":"es","potentialAction":[{"@type":"ReadAction","target":["https:\/\/afc.cat\/es\/activitat\/taller-el-uso-creativo-de-la-luz-en-la-foto-de-calle\/"]}]},{"@type":"BreadcrumbList","@id":"https:\/\/afc.cat\/es\/activitat\/taller-el-uso-creativo-de-la-luz-en-la-foto-de-calle\/#breadcrumb","itemListElement":[{"@type":"ListItem","position":1,"name":"Inicio","item":"https:\/\/afc.cat\/es\/"},{"@type":"ListItem","position":2,"name":"Taller El uso creativo de la luz en la foto de calle"}]},{"@type":"WebSite","@id":"https:\/\/afc.cat\/es\/#website","url":"https:\/\/afc.cat\/es\/","name":"Agrupació Fotogràfica de Catalunya","description":"Fomento y divulgación de la fotografía en todas sus variedades","potentialAction":[{"@type":"SearchAction","target":{"@type":"EntryPoint","urlTemplate":"https:\/\/afc.cat\/es\/?s={search_term_string}"},"query-input":{"@type":"PropertyValueSpecification","valueRequired":true,"valueName":"search_term_string"}}],"inLanguage":"es"}]}</script>
<!-- / Yoast SEO plugin. -->

Taller El uso creativo de la luz en la foto de calle - Agrupació Fotogràfica de Catalunya

Agrupació Fotogràfica de Catalunya

Fomento y divulgación de la fotografía en todas sus variedades
