{"id":45748,"date":"2026-01-19T18:22:14","date_gmt":"2026-01-19T16:22:14","guid":{"rendered":"https:\/\/afc.cat\/activitat\/taller-biblioteca-de-lightroom\/"},"modified":"2026-02-05T00:58:00","modified_gmt":"2026-02-04T22:58:00","slug":"curso-biblioteca-de-lightroom","status":"publish","type":"class","link":"https:\/\/afc.cat\/es\/activitat\/curso-biblioteca-de-lightroom\/","title":{"rendered":"Curso Biblioteca de Lightroom"},"content":{"rendered":"<div class=\"fusion-fullwidth fullwidth-box fusion-builder-row-1 fusion-flex-container nonhundred-percent-fullwidth non-hundred-percent-height-scrolling\" style=\"background-color: rgba(255,255,255,0);background-position: center center;background-repeat: no-repeat;border-width: 0px 15px 0px 0px;border-color:#ffffff;border-style:solid;\" ><div class=\"fusion-builder-row fusion-row fusion-flex-align-items-flex-start\" style=\"max-width:1300px;margin-left: calc(-4% \/ 2 );margin-right: calc(-4% \/ 2 );\"><div class=\"fusion-layout-column fusion_builder_column fusion-builder-column-0 fusion_builder_column_1_1 1_1 fusion-flex-column\"><div class=\"fusion-column-wrapper fusion-flex-justify-content-flex-start fusion-content-layout-column\" style=\"background-position:left top;background-repeat:no-repeat;-webkit-background-size:cover;-moz-background-size:cover;-o-background-size:cover;background-size:cover;padding: 0px 0px 0px 0px;\"><div class=\"fusion-text fusion-text-1\"><p><strong>T\u00edtulo de la formaci\u00f3n: Biblioteca de Lightroom<\/strong><br \/>\nFormador: M\u00e1ximo\u00a0Poncela\u00a0AFC<br \/>\nObjetivo de la formaci\u00f3n: catalogaci\u00f3n del archivo personal de fotograf\u00edas de manera ordenada. Conocer un flujo de trabajo que permita ordenar, clasificar y localizar de una manera \u00e1gil todas las fotograf\u00edas. Aprender un flujo de trabajo con las indicaciones dadas durante el curso.<\/p>\n<p><strong>Contenido o temario:<\/strong><br \/>\n1. Descripci\u00f3n de la pantalla principal de la Biblioteca<br \/>\n2. Importaci\u00f3n de archivos<br \/>\n3. Catalogaci\u00f3n y filtraje<br \/>\n4. Uso de Colecciones y metadatos<br \/>\n5. Exportaci\u00f3n y mantenimiento de la biblioteca<br \/>\nHorario y fecha\/se: lunes de 18:30 a 20:30h<br \/>\nDuraci\u00f3n: 8 h<\/p>\n<p>Calendario: 2, 9, 16, 23 de febrero de 2026 de 18:30-20:30h<br \/>\nPrecio: 20 \u20ac para socios\/socias, 60\u20ac para personas no asociadas<br \/>\nEspacio donde se har\u00e1 la formaci\u00f3n: Aula formativa<br \/>\nRequisitos t\u00e9cnicos para hacer la formaci\u00f3n: material o equipaci\u00f3n necesaria por parte del profesor\/a (ex:pizarra, TV o gran pantalla, ordenador, conexi\u00f3n a internet&#8230;)<br \/>\nDestinado a: todo el mundo, no requiere conocimientos previos de\u00a0Lightroom. Importando estar familiarizado con el sistema operativo de vuestro ordenador.<br \/>\nModalidad: Presencial.<br \/>\nPlazas m\u00ednimas y m\u00e1ximas: m\u00ednimo 4, m\u00e1ximo 13.<\/p>\n<p>INSCRIPCI\u00d3N Y PAGO: <a href=\"https:\/\/afc.playoffinformatica.com\/actividad\/175\/Curs-de-Biblioteca-de-Lightroom\/\"><strong>EN L\u00cdNEA<\/strong><\/a><\/p>\n<\/div><div ><style>.fusion-imageframe.imageframe-2{ margin-top : 30px;}<\/style><span class=\" fusion-imageframe imageframe-none imageframe-2 hover-type-none\"><img decoding=\"async\" width=\"510\" height=\"91\" title=\"cultura\" src=\"https:\/\/afc.cat\/wp-content\/uploads\/2021\/02\/logos-generalitat-ajuntament-bcn-3-2026.jpg\" alt class=\"img-responsive wp-image-46074\" srcset=\"https:\/\/afc.cat\/wp-content\/uploads\/2021\/02\/logos-generalitat-ajuntament-bcn-3-2026-200x36.jpg 200w, https:\/\/afc.cat\/wp-content\/uploads\/2021\/02\/logos-generalitat-ajuntament-bcn-3-2026-400x71.jpg 400w, https:\/\/afc.cat\/wp-content\/uploads\/2021\/02\/logos-generalitat-ajuntament-bcn-3-2026.jpg 510w\" sizes=\"(max-width: 640px) 100vw, 510px\" \/><\/span><\/div><div ><style>.fusion-imageframe.imageframe-3{ margin-top : 30px;}<\/style><span class=\" fusion-imageframe imageframe-none imageframe-3 hover-type-none\"><img decoding=\"async\" width=\"1024\" height=\"344\" title=\"esponsors-colaboradors &#8211; AFC- logos 2026\" src=\"https:\/\/afc.cat\/wp-content\/uploads\/2026\/02\/esponsors-colaboradors-AFC-logos-2026-1024x344.jpg\" alt class=\"img-responsive wp-image-46126\" srcset=\"https:\/\/afc.cat\/wp-content\/uploads\/2026\/02\/esponsors-colaboradors-AFC-logos-2026-200x67.jpg 200w, https:\/\/afc.cat\/wp-content\/uploads\/2026\/02\/esponsors-colaboradors-AFC-logos-2026-400x134.jpg 400w, https:\/\/afc.cat\/wp-content\/uploads\/2026\/02\/esponsors-colaboradors-AFC-logos-2026-600x202.jpg 600w, https:\/\/afc.cat\/wp-content\/uploads\/2026\/02\/esponsors-colaboradors-AFC-logos-2026-800x269.jpg 800w, https:\/\/afc.cat\/wp-content\/uploads\/2026\/02\/esponsors-colaboradors-AFC-logos-2026.jpg 1172w\" sizes=\"(max-width: 640px) 100vw, 1024px\" \/><\/span><\/div><\/div><style type=\"text\/css\">.fusion-body .fusion-builder-column-0{width:100% !important;margin-top : 0px;margin-bottom : 0px;}.fusion-builder-column-0 > .fusion-column-wrapper {padding-top : 0px !important;padding-right : 0px !important;margin-right : 1.92%;padding-bottom : 0px !important;padding-left : 0px !important;margin-left : 1.92%;}@media only screen and (max-width:1024px) {.fusion-body .fusion-builder-column-0{width:100% !important;}.fusion-builder-column-0 > .fusion-column-wrapper {margin-right : 1.92%;margin-left : 1.92%;}}@media only screen and (max-width:640px) {.fusion-body .fusion-builder-column-0{width:100% !important;}.fusion-builder-column-0 > .fusion-column-wrapper {margin-right : 1.92%;margin-left : 1.92%;}}<\/style><\/div><\/div><style type=\"text\/css\">.fusion-body .fusion-flex-container.fusion-builder-row-1{ padding-top : 0px;margin-top : 0px;padding-right : 0px;padding-bottom : 0px;margin-bottom : 0px;padding-left : 0px;}<\/style><\/div>\n","protected":false},"excerpt":{"rendered":"","protected":false},"template":"","meta":{"_acf_changed":false},"wcs-type":[118],"wcs-room":[131],"wcs-instructor":[342],"class_list":["post-45748","class","type-class","status-publish","hentry","wcs-type-taller-es","wcs-room-agrupacio-fotografica-de-catalunya","wcs-instructor-maxim-poncela"],"acf":[],"yoast_head":"<!-- This site is optimized with the Yoast SEO plugin v27.5 - https:\/\/yoast.com\/product\/yoast-seo-wordpress\/ -->\n<title>Curso Biblioteca de Lightroom - Agrupaci\u00f3 Fotogr\u00e0fica de Catalunya<\/title>\n<meta name=\"robots\" content=\"index, follow, max-snippet:-1, max-image-preview:large, max-video-preview:-1\" \/>\n<link rel=\"canonical\" href=\"https:\/\/afc.cat\/es\/activitat\/curso-biblioteca-de-lightroom\/\" \/>\n<meta property=\"og:locale\" content=\"es_ES\" \/>\n<meta property=\"og:type\" content=\"article\" \/>\n<meta property=\"og:title\" content=\"Curso Biblioteca de Lightroom - Agrupaci\u00f3 Fotogr\u00e0fica de Catalunya\" \/>\n<meta property=\"og:url\" content=\"https:\/\/afc.cat\/es\/activitat\/curso-biblioteca-de-lightroom\/\" \/>\n<meta property=\"og:site_name\" content=\"Agrupaci\u00f3 Fotogr\u00e0fica de Catalunya\" \/>\n<meta property=\"article:modified_time\" content=\"2026-02-04T22:58:00+00:00\" \/>\n<meta name=\"twitter:card\" content=\"summary_large_image\" \/>\n<meta name=\"twitter:label1\" content=\"Tiempo de lectura\" \/>\n\t<meta name=\"twitter:data1\" content=\"6 minutos\" \/>\n<script type=\"application\/ld+json\" class=\"yoast-schema-graph\">{\"@context\":\"https:\\\/\\\/schema.org\",\"@graph\":[{\"@type\":\"WebPage\",\"@id\":\"https:\\\/\\\/afc.cat\\\/es\\\/activitat\\\/curso-biblioteca-de-lightroom\\\/\",\"url\":\"https:\\\/\\\/afc.cat\\\/es\\\/activitat\\\/curso-biblioteca-de-lightroom\\\/\",\"name\":\"Curso Biblioteca de Lightroom - Agrupaci\u00f3 Fotogr\u00e0fica de Catalunya\",\"isPartOf\":{\"@id\":\"https:\\\/\\\/afc.cat\\\/es\\\/#website\"},\"datePublished\":\"2026-01-19T16:22:14+00:00\",\"dateModified\":\"2026-02-04T22:58:00+00:00\",\"breadcrumb\":{\"@id\":\"https:\\\/\\\/afc.cat\\\/es\\\/activitat\\\/curso-biblioteca-de-lightroom\\\/#breadcrumb\"},\"inLanguage\":\"es\",\"potentialAction\":[{\"@type\":\"ReadAction\",\"target\":[\"https:\\\/\\\/afc.cat\\\/es\\\/activitat\\\/curso-biblioteca-de-lightroom\\\/\"]}]},{\"@type\":\"BreadcrumbList\",\"@id\":\"https:\\\/\\\/afc.cat\\\/es\\\/activitat\\\/curso-biblioteca-de-lightroom\\\/#breadcrumb\",\"itemListElement\":[{\"@type\":\"ListItem\",\"position\":1,\"name\":\"Inicio\",\"item\":\"https:\\\/\\\/afc.cat\\\/es\\\/\"},{\"@type\":\"ListItem\",\"position\":2,\"name\":\"Curso Biblioteca de Lightroom\"}]},{\"@type\":\"WebSite\",\"@id\":\"https:\\\/\\\/afc.cat\\\/es\\\/#website\",\"url\":\"https:\\\/\\\/afc.cat\\\/es\\\/\",\"name\":\"Agrupaci\u00f3 Fotogr\u00e0fica de Catalunya\",\"description\":\"Fomento y divulgaci\u00f3n de la fotograf\u00eda en todas sus variedades\",\"potentialAction\":[{\"@type\":\"SearchAction\",\"target\":{\"@type\":\"EntryPoint\",\"urlTemplate\":\"https:\\\/\\\/afc.cat\\\/es\\\/?s={search_term_string}\"},\"query-input\":{\"@type\":\"PropertyValueSpecification\",\"valueRequired\":true,\"valueName\":\"search_term_string\"}}],\"inLanguage\":\"es\"}]}<\/script>\n<!-- \/ Yoast SEO plugin. -->","yoast_head_json":{"title":"Curso Biblioteca de Lightroom - Agrupaci\u00f3 Fotogr\u00e0fica de Catalunya","robots":{"index":"index","follow":"follow","max-snippet":"max-snippet:-1","max-image-preview":"max-image-preview:large","max-video-preview":"max-video-preview:-1"},"canonical":"https:\/\/afc.cat\/es\/activitat\/curso-biblioteca-de-lightroom\/","og_locale":"es_ES","og_type":"article","og_title":"Curso Biblioteca de Lightroom - Agrupaci\u00f3 Fotogr\u00e0fica de Catalunya","og_url":"https:\/\/afc.cat\/es\/activitat\/curso-biblioteca-de-lightroom\/","og_site_name":"Agrupaci\u00f3 Fotogr\u00e0fica de Catalunya","article_modified_time":"2026-02-04T22:58:00+00:00","twitter_card":"summary_large_image","twitter_misc":{"Tiempo de lectura":"6 minutos"},"schema":{"@context":"https:\/\/schema.org","@graph":[{"@type":"WebPage","@id":"https:\/\/afc.cat\/es\/activitat\/curso-biblioteca-de-lightroom\/","url":"https:\/\/afc.cat\/es\/activitat\/curso-biblioteca-de-lightroom\/","name":"Curso Biblioteca de Lightroom - Agrupaci\u00f3 Fotogr\u00e0fica de Catalunya","isPartOf":{"@id":"https:\/\/afc.cat\/es\/#website"},"datePublished":"2026-01-19T16:22:14+00:00","dateModified":"2026-02-04T22:58:00+00:00","breadcrumb":{"@id":"https:\/\/afc.cat\/es\/activitat\/curso-biblioteca-de-lightroom\/#breadcrumb"},"inLanguage":"es","potentialAction":[{"@type":"ReadAction","target":["https:\/\/afc.cat\/es\/activitat\/curso-biblioteca-de-lightroom\/"]}]},{"@type":"BreadcrumbList","@id":"https:\/\/afc.cat\/es\/activitat\/curso-biblioteca-de-lightroom\/#breadcrumb","itemListElement":[{"@type":"ListItem","position":1,"name":"Inicio","item":"https:\/\/afc.cat\/es\/"},{"@type":"ListItem","position":2,"name":"Curso Biblioteca de Lightroom"}]},{"@type":"WebSite","@id":"https:\/\/afc.cat\/es\/#website","url":"https:\/\/afc.cat\/es\/","name":"Agrupaci\u00f3 Fotogr\u00e0fica de Catalunya","description":"Fomento y divulgaci\u00f3n de la fotograf\u00eda en todas sus variedades","potentialAction":[{"@type":"SearchAction","target":{"@type":"EntryPoint","urlTemplate":"https:\/\/afc.cat\/es\/?s={search_term_string}"},"query-input":{"@type":"PropertyValueSpecification","valueRequired":true,"valueName":"search_term_string"}}],"inLanguage":"es"}]}},"_links":{"self":[{"href":"https:\/\/afc.cat\/es\/wp-json\/wp\/v2\/class\/45748","targetHints":{"allow":["GET"]}}],"collection":[{"href":"https:\/\/afc.cat\/es\/wp-json\/wp\/v2\/class"}],"about":[{"href":"https:\/\/afc.cat\/es\/wp-json\/wp\/v2\/types\/class"}],"wp:attachment":[{"href":"https:\/\/afc.cat\/es\/wp-json\/wp\/v2\/media?parent=45748"}],"wp:term":[{"taxonomy":"wcs-type","embeddable":true,"href":"https:\/\/afc.cat\/es\/wp-json\/wp\/v2\/wcs-type?post=45748"},{"taxonomy":"wcs-room","embeddable":true,"href":"https:\/\/afc.cat\/es\/wp-json\/wp\/v2\/wcs-room?post=45748"},{"taxonomy":"wcs-instructor","embeddable":true,"href":"https:\/\/afc.cat\/es\/wp-json\/wp\/v2\/wcs-instructor?post=45748"}],"curies":[{"name":"wp","href":"https:\/\/api.w.org\/{rel}","templated":true}]}}

<div class="fusion-fullwidth fullwidth-box fusion-builder-row-1 fusion-flex-container nonhundred-percent-fullwidth non-hundred-percent-height-scrolling" style="background-color: rgba(255,255,255,0);background-position: center center;background-repeat: no-repeat;border-width: 0px 15px 0px 0px;border-color:#ffffff;border-style:solid;" ><div class="fusion-builder-row fusion-row fusion-flex-align-items-flex-start" style="max-width:1300px;margin-left: calc(-4% / 2 );margin-right: calc(-4% / 2 );"><div class="fusion-layout-column fusion_builder_column fusion-builder-column-0 fusion_builder_column_1_1 1_1 fusion-flex-column"><div class="fusion-column-wrapper fusion-flex-justify-content-flex-start fusion-content-layout-column" style="background-position:left top;background-repeat:no-repeat;-webkit-background-size:cover;-moz-background-size:cover;-o-background-size:cover;background-size:cover;padding: 0px 0px 0px 0px;"><div class="fusion-text fusion-text-1"><p><strong>Título de la formación: Biblioteca de Lightroom</strong><br />
Formador: Máximo Poncela AFC<br />
Objetivo de la formación: catalogación del archivo personal de fotografías de manera ordenada. Conocer un flujo de trabajo que permita ordenar, clasificar y localizar de una manera ágil todas las fotografías. Aprender un flujo de trabajo con las indicaciones dadas durante el curso.</p>
<p><strong>Contenido o temario:</strong><br />
1. Descripción de la pantalla principal de la Biblioteca<br />
2. Importación de archivos<br />
3. Catalogación y filtraje<br />
4. Uso de Colecciones y metadatos<br />
5. Exportación y mantenimiento de la biblioteca<br />
Horario y fecha/se: lunes de 18:30 a 20:30h<br />
Duración: 8 h</p>
<p>Calendario: 2, 9, 16, 23 de febrero de 2026 de 18:30-20:30h<br />
Precio: 20 € para socios/socias, 60€ para personas no asociadas<br />
Espacio donde se hará la formación: Aula formativa<br />
Requisitos técnicos para hacer la formación: material o equipación necesaria por parte del profesor/a (ex:pizarra, TV o gran pantalla, ordenador, conexión a internet&#8230;)<br />
Destinado a: todo el mundo, no requiere conocimientos previos de Lightroom. Importando estar familiarizado con el sistema operativo de vuestro ordenador.<br />
Modalidad: Presencial.<br />
Plazas mínimas y máximas: mínimo 4, máximo 13.</p>
<p>INSCRIPCIÓN Y PAGO: <a href="https://afc.playoffinformatica.com/actividad/175/Curs-de-Biblioteca-de-Lightroom/"><strong>EN LÍNEA</strong></a></p>
</div><div ><style>.fusion-imageframe.imageframe-2{ margin-top : 30px;}</style><span class=" fusion-imageframe imageframe-none imageframe-2 hover-type-none"><img decoding="async" width="510" height="91" title="cultura" src="https://afc.cat/wp-content/uploads/2021/02/logos-generalitat-ajuntament-bcn-3-2026.jpg" alt class="img-responsive wp-image-46074" srcset="https://afc.cat/wp-content/uploads/2021/02/logos-generalitat-ajuntament-bcn-3-2026-200x36.jpg 200w, https://afc.cat/wp-content/uploads/2021/02/logos-generalitat-ajuntament-bcn-3-2026-400x71.jpg 400w, https://afc.cat/wp-content/uploads/2021/02/logos-generalitat-ajuntament-bcn-3-2026.jpg 510w" sizes="(max-width: 640px) 100vw, 510px" /></span></div><div ><style>.fusion-imageframe.imageframe-3{ margin-top : 30px;}</style><span class=" fusion-imageframe imageframe-none imageframe-3 hover-type-none"><img decoding="async" width="1024" height="344" title="esponsors-colaboradors &#8211; AFC- logos 2026" src="https://afc.cat/wp-content/uploads/2026/02/esponsors-colaboradors-AFC-logos-2026-1024x344.jpg" alt class="img-responsive wp-image-46126" srcset="https://afc.cat/wp-content/uploads/2026/02/esponsors-colaboradors-AFC-logos-2026-200x67.jpg 200w, https://afc.cat/wp-content/uploads/2026/02/esponsors-colaboradors-AFC-logos-2026-400x134.jpg 400w, https://afc.cat/wp-content/uploads/2026/02/esponsors-colaboradors-AFC-logos-2026-600x202.jpg 600w, https://afc.cat/wp-content/uploads/2026/02/esponsors-colaboradors-AFC-logos-2026-800x269.jpg 800w, https://afc.cat/wp-content/uploads/2026/02/esponsors-colaboradors-AFC-logos-2026.jpg 1172w" sizes="(max-width: 640px) 100vw, 1024px" /></span></div></div><style type="text/css">.fusion-body .fusion-builder-column-0{width:100% !important;margin-top : 0px;margin-bottom : 0px;}.fusion-builder-column-0 > .fusion-column-wrapper {padding-top : 0px !important;padding-right : 0px !important;margin-right : 1.92%;padding-bottom : 0px !important;padding-left : 0px !important;margin-left : 1.92%;}@media only screen and (max-width:1024px) {.fusion-body .fusion-builder-column-0{width:100% !important;}.fusion-builder-column-0 > .fusion-column-wrapper {margin-right : 1.92%;margin-left : 1.92%;}}@media only screen and (max-width:640px) {.fusion-body .fusion-builder-column-0{width:100% !important;}.fusion-builder-column-0 > .fusion-column-wrapper {margin-right : 1.92%;margin-left : 1.92%;}}</style></div></div><style type="text/css">.fusion-body .fusion-flex-container.fusion-builder-row-1{ padding-top : 0px;margin-top : 0px;padding-right : 0px;padding-bottom : 0px;margin-bottom : 0px;padding-left : 0px;}</style></div>

<!-- This site is optimized with the Yoast SEO plugin v27.5 - https://yoast.com/product/yoast-seo-wordpress/ -->
<title>Curso Biblioteca de Lightroom - Agrupació Fotogràfica de Catalunya</title>
<meta name="robots" content="index, follow, max-snippet:-1, max-image-preview:large, max-video-preview:-1" />
<link rel="canonical" href="https://afc.cat/es/activitat/curso-biblioteca-de-lightroom/" />
<meta property="og:locale" content="es_ES" />
<meta property="og:type" content="article" />
<meta property="og:title" content="Curso Biblioteca de Lightroom - Agrupació Fotogràfica de Catalunya" />
<meta property="og:url" content="https://afc.cat/es/activitat/curso-biblioteca-de-lightroom/" />
<meta property="og:site_name" content="Agrupació Fotogràfica de Catalunya" />
<meta property="article:modified_time" content="2026-02-04T22:58:00+00:00" />
<meta name="twitter:card" content="summary_large_image" />
<meta name="twitter:label1" content="Tiempo de lectura" />
	<meta name="twitter:data1" content="6 minutos" />
<script type="application/ld+json" class="yoast-schema-graph">{"@context":"https:\/\/schema.org","@graph":[{"@type":"WebPage","@id":"https:\/\/afc.cat\/es\/activitat\/curso-biblioteca-de-lightroom\/","url":"https:\/\/afc.cat\/es\/activitat\/curso-biblioteca-de-lightroom\/","name":"Curso Biblioteca de Lightroom - Agrupació Fotogràfica de Catalunya","isPartOf":{"@id":"https:\/\/afc.cat\/es\/#website"},"datePublished":"2026-01-19T16:22:14+00:00","dateModified":"2026-02-04T22:58:00+00:00","breadcrumb":{"@id":"https:\/\/afc.cat\/es\/activitat\/curso-biblioteca-de-lightroom\/#breadcrumb"},"inLanguage":"es","potentialAction":[{"@type":"ReadAction","target":["https:\/\/afc.cat\/es\/activitat\/curso-biblioteca-de-lightroom\/"]}]},{"@type":"BreadcrumbList","@id":"https:\/\/afc.cat\/es\/activitat\/curso-biblioteca-de-lightroom\/#breadcrumb","itemListElement":[{"@type":"ListItem","position":1,"name":"Inicio","item":"https:\/\/afc.cat\/es\/"},{"@type":"ListItem","position":2,"name":"Curso Biblioteca de Lightroom"}]},{"@type":"WebSite","@id":"https:\/\/afc.cat\/es\/#website","url":"https:\/\/afc.cat\/es\/","name":"Agrupació Fotogràfica de Catalunya","description":"Fomento y divulgación de la fotografía en todas sus variedades","potentialAction":[{"@type":"SearchAction","target":{"@type":"EntryPoint","urlTemplate":"https:\/\/afc.cat\/es\/?s={search_term_string}"},"query-input":{"@type":"PropertyValueSpecification","valueRequired":true,"valueName":"search_term_string"}}],"inLanguage":"es"}]}</script>
<!-- / Yoast SEO plugin. -->

Curso Biblioteca de Lightroom - Agrupació Fotogràfica de Catalunya

Agrupació Fotogràfica de Catalunya

Fomento y divulgación de la fotografía en todas sus variedades
