{"id":46175,"date":"2026-02-09T20:56:36","date_gmt":"2026-02-09T18:56:36","guid":{"rendered":"https:\/\/afc.cat\/activitat\/el-meu-viatge-illes-lofoten-josep-soler-vendrell\/"},"modified":"2026-02-10T18:20:28","modified_gmt":"2026-02-10T16:20:28","slug":"mi-viaje-illes-lofoten-josep-soler-vendrell","status":"publish","type":"class","link":"https:\/\/afc.cat\/es\/activitat\/mi-viaje-illes-lofoten-josep-soler-vendrell\/","title":{"rendered":"Mi viaje \u00abILLES LOFOTEN\u00bb \/ Josep Soler Vendrell"},"content":{"rendered":"<div class=\"fusion-fullwidth fullwidth-box fusion-builder-row-1 fusion-flex-container nonhundred-percent-fullwidth non-hundred-percent-height-scrolling\" style=\"background-color: rgba(255,255,255,0);background-position: center center;background-repeat: no-repeat;border-width: 0px 15px 0px 0px;border-color:#ffffff;border-style:solid;\" ><div class=\"fusion-builder-row fusion-row fusion-flex-align-items-flex-start\" style=\"max-width:1300px;margin-left: calc(-4% \/ 2 );margin-right: calc(-4% \/ 2 );\"><div class=\"fusion-layout-column fusion_builder_column fusion-builder-column-0 fusion_builder_column_1_1 1_1 fusion-flex-column\"><div class=\"fusion-column-wrapper fusion-flex-justify-content-flex-start fusion-content-layout-column\" style=\"background-position:left top;background-repeat:no-repeat;-webkit-background-size:cover;-moz-background-size:cover;-o-background-size:cover;background-size:cover;padding: 0px 0px 0px 0px;\"><div class=\"fusion-text fusion-text-1\"><h2>Mi Viaje \u00abILLES LOFOTEN &#8211; ZONA NORD DE NORUEGA\u00bb \/ Josep Soler Vendrell<\/h2>\n<p><strong>CALENDARIO Y HORARIO<\/strong><\/p>\n<p>Donde: Agrupaci\u00f3 Fotogr\u00e1fica de Catalunya<\/p>\n<p>D\u00eda: mi\u00e9rcoles 25 de febrero del 2026 a las 18:00 h<\/p>\n<p>*Actividad mensual gratuita abierta a todo el mundo. No requiere inscripci\u00f3n previa.<\/p>\n<p>\u00abLa idea principal era lleva a cabo un viaje con dos personas, mi mujer y yo, y conocer las Islas\u00a0Lofoten,\u00a0a una latitud 71\u00b0 10\u00b4 sobre el c\u00edrculo Polar \u00c1rtico.<\/p>\n<p>Una vez estudiados los lugares a visitar y con la ayuda de la Agencia ALTAIR, contrat\u00e9 los vuelos, el transporte y los hoteles. El resto, lo contrat\u00e9 por cuenta propia.<\/p>\n<p>Se trataba de hacer un circuito de Este al Oeste, por las Islas Lofoten, en coche, ya que no comporta ning\u00fan problema.\u00a0 Imprescindible, un buen mapa con detalle.<\/p>\n<p>Son unas Islas que pr\u00e1cticamente, de finales de mayo a principios de junio el clima es muy soportable, no encuentras hielo, pero s\u00ed, unas cu\u00e1ntos operarios en obras y cuatro turistas. El \u00e1rea cultural es muy limitada, muchas iglesias est\u00e1n cerradas, la Catedral de las islas, s\u00f3lo abre por las tardes. Las zonas de recogida del bacalao, ya tienen demasiado trabajo y no est\u00e1n por los turistas. En cambio, en los restaurantes y lugares comerciales encuentras gente del sur de Am\u00e9rica y de Italia y todav\u00eda puedes mantener conversaci\u00f3n.<\/p>\n<p>Los nativos hablan en noruego y lo tienes dif\u00edcil, los j\u00f3venes hablan en ingl\u00e9s y noruego.<\/p>\n<p>Mediante las fotograf\u00edas que os expondr\u00e9,\u00a0 pretendo dar a conocer la <strong>belleza del lugar\u00bb.<\/strong><\/p>\n<p>Text i foto: \u00a9Josep Soler Vendrell.<\/p>\n<\/div><div ><style>.fusion-imageframe.imageframe-2{ margin-top : 30px;}<\/style><span class=\" fusion-imageframe imageframe-none imageframe-2 hover-type-none\"><img decoding=\"async\" width=\"510\" height=\"91\" title=\"cultura\" src=\"https:\/\/afc.cat\/wp-content\/uploads\/2021\/02\/logos-generalitat-ajuntament-bcn-3-2026.jpg\" alt class=\"img-responsive wp-image-46074\" srcset=\"https:\/\/afc.cat\/wp-content\/uploads\/2021\/02\/logos-generalitat-ajuntament-bcn-3-2026-200x36.jpg 200w, https:\/\/afc.cat\/wp-content\/uploads\/2021\/02\/logos-generalitat-ajuntament-bcn-3-2026-400x71.jpg 400w, https:\/\/afc.cat\/wp-content\/uploads\/2021\/02\/logos-generalitat-ajuntament-bcn-3-2026.jpg 510w\" sizes=\"(max-width: 640px) 100vw, 510px\" \/><\/span><\/div><div ><style>.fusion-imageframe.imageframe-3{ margin-top : 30px;}<\/style><span class=\" fusion-imageframe imageframe-none imageframe-3 hover-type-none\"><img decoding=\"async\" width=\"1024\" height=\"344\" title=\"esponsors-colaboradors &#8211; AFC- logos 2026\" src=\"https:\/\/afc.cat\/wp-content\/uploads\/2026\/02\/esponsors-colaboradors-AFC-logos-2026-1024x344.jpg\" alt class=\"img-responsive wp-image-46126\" srcset=\"https:\/\/afc.cat\/wp-content\/uploads\/2026\/02\/esponsors-colaboradors-AFC-logos-2026-200x67.jpg 200w, https:\/\/afc.cat\/wp-content\/uploads\/2026\/02\/esponsors-colaboradors-AFC-logos-2026-400x134.jpg 400w, https:\/\/afc.cat\/wp-content\/uploads\/2026\/02\/esponsors-colaboradors-AFC-logos-2026-600x202.jpg 600w, https:\/\/afc.cat\/wp-content\/uploads\/2026\/02\/esponsors-colaboradors-AFC-logos-2026-800x269.jpg 800w, https:\/\/afc.cat\/wp-content\/uploads\/2026\/02\/esponsors-colaboradors-AFC-logos-2026.jpg 1172w\" sizes=\"(max-width: 640px) 100vw, 1024px\" \/><\/span><\/div><\/div><style type=\"text\/css\">.fusion-body .fusion-builder-column-0{width:100% !important;margin-top : 0px;margin-bottom : 0px;}.fusion-builder-column-0 > .fusion-column-wrapper {padding-top : 0px !important;padding-right : 0px !important;margin-right : 1.92%;padding-bottom : 0px !important;padding-left : 0px !important;margin-left : 1.92%;}@media only screen and (max-width:1024px) {.fusion-body .fusion-builder-column-0{width:100% !important;}.fusion-builder-column-0 > .fusion-column-wrapper {margin-right : 1.92%;margin-left : 1.92%;}}@media only screen and (max-width:640px) {.fusion-body .fusion-builder-column-0{width:100% !important;}.fusion-builder-column-0 > .fusion-column-wrapper {margin-right : 1.92%;margin-left : 1.92%;}}<\/style><\/div><\/div><style type=\"text\/css\">.fusion-body .fusion-flex-container.fusion-builder-row-1{ padding-top : 0px;margin-top : 0px;padding-right : 0px;padding-bottom : 0px;margin-bottom : 0px;padding-left : 0px;}<\/style><\/div>\n","protected":false},"excerpt":{"rendered":"","protected":false},"template":"","meta":{"_acf_changed":false},"wcs-type":[692],"wcs-room":[131],"wcs-instructor":[270],"class_list":["post-46175","class","type-class","status-publish","hentry","wcs-type-naturaleza","wcs-room-agrupacio-fotografica-de-catalunya","wcs-instructor-josep-blanch"],"acf":[],"yoast_head":"<!-- This site is optimized with the Yoast SEO plugin v27.5 - https:\/\/yoast.com\/product\/yoast-seo-wordpress\/ -->\n<title>Mi viaje &quot;ILLES LOFOTEN&quot; \/ Josep Soler Vendrell - Agrupaci\u00f3 Fotogr\u00e0fica de Catalunya<\/title>\n<meta name=\"robots\" content=\"index, follow, max-snippet:-1, max-image-preview:large, max-video-preview:-1\" \/>\n<link rel=\"canonical\" href=\"https:\/\/afc.cat\/es\/activitat\/mi-viaje-illes-lofoten-josep-soler-vendrell\/\" \/>\n<meta property=\"og:locale\" content=\"es_ES\" \/>\n<meta property=\"og:type\" content=\"article\" \/>\n<meta property=\"og:title\" content=\"Mi viaje &quot;ILLES LOFOTEN&quot; \/ Josep Soler Vendrell - Agrupaci\u00f3 Fotogr\u00e0fica de Catalunya\" \/>\n<meta property=\"og:url\" content=\"https:\/\/afc.cat\/es\/activitat\/mi-viaje-illes-lofoten-josep-soler-vendrell\/\" \/>\n<meta property=\"og:site_name\" content=\"Agrupaci\u00f3 Fotogr\u00e0fica de Catalunya\" \/>\n<meta property=\"article:modified_time\" content=\"2026-02-10T16:20:28+00:00\" \/>\n<meta name=\"twitter:card\" content=\"summary_large_image\" \/>\n<meta name=\"twitter:label1\" content=\"Tiempo de lectura\" \/>\n\t<meta name=\"twitter:data1\" content=\"6 minutos\" \/>\n<script type=\"application\/ld+json\" class=\"yoast-schema-graph\">{\"@context\":\"https:\\\/\\\/schema.org\",\"@graph\":[{\"@type\":\"WebPage\",\"@id\":\"https:\\\/\\\/afc.cat\\\/es\\\/activitat\\\/mi-viaje-illes-lofoten-josep-soler-vendrell\\\/\",\"url\":\"https:\\\/\\\/afc.cat\\\/es\\\/activitat\\\/mi-viaje-illes-lofoten-josep-soler-vendrell\\\/\",\"name\":\"Mi viaje \\\"ILLES LOFOTEN\\\" \\\/ Josep Soler Vendrell - Agrupaci\u00f3 Fotogr\u00e0fica de Catalunya\",\"isPartOf\":{\"@id\":\"https:\\\/\\\/afc.cat\\\/es\\\/#website\"},\"datePublished\":\"2026-02-09T18:56:36+00:00\",\"dateModified\":\"2026-02-10T16:20:28+00:00\",\"breadcrumb\":{\"@id\":\"https:\\\/\\\/afc.cat\\\/es\\\/activitat\\\/mi-viaje-illes-lofoten-josep-soler-vendrell\\\/#breadcrumb\"},\"inLanguage\":\"es\",\"potentialAction\":[{\"@type\":\"ReadAction\",\"target\":[\"https:\\\/\\\/afc.cat\\\/es\\\/activitat\\\/mi-viaje-illes-lofoten-josep-soler-vendrell\\\/\"]}]},{\"@type\":\"BreadcrumbList\",\"@id\":\"https:\\\/\\\/afc.cat\\\/es\\\/activitat\\\/mi-viaje-illes-lofoten-josep-soler-vendrell\\\/#breadcrumb\",\"itemListElement\":[{\"@type\":\"ListItem\",\"position\":1,\"name\":\"Inicio\",\"item\":\"https:\\\/\\\/afc.cat\\\/es\\\/\"},{\"@type\":\"ListItem\",\"position\":2,\"name\":\"Mi viaje &#8220;ILLES LOFOTEN&#8221; \\\/ Josep Soler Vendrell\"}]},{\"@type\":\"WebSite\",\"@id\":\"https:\\\/\\\/afc.cat\\\/es\\\/#website\",\"url\":\"https:\\\/\\\/afc.cat\\\/es\\\/\",\"name\":\"Agrupaci\u00f3 Fotogr\u00e0fica de Catalunya\",\"description\":\"Fomento y divulgaci\u00f3n de la fotograf\u00eda en todas sus variedades\",\"potentialAction\":[{\"@type\":\"SearchAction\",\"target\":{\"@type\":\"EntryPoint\",\"urlTemplate\":\"https:\\\/\\\/afc.cat\\\/es\\\/?s={search_term_string}\"},\"query-input\":{\"@type\":\"PropertyValueSpecification\",\"valueRequired\":true,\"valueName\":\"search_term_string\"}}],\"inLanguage\":\"es\"}]}<\/script>\n<!-- \/ Yoast SEO plugin. -->","yoast_head_json":{"title":"Mi viaje \"ILLES LOFOTEN\" \/ Josep Soler Vendrell - Agrupaci\u00f3 Fotogr\u00e0fica de Catalunya","robots":{"index":"index","follow":"follow","max-snippet":"max-snippet:-1","max-image-preview":"max-image-preview:large","max-video-preview":"max-video-preview:-1"},"canonical":"https:\/\/afc.cat\/es\/activitat\/mi-viaje-illes-lofoten-josep-soler-vendrell\/","og_locale":"es_ES","og_type":"article","og_title":"Mi viaje \"ILLES LOFOTEN\" \/ Josep Soler Vendrell - Agrupaci\u00f3 Fotogr\u00e0fica de Catalunya","og_url":"https:\/\/afc.cat\/es\/activitat\/mi-viaje-illes-lofoten-josep-soler-vendrell\/","og_site_name":"Agrupaci\u00f3 Fotogr\u00e0fica de Catalunya","article_modified_time":"2026-02-10T16:20:28+00:00","twitter_card":"summary_large_image","twitter_misc":{"Tiempo de lectura":"6 minutos"},"schema":{"@context":"https:\/\/schema.org","@graph":[{"@type":"WebPage","@id":"https:\/\/afc.cat\/es\/activitat\/mi-viaje-illes-lofoten-josep-soler-vendrell\/","url":"https:\/\/afc.cat\/es\/activitat\/mi-viaje-illes-lofoten-josep-soler-vendrell\/","name":"Mi viaje \"ILLES LOFOTEN\" \/ Josep Soler Vendrell - Agrupaci\u00f3 Fotogr\u00e0fica de Catalunya","isPartOf":{"@id":"https:\/\/afc.cat\/es\/#website"},"datePublished":"2026-02-09T18:56:36+00:00","dateModified":"2026-02-10T16:20:28+00:00","breadcrumb":{"@id":"https:\/\/afc.cat\/es\/activitat\/mi-viaje-illes-lofoten-josep-soler-vendrell\/#breadcrumb"},"inLanguage":"es","potentialAction":[{"@type":"ReadAction","target":["https:\/\/afc.cat\/es\/activitat\/mi-viaje-illes-lofoten-josep-soler-vendrell\/"]}]},{"@type":"BreadcrumbList","@id":"https:\/\/afc.cat\/es\/activitat\/mi-viaje-illes-lofoten-josep-soler-vendrell\/#breadcrumb","itemListElement":[{"@type":"ListItem","position":1,"name":"Inicio","item":"https:\/\/afc.cat\/es\/"},{"@type":"ListItem","position":2,"name":"Mi viaje &#8220;ILLES LOFOTEN&#8221; \/ Josep Soler Vendrell"}]},{"@type":"WebSite","@id":"https:\/\/afc.cat\/es\/#website","url":"https:\/\/afc.cat\/es\/","name":"Agrupaci\u00f3 Fotogr\u00e0fica de Catalunya","description":"Fomento y divulgaci\u00f3n de la fotograf\u00eda en todas sus variedades","potentialAction":[{"@type":"SearchAction","target":{"@type":"EntryPoint","urlTemplate":"https:\/\/afc.cat\/es\/?s={search_term_string}"},"query-input":{"@type":"PropertyValueSpecification","valueRequired":true,"valueName":"search_term_string"}}],"inLanguage":"es"}]}},"_links":{"self":[{"href":"https:\/\/afc.cat\/es\/wp-json\/wp\/v2\/class\/46175","targetHints":{"allow":["GET"]}}],"collection":[{"href":"https:\/\/afc.cat\/es\/wp-json\/wp\/v2\/class"}],"about":[{"href":"https:\/\/afc.cat\/es\/wp-json\/wp\/v2\/types\/class"}],"wp:attachment":[{"href":"https:\/\/afc.cat\/es\/wp-json\/wp\/v2\/media?parent=46175"}],"wp:term":[{"taxonomy":"wcs-type","embeddable":true,"href":"https:\/\/afc.cat\/es\/wp-json\/wp\/v2\/wcs-type?post=46175"},{"taxonomy":"wcs-room","embeddable":true,"href":"https:\/\/afc.cat\/es\/wp-json\/wp\/v2\/wcs-room?post=46175"},{"taxonomy":"wcs-instructor","embeddable":true,"href":"https:\/\/afc.cat\/es\/wp-json\/wp\/v2\/wcs-instructor?post=46175"}],"curies":[{"name":"wp","href":"https:\/\/api.w.org\/{rel}","templated":true}]}}

<div class="fusion-fullwidth fullwidth-box fusion-builder-row-1 fusion-flex-container nonhundred-percent-fullwidth non-hundred-percent-height-scrolling" style="background-color: rgba(255,255,255,0);background-position: center center;background-repeat: no-repeat;border-width: 0px 15px 0px 0px;border-color:#ffffff;border-style:solid;" ><div class="fusion-builder-row fusion-row fusion-flex-align-items-flex-start" style="max-width:1300px;margin-left: calc(-4% / 2 );margin-right: calc(-4% / 2 );"><div class="fusion-layout-column fusion_builder_column fusion-builder-column-0 fusion_builder_column_1_1 1_1 fusion-flex-column"><div class="fusion-column-wrapper fusion-flex-justify-content-flex-start fusion-content-layout-column" style="background-position:left top;background-repeat:no-repeat;-webkit-background-size:cover;-moz-background-size:cover;-o-background-size:cover;background-size:cover;padding: 0px 0px 0px 0px;"><div class="fusion-text fusion-text-1"><h2>Mi Viaje «ILLES LOFOTEN &#8211; ZONA NORD DE NORUEGA» / Josep Soler Vendrell</h2>
<p><strong>CALENDARIO Y HORARIO</strong></p>
<p>Donde: Agrupació Fotográfica de Catalunya</p>
<p>Día: miércoles 25 de febrero del 2026 a las 18:00 h</p>
<p>*Actividad mensual gratuita abierta a todo el mundo. No requiere inscripción previa.</p>
<p>«La idea principal era lleva a cabo un viaje con dos personas, mi mujer y yo, y conocer las Islas Lofoten, a una latitud 71° 10´ sobre el círculo Polar Ártico.</p>
<p>Una vez estudiados los lugares a visitar y con la ayuda de la Agencia ALTAIR, contraté los vuelos, el transporte y los hoteles. El resto, lo contraté por cuenta propia.</p>
<p>Se trataba de hacer un circuito de Este al Oeste, por las Islas Lofoten, en coche, ya que no comporta ningún problema.  Imprescindible, un buen mapa con detalle.</p>
<p>Son unas Islas que prácticamente, de finales de mayo a principios de junio el clima es muy soportable, no encuentras hielo, pero sí, unas cuántos operarios en obras y cuatro turistas. El área cultural es muy limitada, muchas iglesias están cerradas, la Catedral de las islas, sólo abre por las tardes. Las zonas de recogida del bacalao, ya tienen demasiado trabajo y no están por los turistas. En cambio, en los restaurantes y lugares comerciales encuentras gente del sur de América y de Italia y todavía puedes mantener conversación.</p>
<p>Los nativos hablan en noruego y lo tienes difícil, los jóvenes hablan en inglés y noruego.</p>
<p>Mediante las fotografías que os expondré,  pretendo dar a conocer la <strong>belleza del lugar».</strong></p>
<p>Text i foto: ©Josep Soler Vendrell.</p>
</div><div ><style>.fusion-imageframe.imageframe-2{ margin-top : 30px;}</style><span class=" fusion-imageframe imageframe-none imageframe-2 hover-type-none"><img decoding="async" width="510" height="91" title="cultura" src="https://afc.cat/wp-content/uploads/2021/02/logos-generalitat-ajuntament-bcn-3-2026.jpg" alt class="img-responsive wp-image-46074" srcset="https://afc.cat/wp-content/uploads/2021/02/logos-generalitat-ajuntament-bcn-3-2026-200x36.jpg 200w, https://afc.cat/wp-content/uploads/2021/02/logos-generalitat-ajuntament-bcn-3-2026-400x71.jpg 400w, https://afc.cat/wp-content/uploads/2021/02/logos-generalitat-ajuntament-bcn-3-2026.jpg 510w" sizes="(max-width: 640px) 100vw, 510px" /></span></div><div ><style>.fusion-imageframe.imageframe-3{ margin-top : 30px;}</style><span class=" fusion-imageframe imageframe-none imageframe-3 hover-type-none"><img decoding="async" width="1024" height="344" title="esponsors-colaboradors &#8211; AFC- logos 2026" src="https://afc.cat/wp-content/uploads/2026/02/esponsors-colaboradors-AFC-logos-2026-1024x344.jpg" alt class="img-responsive wp-image-46126" srcset="https://afc.cat/wp-content/uploads/2026/02/esponsors-colaboradors-AFC-logos-2026-200x67.jpg 200w, https://afc.cat/wp-content/uploads/2026/02/esponsors-colaboradors-AFC-logos-2026-400x134.jpg 400w, https://afc.cat/wp-content/uploads/2026/02/esponsors-colaboradors-AFC-logos-2026-600x202.jpg 600w, https://afc.cat/wp-content/uploads/2026/02/esponsors-colaboradors-AFC-logos-2026-800x269.jpg 800w, https://afc.cat/wp-content/uploads/2026/02/esponsors-colaboradors-AFC-logos-2026.jpg 1172w" sizes="(max-width: 640px) 100vw, 1024px" /></span></div></div><style type="text/css">.fusion-body .fusion-builder-column-0{width:100% !important;margin-top : 0px;margin-bottom : 0px;}.fusion-builder-column-0 > .fusion-column-wrapper {padding-top : 0px !important;padding-right : 0px !important;margin-right : 1.92%;padding-bottom : 0px !important;padding-left : 0px !important;margin-left : 1.92%;}@media only screen and (max-width:1024px) {.fusion-body .fusion-builder-column-0{width:100% !important;}.fusion-builder-column-0 > .fusion-column-wrapper {margin-right : 1.92%;margin-left : 1.92%;}}@media only screen and (max-width:640px) {.fusion-body .fusion-builder-column-0{width:100% !important;}.fusion-builder-column-0 > .fusion-column-wrapper {margin-right : 1.92%;margin-left : 1.92%;}}</style></div></div><style type="text/css">.fusion-body .fusion-flex-container.fusion-builder-row-1{ padding-top : 0px;margin-top : 0px;padding-right : 0px;padding-bottom : 0px;margin-bottom : 0px;padding-left : 0px;}</style></div>

<!-- This site is optimized with the Yoast SEO plugin v27.5 - https://yoast.com/product/yoast-seo-wordpress/ -->
<title>Mi viaje &quot;ILLES LOFOTEN&quot; / Josep Soler Vendrell - Agrupació Fotogràfica de Catalunya</title>
<meta name="robots" content="index, follow, max-snippet:-1, max-image-preview:large, max-video-preview:-1" />
<link rel="canonical" href="https://afc.cat/es/activitat/mi-viaje-illes-lofoten-josep-soler-vendrell/" />
<meta property="og:locale" content="es_ES" />
<meta property="og:type" content="article" />
<meta property="og:title" content="Mi viaje &quot;ILLES LOFOTEN&quot; / Josep Soler Vendrell - Agrupació Fotogràfica de Catalunya" />
<meta property="og:url" content="https://afc.cat/es/activitat/mi-viaje-illes-lofoten-josep-soler-vendrell/" />
<meta property="og:site_name" content="Agrupació Fotogràfica de Catalunya" />
<meta property="article:modified_time" content="2026-02-10T16:20:28+00:00" />
<meta name="twitter:card" content="summary_large_image" />
<meta name="twitter:label1" content="Tiempo de lectura" />
	<meta name="twitter:data1" content="6 minutos" />
<script type="application/ld+json" class="yoast-schema-graph">{"@context":"https:\/\/schema.org","@graph":[{"@type":"WebPage","@id":"https:\/\/afc.cat\/es\/activitat\/mi-viaje-illes-lofoten-josep-soler-vendrell\/","url":"https:\/\/afc.cat\/es\/activitat\/mi-viaje-illes-lofoten-josep-soler-vendrell\/","name":"Mi viaje \"ILLES LOFOTEN\" \/ Josep Soler Vendrell - Agrupació Fotogràfica de Catalunya","isPartOf":{"@id":"https:\/\/afc.cat\/es\/#website"},"datePublished":"2026-02-09T18:56:36+00:00","dateModified":"2026-02-10T16:20:28+00:00","breadcrumb":{"@id":"https:\/\/afc.cat\/es\/activitat\/mi-viaje-illes-lofoten-josep-soler-vendrell\/#breadcrumb"},"inLanguage":"es","potentialAction":[{"@type":"ReadAction","target":["https:\/\/afc.cat\/es\/activitat\/mi-viaje-illes-lofoten-josep-soler-vendrell\/"]}]},{"@type":"BreadcrumbList","@id":"https:\/\/afc.cat\/es\/activitat\/mi-viaje-illes-lofoten-josep-soler-vendrell\/#breadcrumb","itemListElement":[{"@type":"ListItem","position":1,"name":"Inicio","item":"https:\/\/afc.cat\/es\/"},{"@type":"ListItem","position":2,"name":"Mi viaje &#8220;ILLES LOFOTEN&#8221; \/ Josep Soler Vendrell"}]},{"@type":"WebSite","@id":"https:\/\/afc.cat\/es\/#website","url":"https:\/\/afc.cat\/es\/","name":"Agrupació Fotogràfica de Catalunya","description":"Fomento y divulgación de la fotografía en todas sus variedades","potentialAction":[{"@type":"SearchAction","target":{"@type":"EntryPoint","urlTemplate":"https:\/\/afc.cat\/es\/?s={search_term_string}"},"query-input":{"@type":"PropertyValueSpecification","valueRequired":true,"valueName":"search_term_string"}}],"inLanguage":"es"}]}</script>
<!-- / Yoast SEO plugin. -->

Mi viaje "ILLES LOFOTEN" / Josep Soler Vendrell - Agrupació Fotogràfica de Catalunya

Agrupació Fotogràfica de Catalunya

Fomento y divulgación de la fotografía en todas sus variedades
