{"id":46507,"date":"2026-03-06T18:34:00","date_gmt":"2026-03-06T16:34:00","guid":{"rendered":"https:\/\/afc.cat\/activitat\/crea-la-teva-web-de-fotos-jacint-guiteras-i-maxim-poncela\/"},"modified":"2026-03-10T19:33:46","modified_gmt":"2026-03-10T17:33:46","slug":"crea-tu-web-de-fotos-jacint-guiteras-y-maxim-poncela","status":"publish","type":"class","link":"https:\/\/afc.cat\/es\/activitat\/crea-tu-web-de-fotos-jacint-guiteras-y-maxim-poncela\/","title":{"rendered":"Crea tu web de fotos. Jacint Guiteras y M\u00e0xim Poncela"},"content":{"rendered":"<div class=\"fusion-fullwidth fullwidth-box fusion-builder-row-1 fusion-flex-container nonhundred-percent-fullwidth non-hundred-percent-height-scrolling\" style=\"background-color: rgba(255,255,255,0);background-position: center center;background-repeat: no-repeat;border-width: 0px 15px 0px 0px;border-color:#ffffff;border-style:solid;\" ><div class=\"fusion-builder-row fusion-row fusion-flex-align-items-flex-start\" style=\"max-width:1300px;margin-left: calc(-4% \/ 2 );margin-right: calc(-4% \/ 2 );\"><div class=\"fusion-layout-column fusion_builder_column fusion-builder-column-0 fusion_builder_column_1_1 1_1 fusion-flex-column\"><div class=\"fusion-column-wrapper fusion-flex-justify-content-flex-start fusion-content-layout-column\" style=\"background-position:left top;background-repeat:no-repeat;-webkit-background-size:cover;-moz-background-size:cover;-o-background-size:cover;background-size:cover;padding: 0px 0px 0px 0px;\"><div class=\"fusion-text fusion-text-1\"><h2>Taller gratuito Crea tu web de fotos<\/h2>\n<h3>An\u00edmate a dar el salto y crea un espacio propio donde tus im\u00e1genes puedan brillar. \u00bfQui\u00e9n sabe a cu\u00e1ntas personas puedes inspirar?<\/h3>\n<p>\u00bfTe gustar\u00eda tener tu propia p\u00e1gina web para mostrar tus fotograf\u00edas en el mundo? Sab\u00edas que tu suscripci\u00f3n en Adobe Creative Cloud incluye, sin coste adicional, una herramienta para crearla de forma sencilla y profesional?<\/p>\n<p>En este taller descubrir\u00e1s como dise\u00f1ar, estructurar y publicar tu dosier fotogr\u00e1fico en l\u00ednea, paso a paso. No necesitas conocimientos previos: solo ganas de aprender, experimentar y dar m\u00e1s visibilidad a tu trabajo.<\/p>\n<p><strong>CALENDARIO Y HORARIO\u00a0<\/strong><\/p>\n<p>Jueves 26 de marzo del 2026 a las 18:00 h.<\/p>\n<p>Formato presencial en la sede de la\u00a0AFC.<\/p>\n<p>Impartido por Jacint Guiteras y M\u00e1ximo Poncela.<\/p>\n<p>*No requiere inscripci\u00f3n previa. Entrada libre hasta completar aforo.<\/p>\n<\/div><div ><style>.fusion-imageframe.imageframe-2{ margin-top : 30px;}<\/style><span class=\" fusion-imageframe imageframe-none imageframe-2 hover-type-none\"><img decoding=\"async\" width=\"510\" height=\"91\" title=\"cultura\" src=\"https:\/\/afc.cat\/wp-content\/uploads\/2021\/02\/logos-generalitat-ajuntament-bcn-3-2026.jpg\" alt class=\"img-responsive wp-image-46074\" srcset=\"https:\/\/afc.cat\/wp-content\/uploads\/2021\/02\/logos-generalitat-ajuntament-bcn-3-2026-200x36.jpg 200w, https:\/\/afc.cat\/wp-content\/uploads\/2021\/02\/logos-generalitat-ajuntament-bcn-3-2026-400x71.jpg 400w, https:\/\/afc.cat\/wp-content\/uploads\/2021\/02\/logos-generalitat-ajuntament-bcn-3-2026.jpg 510w\" sizes=\"(max-width: 640px) 100vw, 510px\" \/><\/span><\/div><div ><style>.fusion-imageframe.imageframe-3{ margin-top : 30px;}<\/style><span class=\" fusion-imageframe imageframe-none imageframe-3 hover-type-none\"><img decoding=\"async\" width=\"1024\" height=\"344\" title=\"esponsors-colaboradors-AFC-logos-03-2026\" src=\"https:\/\/afc.cat\/wp-content\/uploads\/2026\/03\/esponsors-colaboradors-AFC-logos-03-2026-1024x344.jpg\" alt class=\"img-responsive wp-image-46481\" srcset=\"https:\/\/afc.cat\/wp-content\/uploads\/2026\/03\/esponsors-colaboradors-AFC-logos-03-2026-200x67.jpg 200w, https:\/\/afc.cat\/wp-content\/uploads\/2026\/03\/esponsors-colaboradors-AFC-logos-03-2026-400x134.jpg 400w, https:\/\/afc.cat\/wp-content\/uploads\/2026\/03\/esponsors-colaboradors-AFC-logos-03-2026-600x202.jpg 600w, https:\/\/afc.cat\/wp-content\/uploads\/2026\/03\/esponsors-colaboradors-AFC-logos-03-2026-800x269.jpg 800w, https:\/\/afc.cat\/wp-content\/uploads\/2026\/03\/esponsors-colaboradors-AFC-logos-03-2026.jpg 1172w\" sizes=\"(max-width: 640px) 100vw, 1024px\" \/><\/span><\/div><\/div><style type=\"text\/css\">.fusion-body .fusion-builder-column-0{width:100% !important;margin-top : 0px;margin-bottom : 0px;}.fusion-builder-column-0 > .fusion-column-wrapper {padding-top : 0px !important;padding-right : 0px !important;margin-right : 1.92%;padding-bottom : 0px !important;padding-left : 0px !important;margin-left : 1.92%;}@media only screen and (max-width:1024px) {.fusion-body .fusion-builder-column-0{width:100% !important;}.fusion-builder-column-0 > .fusion-column-wrapper {margin-right : 1.92%;margin-left : 1.92%;}}@media only screen and (max-width:640px) {.fusion-body .fusion-builder-column-0{width:100% !important;}.fusion-builder-column-0 > .fusion-column-wrapper {margin-right : 1.92%;margin-left : 1.92%;}}<\/style><\/div><\/div><style type=\"text\/css\">.fusion-body .fusion-flex-container.fusion-builder-row-1{ padding-top : 0px;margin-top : 0px;padding-right : 0px;padding-bottom : 0px;margin-bottom : 0px;padding-left : 0px;}<\/style><\/div>\n","protected":false},"excerpt":{"rendered":"","protected":false},"template":"","meta":{"_acf_changed":false},"wcs-type":[118],"wcs-room":[131],"wcs-instructor":[230,342],"class_list":["post-46507","class","type-class","status-publish","hentry","wcs-type-taller-es","wcs-room-agrupacio-fotografica-de-catalunya","wcs-instructor-jacint-guiteras","wcs-instructor-maxim-poncela"],"acf":[],"yoast_head":"<!-- This site is optimized with the Yoast SEO plugin v27.5 - https:\/\/yoast.com\/product\/yoast-seo-wordpress\/ -->\n<title>Crea tu web de fotos. Jacint Guiteras y M\u00e0xim Poncela - Agrupaci\u00f3 Fotogr\u00e0fica de Catalunya<\/title>\n<meta name=\"robots\" content=\"index, follow, max-snippet:-1, max-image-preview:large, max-video-preview:-1\" \/>\n<link rel=\"canonical\" href=\"https:\/\/afc.cat\/es\/activitat\/crea-tu-web-de-fotos-jacint-guiteras-y-maxim-poncela\/\" \/>\n<meta property=\"og:locale\" content=\"es_ES\" \/>\n<meta property=\"og:type\" content=\"article\" \/>\n<meta property=\"og:title\" content=\"Crea tu web de fotos. Jacint Guiteras y M\u00e0xim Poncela - Agrupaci\u00f3 Fotogr\u00e0fica de Catalunya\" \/>\n<meta property=\"og:url\" content=\"https:\/\/afc.cat\/es\/activitat\/crea-tu-web-de-fotos-jacint-guiteras-y-maxim-poncela\/\" \/>\n<meta property=\"og:site_name\" content=\"Agrupaci\u00f3 Fotogr\u00e0fica de Catalunya\" \/>\n<meta property=\"article:modified_time\" content=\"2026-03-10T17:33:46+00:00\" \/>\n<meta name=\"twitter:card\" content=\"summary_large_image\" \/>\n<meta name=\"twitter:label1\" content=\"Tiempo de lectura\" \/>\n\t<meta name=\"twitter:data1\" content=\"6 minutos\" \/>\n<script type=\"application\/ld+json\" class=\"yoast-schema-graph\">{\"@context\":\"https:\\\/\\\/schema.org\",\"@graph\":[{\"@type\":\"WebPage\",\"@id\":\"https:\\\/\\\/afc.cat\\\/es\\\/activitat\\\/crea-tu-web-de-fotos-jacint-guiteras-y-maxim-poncela\\\/\",\"url\":\"https:\\\/\\\/afc.cat\\\/es\\\/activitat\\\/crea-tu-web-de-fotos-jacint-guiteras-y-maxim-poncela\\\/\",\"name\":\"Crea tu web de fotos. Jacint Guiteras y M\u00e0xim Poncela - Agrupaci\u00f3 Fotogr\u00e0fica de Catalunya\",\"isPartOf\":{\"@id\":\"https:\\\/\\\/afc.cat\\\/es\\\/#website\"},\"datePublished\":\"2026-03-06T16:34:00+00:00\",\"dateModified\":\"2026-03-10T17:33:46+00:00\",\"breadcrumb\":{\"@id\":\"https:\\\/\\\/afc.cat\\\/es\\\/activitat\\\/crea-tu-web-de-fotos-jacint-guiteras-y-maxim-poncela\\\/#breadcrumb\"},\"inLanguage\":\"es\",\"potentialAction\":[{\"@type\":\"ReadAction\",\"target\":[\"https:\\\/\\\/afc.cat\\\/es\\\/activitat\\\/crea-tu-web-de-fotos-jacint-guiteras-y-maxim-poncela\\\/\"]}]},{\"@type\":\"BreadcrumbList\",\"@id\":\"https:\\\/\\\/afc.cat\\\/es\\\/activitat\\\/crea-tu-web-de-fotos-jacint-guiteras-y-maxim-poncela\\\/#breadcrumb\",\"itemListElement\":[{\"@type\":\"ListItem\",\"position\":1,\"name\":\"Inicio\",\"item\":\"https:\\\/\\\/afc.cat\\\/es\\\/\"},{\"@type\":\"ListItem\",\"position\":2,\"name\":\"Crea tu web de fotos. Jacint Guiteras y M\u00e0xim Poncela\"}]},{\"@type\":\"WebSite\",\"@id\":\"https:\\\/\\\/afc.cat\\\/es\\\/#website\",\"url\":\"https:\\\/\\\/afc.cat\\\/es\\\/\",\"name\":\"Agrupaci\u00f3 Fotogr\u00e0fica de Catalunya\",\"description\":\"Fomento y divulgaci\u00f3n de la fotograf\u00eda en todas sus variedades\",\"potentialAction\":[{\"@type\":\"SearchAction\",\"target\":{\"@type\":\"EntryPoint\",\"urlTemplate\":\"https:\\\/\\\/afc.cat\\\/es\\\/?s={search_term_string}\"},\"query-input\":{\"@type\":\"PropertyValueSpecification\",\"valueRequired\":true,\"valueName\":\"search_term_string\"}}],\"inLanguage\":\"es\"}]}<\/script>\n<!-- \/ Yoast SEO plugin. -->","yoast_head_json":{"title":"Crea tu web de fotos. Jacint Guiteras y M\u00e0xim Poncela - Agrupaci\u00f3 Fotogr\u00e0fica de Catalunya","robots":{"index":"index","follow":"follow","max-snippet":"max-snippet:-1","max-image-preview":"max-image-preview:large","max-video-preview":"max-video-preview:-1"},"canonical":"https:\/\/afc.cat\/es\/activitat\/crea-tu-web-de-fotos-jacint-guiteras-y-maxim-poncela\/","og_locale":"es_ES","og_type":"article","og_title":"Crea tu web de fotos. Jacint Guiteras y M\u00e0xim Poncela - Agrupaci\u00f3 Fotogr\u00e0fica de Catalunya","og_url":"https:\/\/afc.cat\/es\/activitat\/crea-tu-web-de-fotos-jacint-guiteras-y-maxim-poncela\/","og_site_name":"Agrupaci\u00f3 Fotogr\u00e0fica de Catalunya","article_modified_time":"2026-03-10T17:33:46+00:00","twitter_card":"summary_large_image","twitter_misc":{"Tiempo de lectura":"6 minutos"},"schema":{"@context":"https:\/\/schema.org","@graph":[{"@type":"WebPage","@id":"https:\/\/afc.cat\/es\/activitat\/crea-tu-web-de-fotos-jacint-guiteras-y-maxim-poncela\/","url":"https:\/\/afc.cat\/es\/activitat\/crea-tu-web-de-fotos-jacint-guiteras-y-maxim-poncela\/","name":"Crea tu web de fotos. Jacint Guiteras y M\u00e0xim Poncela - Agrupaci\u00f3 Fotogr\u00e0fica de Catalunya","isPartOf":{"@id":"https:\/\/afc.cat\/es\/#website"},"datePublished":"2026-03-06T16:34:00+00:00","dateModified":"2026-03-10T17:33:46+00:00","breadcrumb":{"@id":"https:\/\/afc.cat\/es\/activitat\/crea-tu-web-de-fotos-jacint-guiteras-y-maxim-poncela\/#breadcrumb"},"inLanguage":"es","potentialAction":[{"@type":"ReadAction","target":["https:\/\/afc.cat\/es\/activitat\/crea-tu-web-de-fotos-jacint-guiteras-y-maxim-poncela\/"]}]},{"@type":"BreadcrumbList","@id":"https:\/\/afc.cat\/es\/activitat\/crea-tu-web-de-fotos-jacint-guiteras-y-maxim-poncela\/#breadcrumb","itemListElement":[{"@type":"ListItem","position":1,"name":"Inicio","item":"https:\/\/afc.cat\/es\/"},{"@type":"ListItem","position":2,"name":"Crea tu web de fotos. Jacint Guiteras y M\u00e0xim Poncela"}]},{"@type":"WebSite","@id":"https:\/\/afc.cat\/es\/#website","url":"https:\/\/afc.cat\/es\/","name":"Agrupaci\u00f3 Fotogr\u00e0fica de Catalunya","description":"Fomento y divulgaci\u00f3n de la fotograf\u00eda en todas sus variedades","potentialAction":[{"@type":"SearchAction","target":{"@type":"EntryPoint","urlTemplate":"https:\/\/afc.cat\/es\/?s={search_term_string}"},"query-input":{"@type":"PropertyValueSpecification","valueRequired":true,"valueName":"search_term_string"}}],"inLanguage":"es"}]}},"_links":{"self":[{"href":"https:\/\/afc.cat\/es\/wp-json\/wp\/v2\/class\/46507","targetHints":{"allow":["GET"]}}],"collection":[{"href":"https:\/\/afc.cat\/es\/wp-json\/wp\/v2\/class"}],"about":[{"href":"https:\/\/afc.cat\/es\/wp-json\/wp\/v2\/types\/class"}],"wp:attachment":[{"href":"https:\/\/afc.cat\/es\/wp-json\/wp\/v2\/media?parent=46507"}],"wp:term":[{"taxonomy":"wcs-type","embeddable":true,"href":"https:\/\/afc.cat\/es\/wp-json\/wp\/v2\/wcs-type?post=46507"},{"taxonomy":"wcs-room","embeddable":true,"href":"https:\/\/afc.cat\/es\/wp-json\/wp\/v2\/wcs-room?post=46507"},{"taxonomy":"wcs-instructor","embeddable":true,"href":"https:\/\/afc.cat\/es\/wp-json\/wp\/v2\/wcs-instructor?post=46507"}],"curies":[{"name":"wp","href":"https:\/\/api.w.org\/{rel}","templated":true}]}}

Crea tu web de fotos. Jacint Guiteras y Màxim Poncela

<div class="fusion-fullwidth fullwidth-box fusion-builder-row-1 fusion-flex-container nonhundred-percent-fullwidth non-hundred-percent-height-scrolling" style="background-color: rgba(255,255,255,0);background-position: center center;background-repeat: no-repeat;border-width: 0px 15px 0px 0px;border-color:#ffffff;border-style:solid;" ><div class="fusion-builder-row fusion-row fusion-flex-align-items-flex-start" style="max-width:1300px;margin-left: calc(-4% / 2 );margin-right: calc(-4% / 2 );"><div class="fusion-layout-column fusion_builder_column fusion-builder-column-0 fusion_builder_column_1_1 1_1 fusion-flex-column"><div class="fusion-column-wrapper fusion-flex-justify-content-flex-start fusion-content-layout-column" style="background-position:left top;background-repeat:no-repeat;-webkit-background-size:cover;-moz-background-size:cover;-o-background-size:cover;background-size:cover;padding: 0px 0px 0px 0px;"><div class="fusion-text fusion-text-1"><h2>Taller gratuito Crea tu web de fotos</h2>
<h3>Anímate a dar el salto y crea un espacio propio donde tus imágenes puedan brillar. ¿Quién sabe a cuántas personas puedes inspirar?</h3>
<p>¿Te gustaría tener tu propia página web para mostrar tus fotografías en el mundo? Sabías que tu suscripción en Adobe Creative Cloud incluye, sin coste adicional, una herramienta para crearla de forma sencilla y profesional?</p>
<p>En este taller descubrirás como diseñar, estructurar y publicar tu dosier fotográfico en línea, paso a paso. No necesitas conocimientos previos: solo ganas de aprender, experimentar y dar más visibilidad a tu trabajo.</p>
<p><strong>CALENDARIO Y HORARIO </strong></p>
<p>Jueves 26 de marzo del 2026 a las 18:00 h.</p>
<p>Formato presencial en la sede de la AFC.</p>
<p>Impartido por Jacint Guiteras y Máximo Poncela.</p>
<p>*No requiere inscripción previa. Entrada libre hasta completar aforo.</p>
</div><div ><style>.fusion-imageframe.imageframe-2{ margin-top : 30px;}</style><span class=" fusion-imageframe imageframe-none imageframe-2 hover-type-none"><img decoding="async" width="510" height="91" title="cultura" src="https://afc.cat/wp-content/uploads/2021/02/logos-generalitat-ajuntament-bcn-3-2026.jpg" alt class="img-responsive wp-image-46074" srcset="https://afc.cat/wp-content/uploads/2021/02/logos-generalitat-ajuntament-bcn-3-2026-200x36.jpg 200w, https://afc.cat/wp-content/uploads/2021/02/logos-generalitat-ajuntament-bcn-3-2026-400x71.jpg 400w, https://afc.cat/wp-content/uploads/2021/02/logos-generalitat-ajuntament-bcn-3-2026.jpg 510w" sizes="(max-width: 640px) 100vw, 510px" /></span></div><div ><style>.fusion-imageframe.imageframe-3{ margin-top : 30px;}</style><span class=" fusion-imageframe imageframe-none imageframe-3 hover-type-none"><img decoding="async" width="1024" height="344" title="esponsors-colaboradors-AFC-logos-03-2026" src="https://afc.cat/wp-content/uploads/2026/03/esponsors-colaboradors-AFC-logos-03-2026-1024x344.jpg" alt class="img-responsive wp-image-46481" srcset="https://afc.cat/wp-content/uploads/2026/03/esponsors-colaboradors-AFC-logos-03-2026-200x67.jpg 200w, https://afc.cat/wp-content/uploads/2026/03/esponsors-colaboradors-AFC-logos-03-2026-400x134.jpg 400w, https://afc.cat/wp-content/uploads/2026/03/esponsors-colaboradors-AFC-logos-03-2026-600x202.jpg 600w, https://afc.cat/wp-content/uploads/2026/03/esponsors-colaboradors-AFC-logos-03-2026-800x269.jpg 800w, https://afc.cat/wp-content/uploads/2026/03/esponsors-colaboradors-AFC-logos-03-2026.jpg 1172w" sizes="(max-width: 640px) 100vw, 1024px" /></span></div></div><style type="text/css">.fusion-body .fusion-builder-column-0{width:100% !important;margin-top : 0px;margin-bottom : 0px;}.fusion-builder-column-0 > .fusion-column-wrapper {padding-top : 0px !important;padding-right : 0px !important;margin-right : 1.92%;padding-bottom : 0px !important;padding-left : 0px !important;margin-left : 1.92%;}@media only screen and (max-width:1024px) {.fusion-body .fusion-builder-column-0{width:100% !important;}.fusion-builder-column-0 > .fusion-column-wrapper {margin-right : 1.92%;margin-left : 1.92%;}}@media only screen and (max-width:640px) {.fusion-body .fusion-builder-column-0{width:100% !important;}.fusion-builder-column-0 > .fusion-column-wrapper {margin-right : 1.92%;margin-left : 1.92%;}}</style></div></div><style type="text/css">.fusion-body .fusion-flex-container.fusion-builder-row-1{ padding-top : 0px;margin-top : 0px;padding-right : 0px;padding-bottom : 0px;margin-bottom : 0px;padding-left : 0px;}</style></div>

<!-- This site is optimized with the Yoast SEO plugin v27.5 - https://yoast.com/product/yoast-seo-wordpress/ -->
<title>Crea tu web de fotos. Jacint Guiteras y Màxim Poncela - Agrupació Fotogràfica de Catalunya</title>
<meta name="robots" content="index, follow, max-snippet:-1, max-image-preview:large, max-video-preview:-1" />
<link rel="canonical" href="https://afc.cat/es/activitat/crea-tu-web-de-fotos-jacint-guiteras-y-maxim-poncela/" />
<meta property="og:locale" content="es_ES" />
<meta property="og:type" content="article" />
<meta property="og:title" content="Crea tu web de fotos. Jacint Guiteras y Màxim Poncela - Agrupació Fotogràfica de Catalunya" />
<meta property="og:url" content="https://afc.cat/es/activitat/crea-tu-web-de-fotos-jacint-guiteras-y-maxim-poncela/" />
<meta property="og:site_name" content="Agrupació Fotogràfica de Catalunya" />
<meta property="article:modified_time" content="2026-03-10T17:33:46+00:00" />
<meta name="twitter:card" content="summary_large_image" />
<meta name="twitter:label1" content="Tiempo de lectura" />
	<meta name="twitter:data1" content="6 minutos" />
<script type="application/ld+json" class="yoast-schema-graph">{"@context":"https:\/\/schema.org","@graph":[{"@type":"WebPage","@id":"https:\/\/afc.cat\/es\/activitat\/crea-tu-web-de-fotos-jacint-guiteras-y-maxim-poncela\/","url":"https:\/\/afc.cat\/es\/activitat\/crea-tu-web-de-fotos-jacint-guiteras-y-maxim-poncela\/","name":"Crea tu web de fotos. Jacint Guiteras y Màxim Poncela - Agrupació Fotogràfica de Catalunya","isPartOf":{"@id":"https:\/\/afc.cat\/es\/#website"},"datePublished":"2026-03-06T16:34:00+00:00","dateModified":"2026-03-10T17:33:46+00:00","breadcrumb":{"@id":"https:\/\/afc.cat\/es\/activitat\/crea-tu-web-de-fotos-jacint-guiteras-y-maxim-poncela\/#breadcrumb"},"inLanguage":"es","potentialAction":[{"@type":"ReadAction","target":["https:\/\/afc.cat\/es\/activitat\/crea-tu-web-de-fotos-jacint-guiteras-y-maxim-poncela\/"]}]},{"@type":"BreadcrumbList","@id":"https:\/\/afc.cat\/es\/activitat\/crea-tu-web-de-fotos-jacint-guiteras-y-maxim-poncela\/#breadcrumb","itemListElement":[{"@type":"ListItem","position":1,"name":"Inicio","item":"https:\/\/afc.cat\/es\/"},{"@type":"ListItem","position":2,"name":"Crea tu web de fotos. Jacint Guiteras y Màxim Poncela"}]},{"@type":"WebSite","@id":"https:\/\/afc.cat\/es\/#website","url":"https:\/\/afc.cat\/es\/","name":"Agrupació Fotogràfica de Catalunya","description":"Fomento y divulgación de la fotografía en todas sus variedades","potentialAction":[{"@type":"SearchAction","target":{"@type":"EntryPoint","urlTemplate":"https:\/\/afc.cat\/es\/?s={search_term_string}"},"query-input":{"@type":"PropertyValueSpecification","valueRequired":true,"valueName":"search_term_string"}}],"inLanguage":"es"}]}</script>
<!-- / Yoast SEO plugin. -->

Crea tu web de fotos. Jacint Guiteras y Màxim Poncela - Agrupació Fotogràfica de Catalunya

Agrupació Fotogràfica de Catalunya

Fomento y divulgación de la fotografía en todas sus variedades
