{"id":46693,"date":"2026-03-26T18:41:51","date_gmt":"2026-03-26T16:41:51","guid":{"rendered":"https:\/\/afc.cat\/activitat\/taller-xerrada-fotografia-de-fauna-salvatge-albert-maso\/"},"modified":"2026-03-26T19:50:20","modified_gmt":"2026-03-26T17:50:20","slug":"taller-charla-fotografia-de-fauna-salvaje-albert-maso","status":"publish","type":"class","link":"https:\/\/afc.cat\/es\/activitat\/taller-charla-fotografia-de-fauna-salvaje-albert-maso\/","title":{"rendered":"Taller-charla Fotograf\u00eda de fauna salvaje. Albert Mas\u00f3"},"content":{"rendered":"<div class=\"fusion-fullwidth fullwidth-box fusion-builder-row-1 fusion-flex-container nonhundred-percent-fullwidth non-hundred-percent-height-scrolling\" style=\"background-color: rgba(255,255,255,0);background-position: center center;background-repeat: no-repeat;border-width: 0px 15px 0px 0px;border-color:#ffffff;border-style:solid;\" ><div class=\"fusion-builder-row fusion-row fusion-flex-align-items-flex-start\" style=\"max-width:1300px;margin-left: calc(-4% \/ 2 );margin-right: calc(-4% \/ 2 );\"><div class=\"fusion-layout-column fusion_builder_column fusion-builder-column-0 fusion_builder_column_1_1 1_1 fusion-flex-column\"><div class=\"fusion-column-wrapper fusion-flex-justify-content-flex-start fusion-content-layout-column\" style=\"background-position:left top;background-repeat:no-repeat;-webkit-background-size:cover;-moz-background-size:cover;-o-background-size:cover;background-size:cover;padding: 0px 0px 0px 0px;\"><div class=\"fusion-text fusion-text-1\"><h2>Taller-charla gratuita FOTOGRAF\u00cdA DE FAUNA SALVAJE. Captar animales en libertad<\/h2>\n<h2>Albert Mas\u00f3<\/h2>\n<p>Actividad formativa de acceso libre dirigida a todo el mundo con inter\u00e9s en esta disciplina fotogr\u00e1fica de natura<\/p>\n<p>Los participantes en este taller-charla podr\u00e1n aprender modalidades, procedimientos, y t\u00e9cnicas m\u00e1s adecuados para capturarla con calidad.<\/p>\n<p><strong>CALENDARIO Y HORARIO<\/strong><\/p>\n<p>lugar: Agrupaci\u00f3 Fotogr\u00e0fica de Catalunya. Del Duc 14, pral. Barcelona<\/p>\n<p>D\u00eda: mi\u00e9rcoles 15 de abril del 2026 de 18:30-20:30 h.<\/p>\n<p>*Entrada libre hasta completar aforo.<\/p>\n<p><strong>\u00a0Albert Mas\u00f3<\/strong><\/p>\n<p>Bi\u00f3logo, Dr. en Ecolog\u00eda y Evoluci\u00f3n, autor de libros sobre aves, anfibios, reptiles, mariposas, etc. fot\u00f3grafo de Natura, gu\u00eda de safaris y asesor cient\u00edfico de National Geographic.<\/p>\n<p>Al final intervendr\u00e1n\u00a0Gerald\u00a0Barraud\u00a0y\u00a0Octavian\u00a0Nedea.<\/p>\n<p>Objetivo de la formaci\u00f3n: Aprender el material fotogr\u00e1fico necesario para la fotograf\u00eda de Fauna, los procedimientos y t\u00e9cnicas m\u00e1s adecuados y las modalidades: el\u00a0phototrekking, los\u00a0hides\u00a0y los safaris.<\/p>\n<p><strong>Contenido o temario<\/strong><\/p>\n<p>Caracter\u00edsticas generales y material necesario.<br \/>\nC\u00e1maras r\u00e9flex y\u00a0mirrorless.<br \/>\nEl teleobjetivo ideal.\u00a0Teleconvertidors\u00a0y complementos \u00fatiles.<br \/>\nEl autofoco: modalidades id\u00f3neas a cada caso.<br \/>\nFotograf\u00eda de seguimiento (phototrekking).<br \/>\nFotograf\u00eda al acecho (hides).<br \/>\nEl safari fotogr\u00e1fico: modalidades.<br \/>\nEjemplos: Namibia,\u00a0Masai\u00a0Mara, Zambia, India y Tanzania.<\/p>\n<\/div><div ><style>.fusion-imageframe.imageframe-2{ margin-top : 30px;}<\/style><span class=\" fusion-imageframe imageframe-none imageframe-2 hover-type-none\"><img decoding=\"async\" width=\"510\" height=\"91\" title=\"cultura\" src=\"https:\/\/afc.cat\/wp-content\/uploads\/2021\/02\/logos-generalitat-ajuntament-bcn-3-2026.jpg\" alt class=\"img-responsive wp-image-46074\" srcset=\"https:\/\/afc.cat\/wp-content\/uploads\/2021\/02\/logos-generalitat-ajuntament-bcn-3-2026-200x36.jpg 200w, https:\/\/afc.cat\/wp-content\/uploads\/2021\/02\/logos-generalitat-ajuntament-bcn-3-2026-400x71.jpg 400w, https:\/\/afc.cat\/wp-content\/uploads\/2021\/02\/logos-generalitat-ajuntament-bcn-3-2026.jpg 510w\" sizes=\"(max-width: 640px) 100vw, 510px\" \/><\/span><\/div><div ><style>.fusion-imageframe.imageframe-3{ margin-top : 30px;}<\/style><span class=\" fusion-imageframe imageframe-none imageframe-3 hover-type-none\"><img decoding=\"async\" width=\"1024\" height=\"344\" title=\"esponsors-colaboradors-AFC-logos-03-2026\" src=\"https:\/\/afc.cat\/wp-content\/uploads\/2026\/03\/esponsors-colaboradors-AFC-logos-03-2026-1024x344.jpg\" alt class=\"img-responsive wp-image-46481\" srcset=\"https:\/\/afc.cat\/wp-content\/uploads\/2026\/03\/esponsors-colaboradors-AFC-logos-03-2026-200x67.jpg 200w, https:\/\/afc.cat\/wp-content\/uploads\/2026\/03\/esponsors-colaboradors-AFC-logos-03-2026-400x134.jpg 400w, https:\/\/afc.cat\/wp-content\/uploads\/2026\/03\/esponsors-colaboradors-AFC-logos-03-2026-600x202.jpg 600w, https:\/\/afc.cat\/wp-content\/uploads\/2026\/03\/esponsors-colaboradors-AFC-logos-03-2026-800x269.jpg 800w, https:\/\/afc.cat\/wp-content\/uploads\/2026\/03\/esponsors-colaboradors-AFC-logos-03-2026.jpg 1172w\" sizes=\"(max-width: 640px) 100vw, 1024px\" \/><\/span><\/div><\/div><style type=\"text\/css\">.fusion-body .fusion-builder-column-0{width:100% !important;margin-top : 0px;margin-bottom : 0px;}.fusion-builder-column-0 > .fusion-column-wrapper {padding-top : 0px !important;padding-right : 0px !important;margin-right : 1.92%;padding-bottom : 0px !important;padding-left : 0px !important;margin-left : 1.92%;}@media only screen and (max-width:1024px) {.fusion-body .fusion-builder-column-0{width:100% !important;}.fusion-builder-column-0 > .fusion-column-wrapper {margin-right : 1.92%;margin-left : 1.92%;}}@media only screen and (max-width:640px) {.fusion-body .fusion-builder-column-0{width:100% !important;}.fusion-builder-column-0 > .fusion-column-wrapper {margin-right : 1.92%;margin-left : 1.92%;}}<\/style><\/div><\/div><style type=\"text\/css\">.fusion-body .fusion-flex-container.fusion-builder-row-1{ padding-top : 0px;margin-top : 0px;padding-right : 0px;padding-bottom : 0px;margin-bottom : 0px;padding-left : 0px;}<\/style><\/div>\n","protected":false},"excerpt":{"rendered":"","protected":false},"template":"","meta":{"_acf_changed":false},"wcs-type":[119],"wcs-room":[131],"wcs-instructor":[826],"class_list":["post-46693","class","type-class","status-publish","hentry","wcs-type-charla","wcs-room-agrupacio-fotografica-de-catalunya","wcs-instructor-albert-adroer-grup-natura"],"acf":[],"yoast_head":"<!-- This site is optimized with the Yoast SEO plugin v27.2 - https:\/\/yoast.com\/product\/yoast-seo-wordpress\/ -->\n<title>Taller-charla Fotograf\u00eda de fauna salvaje. Albert Mas\u00f3 - Agrupaci\u00f3 Fotogr\u00e0fica de Catalunya<\/title>\n<meta name=\"robots\" content=\"index, follow, max-snippet:-1, max-image-preview:large, max-video-preview:-1\" \/>\n<link rel=\"canonical\" href=\"https:\/\/afc.cat\/es\/activitat\/taller-charla-fotografia-de-fauna-salvaje-albert-maso\/\" \/>\n<meta property=\"og:locale\" content=\"es_ES\" \/>\n<meta property=\"og:type\" content=\"article\" \/>\n<meta property=\"og:title\" content=\"Taller-charla Fotograf\u00eda de fauna salvaje. Albert Mas\u00f3 - Agrupaci\u00f3 Fotogr\u00e0fica de Catalunya\" \/>\n<meta property=\"og:url\" content=\"https:\/\/afc.cat\/es\/activitat\/taller-charla-fotografia-de-fauna-salvaje-albert-maso\/\" \/>\n<meta property=\"og:site_name\" content=\"Agrupaci\u00f3 Fotogr\u00e0fica de Catalunya\" \/>\n<meta property=\"article:modified_time\" content=\"2026-03-26T17:50:20+00:00\" \/>\n<meta name=\"twitter:card\" content=\"summary_large_image\" \/>\n<meta name=\"twitter:label1\" content=\"Tiempo de lectura\" \/>\n\t<meta name=\"twitter:data1\" content=\"6 minutos\" \/>\n<script type=\"application\/ld+json\" class=\"yoast-schema-graph\">{\"@context\":\"https:\/\/schema.org\",\"@graph\":[{\"@type\":\"WebPage\",\"@id\":\"https:\/\/afc.cat\/es\/activitat\/taller-charla-fotografia-de-fauna-salvaje-albert-maso\/\",\"url\":\"https:\/\/afc.cat\/es\/activitat\/taller-charla-fotografia-de-fauna-salvaje-albert-maso\/\",\"name\":\"Taller-charla Fotograf\u00eda de fauna salvaje. Albert Mas\u00f3 - Agrupaci\u00f3 Fotogr\u00e0fica de Catalunya\",\"isPartOf\":{\"@id\":\"https:\/\/afc.cat\/es\/#website\"},\"datePublished\":\"2026-03-26T16:41:51+00:00\",\"dateModified\":\"2026-03-26T17:50:20+00:00\",\"breadcrumb\":{\"@id\":\"https:\/\/afc.cat\/es\/activitat\/taller-charla-fotografia-de-fauna-salvaje-albert-maso\/#breadcrumb\"},\"inLanguage\":\"es\",\"potentialAction\":[{\"@type\":\"ReadAction\",\"target\":[\"https:\/\/afc.cat\/es\/activitat\/taller-charla-fotografia-de-fauna-salvaje-albert-maso\/\"]}]},{\"@type\":\"BreadcrumbList\",\"@id\":\"https:\/\/afc.cat\/es\/activitat\/taller-charla-fotografia-de-fauna-salvaje-albert-maso\/#breadcrumb\",\"itemListElement\":[{\"@type\":\"ListItem\",\"position\":1,\"name\":\"Inicio\",\"item\":\"https:\/\/afc.cat\/es\/\"},{\"@type\":\"ListItem\",\"position\":2,\"name\":\"Taller-charla Fotograf\u00eda de fauna salvaje. Albert Mas\u00f3\"}]},{\"@type\":\"WebSite\",\"@id\":\"https:\/\/afc.cat\/es\/#website\",\"url\":\"https:\/\/afc.cat\/es\/\",\"name\":\"Agrupaci\u00f3 Fotogr\u00e0fica de Catalunya\",\"description\":\"Fomento y divulgaci\u00f3n de la fotograf\u00eda en todas sus variedades\",\"potentialAction\":[{\"@type\":\"SearchAction\",\"target\":{\"@type\":\"EntryPoint\",\"urlTemplate\":\"https:\/\/afc.cat\/es\/?s={search_term_string}\"},\"query-input\":{\"@type\":\"PropertyValueSpecification\",\"valueRequired\":true,\"valueName\":\"search_term_string\"}}],\"inLanguage\":\"es\"}]}<\/script>\n<!-- \/ Yoast SEO plugin. -->","yoast_head_json":{"title":"Taller-charla Fotograf\u00eda de fauna salvaje. Albert Mas\u00f3 - Agrupaci\u00f3 Fotogr\u00e0fica de Catalunya","robots":{"index":"index","follow":"follow","max-snippet":"max-snippet:-1","max-image-preview":"max-image-preview:large","max-video-preview":"max-video-preview:-1"},"canonical":"https:\/\/afc.cat\/es\/activitat\/taller-charla-fotografia-de-fauna-salvaje-albert-maso\/","og_locale":"es_ES","og_type":"article","og_title":"Taller-charla Fotograf\u00eda de fauna salvaje. Albert Mas\u00f3 - Agrupaci\u00f3 Fotogr\u00e0fica de Catalunya","og_url":"https:\/\/afc.cat\/es\/activitat\/taller-charla-fotografia-de-fauna-salvaje-albert-maso\/","og_site_name":"Agrupaci\u00f3 Fotogr\u00e0fica de Catalunya","article_modified_time":"2026-03-26T17:50:20+00:00","twitter_card":"summary_large_image","twitter_misc":{"Tiempo de lectura":"6 minutos"},"schema":{"@context":"https:\/\/schema.org","@graph":[{"@type":"WebPage","@id":"https:\/\/afc.cat\/es\/activitat\/taller-charla-fotografia-de-fauna-salvaje-albert-maso\/","url":"https:\/\/afc.cat\/es\/activitat\/taller-charla-fotografia-de-fauna-salvaje-albert-maso\/","name":"Taller-charla Fotograf\u00eda de fauna salvaje. Albert Mas\u00f3 - Agrupaci\u00f3 Fotogr\u00e0fica de Catalunya","isPartOf":{"@id":"https:\/\/afc.cat\/es\/#website"},"datePublished":"2026-03-26T16:41:51+00:00","dateModified":"2026-03-26T17:50:20+00:00","breadcrumb":{"@id":"https:\/\/afc.cat\/es\/activitat\/taller-charla-fotografia-de-fauna-salvaje-albert-maso\/#breadcrumb"},"inLanguage":"es","potentialAction":[{"@type":"ReadAction","target":["https:\/\/afc.cat\/es\/activitat\/taller-charla-fotografia-de-fauna-salvaje-albert-maso\/"]}]},{"@type":"BreadcrumbList","@id":"https:\/\/afc.cat\/es\/activitat\/taller-charla-fotografia-de-fauna-salvaje-albert-maso\/#breadcrumb","itemListElement":[{"@type":"ListItem","position":1,"name":"Inicio","item":"https:\/\/afc.cat\/es\/"},{"@type":"ListItem","position":2,"name":"Taller-charla Fotograf\u00eda de fauna salvaje. Albert Mas\u00f3"}]},{"@type":"WebSite","@id":"https:\/\/afc.cat\/es\/#website","url":"https:\/\/afc.cat\/es\/","name":"Agrupaci\u00f3 Fotogr\u00e0fica de Catalunya","description":"Fomento y divulgaci\u00f3n de la fotograf\u00eda en todas sus variedades","potentialAction":[{"@type":"SearchAction","target":{"@type":"EntryPoint","urlTemplate":"https:\/\/afc.cat\/es\/?s={search_term_string}"},"query-input":{"@type":"PropertyValueSpecification","valueRequired":true,"valueName":"search_term_string"}}],"inLanguage":"es"}]}},"_links":{"self":[{"href":"https:\/\/afc.cat\/es\/wp-json\/wp\/v2\/class\/46693","targetHints":{"allow":["GET"]}}],"collection":[{"href":"https:\/\/afc.cat\/es\/wp-json\/wp\/v2\/class"}],"about":[{"href":"https:\/\/afc.cat\/es\/wp-json\/wp\/v2\/types\/class"}],"wp:attachment":[{"href":"https:\/\/afc.cat\/es\/wp-json\/wp\/v2\/media?parent=46693"}],"wp:term":[{"taxonomy":"wcs-type","embeddable":true,"href":"https:\/\/afc.cat\/es\/wp-json\/wp\/v2\/wcs-type?post=46693"},{"taxonomy":"wcs-room","embeddable":true,"href":"https:\/\/afc.cat\/es\/wp-json\/wp\/v2\/wcs-room?post=46693"},{"taxonomy":"wcs-instructor","embeddable":true,"href":"https:\/\/afc.cat\/es\/wp-json\/wp\/v2\/wcs-instructor?post=46693"}],"curies":[{"name":"wp","href":"https:\/\/api.w.org\/{rel}","templated":true}]}}

Taller-charla Fotografía de fauna salvaje. Albert Masó

<div class="fusion-fullwidth fullwidth-box fusion-builder-row-1 fusion-flex-container nonhundred-percent-fullwidth non-hundred-percent-height-scrolling" style="background-color: rgba(255,255,255,0);background-position: center center;background-repeat: no-repeat;border-width: 0px 15px 0px 0px;border-color:#ffffff;border-style:solid;" ><div class="fusion-builder-row fusion-row fusion-flex-align-items-flex-start" style="max-width:1300px;margin-left: calc(-4% / 2 );margin-right: calc(-4% / 2 );"><div class="fusion-layout-column fusion_builder_column fusion-builder-column-0 fusion_builder_column_1_1 1_1 fusion-flex-column"><div class="fusion-column-wrapper fusion-flex-justify-content-flex-start fusion-content-layout-column" style="background-position:left top;background-repeat:no-repeat;-webkit-background-size:cover;-moz-background-size:cover;-o-background-size:cover;background-size:cover;padding: 0px 0px 0px 0px;"><div class="fusion-text fusion-text-1"><h2>Taller-charla gratuita FOTOGRAFÍA DE FAUNA SALVAJE. Captar animales en libertad</h2>
<h2>Albert Masó</h2>
<p>Actividad formativa de acceso libre dirigida a todo el mundo con interés en esta disciplina fotográfica de natura</p>
<p>Los participantes en este taller-charla podrán aprender modalidades, procedimientos, y técnicas más adecuados para capturarla con calidad.</p>
<p><strong>CALENDARIO Y HORARIO</strong></p>
<p>lugar: Agrupació Fotogràfica de Catalunya. Del Duc 14, pral. Barcelona</p>
<p>Día: miércoles 15 de abril del 2026 de 18:30-20:30 h.</p>
<p>*Entrada libre hasta completar aforo.</p>
<p><strong> Albert Masó</strong></p>
<p>Biólogo, Dr. en Ecología y Evolución, autor de libros sobre aves, anfibios, reptiles, mariposas, etc. fotógrafo de Natura, guía de safaris y asesor científico de National Geographic.</p>
<p>Al final intervendrán Gerald Barraud y Octavian Nedea.</p>
<p>Objetivo de la formación: Aprender el material fotográfico necesario para la fotografía de Fauna, los procedimientos y técnicas más adecuados y las modalidades: el phototrekking, los hides y los safaris.</p>
<p><strong>Contenido o temario</strong></p>
<p>Características generales y material necesario.<br />
Cámaras réflex y mirrorless.<br />
El teleobjetivo ideal. Teleconvertidors y complementos útiles.<br />
El autofoco: modalidades idóneas a cada caso.<br />
Fotografía de seguimiento (phototrekking).<br />
Fotografía al acecho (hides).<br />
El safari fotográfico: modalidades.<br />
Ejemplos: Namibia, Masai Mara, Zambia, India y Tanzania.</p>
</div><div ><style>.fusion-imageframe.imageframe-2{ margin-top : 30px;}</style><span class=" fusion-imageframe imageframe-none imageframe-2 hover-type-none"><img decoding="async" width="510" height="91" title="cultura" src="https://afc.cat/wp-content/uploads/2021/02/logos-generalitat-ajuntament-bcn-3-2026.jpg" alt class="img-responsive wp-image-46074" srcset="https://afc.cat/wp-content/uploads/2021/02/logos-generalitat-ajuntament-bcn-3-2026-200x36.jpg 200w, https://afc.cat/wp-content/uploads/2021/02/logos-generalitat-ajuntament-bcn-3-2026-400x71.jpg 400w, https://afc.cat/wp-content/uploads/2021/02/logos-generalitat-ajuntament-bcn-3-2026.jpg 510w" sizes="(max-width: 640px) 100vw, 510px" /></span></div><div ><style>.fusion-imageframe.imageframe-3{ margin-top : 30px;}</style><span class=" fusion-imageframe imageframe-none imageframe-3 hover-type-none"><img decoding="async" width="1024" height="344" title="esponsors-colaboradors-AFC-logos-03-2026" src="https://afc.cat/wp-content/uploads/2026/03/esponsors-colaboradors-AFC-logos-03-2026-1024x344.jpg" alt class="img-responsive wp-image-46481" srcset="https://afc.cat/wp-content/uploads/2026/03/esponsors-colaboradors-AFC-logos-03-2026-200x67.jpg 200w, https://afc.cat/wp-content/uploads/2026/03/esponsors-colaboradors-AFC-logos-03-2026-400x134.jpg 400w, https://afc.cat/wp-content/uploads/2026/03/esponsors-colaboradors-AFC-logos-03-2026-600x202.jpg 600w, https://afc.cat/wp-content/uploads/2026/03/esponsors-colaboradors-AFC-logos-03-2026-800x269.jpg 800w, https://afc.cat/wp-content/uploads/2026/03/esponsors-colaboradors-AFC-logos-03-2026.jpg 1172w" sizes="(max-width: 640px) 100vw, 1024px" /></span></div></div><style type="text/css">.fusion-body .fusion-builder-column-0{width:100% !important;margin-top : 0px;margin-bottom : 0px;}.fusion-builder-column-0 > .fusion-column-wrapper {padding-top : 0px !important;padding-right : 0px !important;margin-right : 1.92%;padding-bottom : 0px !important;padding-left : 0px !important;margin-left : 1.92%;}@media only screen and (max-width:1024px) {.fusion-body .fusion-builder-column-0{width:100% !important;}.fusion-builder-column-0 > .fusion-column-wrapper {margin-right : 1.92%;margin-left : 1.92%;}}@media only screen and (max-width:640px) {.fusion-body .fusion-builder-column-0{width:100% !important;}.fusion-builder-column-0 > .fusion-column-wrapper {margin-right : 1.92%;margin-left : 1.92%;}}</style></div></div><style type="text/css">.fusion-body .fusion-flex-container.fusion-builder-row-1{ padding-top : 0px;margin-top : 0px;padding-right : 0px;padding-bottom : 0px;margin-bottom : 0px;padding-left : 0px;}</style></div>

<!-- This site is optimized with the Yoast SEO plugin v27.2 - https://yoast.com/product/yoast-seo-wordpress/ -->
<title>Taller-charla Fotografía de fauna salvaje. Albert Masó - Agrupació Fotogràfica de Catalunya</title>
<meta name="robots" content="index, follow, max-snippet:-1, max-image-preview:large, max-video-preview:-1" />
<link rel="canonical" href="https://afc.cat/es/activitat/taller-charla-fotografia-de-fauna-salvaje-albert-maso/" />
<meta property="og:locale" content="es_ES" />
<meta property="og:type" content="article" />
<meta property="og:title" content="Taller-charla Fotografía de fauna salvaje. Albert Masó - Agrupació Fotogràfica de Catalunya" />
<meta property="og:url" content="https://afc.cat/es/activitat/taller-charla-fotografia-de-fauna-salvaje-albert-maso/" />
<meta property="og:site_name" content="Agrupació Fotogràfica de Catalunya" />
<meta property="article:modified_time" content="2026-03-26T17:50:20+00:00" />
<meta name="twitter:card" content="summary_large_image" />
<meta name="twitter:label1" content="Tiempo de lectura" />
	<meta name="twitter:data1" content="6 minutos" />
<script type="application/ld+json" class="yoast-schema-graph">{"@context":"https://schema.org","@graph":[{"@type":"WebPage","@id":"https://afc.cat/es/activitat/taller-charla-fotografia-de-fauna-salvaje-albert-maso/","url":"https://afc.cat/es/activitat/taller-charla-fotografia-de-fauna-salvaje-albert-maso/","name":"Taller-charla Fotografía de fauna salvaje. Albert Masó - Agrupació Fotogràfica de Catalunya","isPartOf":{"@id":"https://afc.cat/es/#website"},"datePublished":"2026-03-26T16:41:51+00:00","dateModified":"2026-03-26T17:50:20+00:00","breadcrumb":{"@id":"https://afc.cat/es/activitat/taller-charla-fotografia-de-fauna-salvaje-albert-maso/#breadcrumb"},"inLanguage":"es","potentialAction":[{"@type":"ReadAction","target":["https://afc.cat/es/activitat/taller-charla-fotografia-de-fauna-salvaje-albert-maso/"]}]},{"@type":"BreadcrumbList","@id":"https://afc.cat/es/activitat/taller-charla-fotografia-de-fauna-salvaje-albert-maso/#breadcrumb","itemListElement":[{"@type":"ListItem","position":1,"name":"Inicio","item":"https://afc.cat/es/"},{"@type":"ListItem","position":2,"name":"Taller-charla Fotografía de fauna salvaje. Albert Masó"}]},{"@type":"WebSite","@id":"https://afc.cat/es/#website","url":"https://afc.cat/es/","name":"Agrupació Fotogràfica de Catalunya","description":"Fomento y divulgación de la fotografía en todas sus variedades","potentialAction":[{"@type":"SearchAction","target":{"@type":"EntryPoint","urlTemplate":"https://afc.cat/es/?s={search_term_string}"},"query-input":{"@type":"PropertyValueSpecification","valueRequired":true,"valueName":"search_term_string"}}],"inLanguage":"es"}]}</script>
<!-- / Yoast SEO plugin. -->

Taller-charla Fotografía de fauna salvaje. Albert Masó - Agrupació Fotogràfica de Catalunya

Agrupació Fotogràfica de Catalunya

Fomento y divulgación de la fotografía en todas sus variedades
