{"id":46947,"date":"2026-04-09T17:13:16","date_gmt":"2026-04-09T15:13:16","guid":{"rendered":"https:\/\/afc.cat\/activitat\/46944\/"},"modified":"2026-04-09T18:54:49","modified_gmt":"2026-04-09T16:54:49","slug":"salida-fotografica-del-grup-de-fotografia-de-carrer-13-04","status":"publish","type":"class","link":"https:\/\/afc.cat\/es\/activitat\/salida-fotografica-del-grup-de-fotografia-de-carrer-13-04\/","title":{"rendered":"Salida fotogr\u00e1fica del Grup de Fotografia de Carrer \/ 13\/04"},"content":{"rendered":"<div class=\"fusion-fullwidth fullwidth-box fusion-builder-row-1 fusion-flex-container nonhundred-percent-fullwidth non-hundred-percent-height-scrolling\" style=\"background-color: rgba(255,255,255,0);background-position: center center;background-repeat: no-repeat;border-width: 0px 15px 0px 0px;border-color:#ffffff;border-style:solid;\" ><div class=\"fusion-builder-row fusion-row fusion-flex-align-items-flex-start\" style=\"max-width:1300px;margin-left: calc(-4% \/ 2 );margin-right: calc(-4% \/ 2 );\"><div class=\"fusion-layout-column fusion_builder_column fusion-builder-column-0 fusion_builder_column_1_1 1_1 fusion-flex-column\"><div class=\"fusion-column-wrapper fusion-flex-justify-content-flex-start fusion-content-layout-column\" style=\"background-position:left top;background-repeat:no-repeat;-webkit-background-size:cover;-moz-background-size:cover;-o-background-size:cover;background-size:cover;padding: 0px 0px 0px 0px;\"><div class=\"fusion-text fusion-text-1\"><h2>Salida fotogr\u00e1fica del Grup de Fotografia de Carrer<\/h2>\n<h2>Can Batll\u00f3, Ciutat de la Just\u00edcia i Pla\u00e7a Europa<\/h2>\n<h3>Salidas fotogr\u00e1ficas mensuales del grupo de la entidad para practicar, compartir y fomentar la participaci\u00f3n de todas las persones asociadas.<\/h3>\n<p><strong>CALENDARIO Y HORARIO<\/strong><\/p>\n<p>D\u00cdA: lunes 13 de abril del 2026<\/p>\n<p>HORA: 09:30 h.<\/p>\n<p>PUNTO DE ENCUENTRO: en la Iglesia de Sant Medir,\u00a0 Constituci\u00f3, 17<\/p>\n<p>PRECIO: gratuita<\/p>\n<p>*No requiere inscripci\u00f3n previa.<\/p>\n<p><strong>DESCRIPCI\u00d3N<\/strong><\/p>\n<p>Iniciaremos el recorrido adentr\u00e1ndonos en el recinto industrial de\u00a0can\u00a0Batll\u00f3, todav\u00eda en proceso de rehabilitaci\u00f3n. Nos acompa\u00f1ar\u00e1 a la visita la Anna\u00a0Barn\u00e9s.<\/p>\n<p>La propuesta seria ir andando hasta la plaza Europa de Hospitalet, pasando ante la Ciudad de la Justicia, en este punto ser\u00e1 complicado hacer fotos del complejo judicial por temas de seguridad y privacidad, pero alguna foto podremos hacer desde la acera de enfrente o desde el puente que atraviesa la Gran v\u00eda.<\/p>\n<p>El \u00faltimo objetivo del recorrido es la moderna plaza Europa y sus alrededores, edificios y palacio ferial.<\/p>\n<p>Esperamos finalizar hacia las 13:00 h.<\/p>\n<p>Por la tipolog\u00eda de la salida, no se requiere material especial.<\/p>\n<p><strong>Foto: \u00a9Rafel Forner.<\/strong><\/p>\n<\/div><div ><style>.fusion-imageframe.imageframe-2{ margin-top : 30px;}<\/style><span class=\" fusion-imageframe imageframe-none imageframe-2 hover-type-none\"><img decoding=\"async\" width=\"510\" height=\"91\" title=\"cultura\" src=\"https:\/\/afc.cat\/wp-content\/uploads\/2021\/02\/logos-generalitat-ajuntament-bcn-3-2026.jpg\" alt class=\"img-responsive wp-image-46074\" srcset=\"https:\/\/afc.cat\/wp-content\/uploads\/2021\/02\/logos-generalitat-ajuntament-bcn-3-2026-200x36.jpg 200w, https:\/\/afc.cat\/wp-content\/uploads\/2021\/02\/logos-generalitat-ajuntament-bcn-3-2026-400x71.jpg 400w, https:\/\/afc.cat\/wp-content\/uploads\/2021\/02\/logos-generalitat-ajuntament-bcn-3-2026.jpg 510w\" sizes=\"(max-width: 640px) 100vw, 510px\" \/><\/span><\/div><div ><style>.fusion-imageframe.imageframe-3{ margin-top : 30px;}<\/style><span class=\" fusion-imageframe imageframe-none imageframe-3 hover-type-none\"><img decoding=\"async\" width=\"1024\" height=\"344\" title=\"esponsors-colaboradors-AFC-logos-03-2026\" src=\"https:\/\/afc.cat\/wp-content\/uploads\/2026\/03\/esponsors-colaboradors-AFC-logos-03-2026-1024x344.jpg\" alt class=\"img-responsive wp-image-46481\" srcset=\"https:\/\/afc.cat\/wp-content\/uploads\/2026\/03\/esponsors-colaboradors-AFC-logos-03-2026-200x67.jpg 200w, https:\/\/afc.cat\/wp-content\/uploads\/2026\/03\/esponsors-colaboradors-AFC-logos-03-2026-400x134.jpg 400w, https:\/\/afc.cat\/wp-content\/uploads\/2026\/03\/esponsors-colaboradors-AFC-logos-03-2026-600x202.jpg 600w, https:\/\/afc.cat\/wp-content\/uploads\/2026\/03\/esponsors-colaboradors-AFC-logos-03-2026-800x269.jpg 800w, https:\/\/afc.cat\/wp-content\/uploads\/2026\/03\/esponsors-colaboradors-AFC-logos-03-2026.jpg 1172w\" sizes=\"(max-width: 640px) 100vw, 1024px\" \/><\/span><\/div><\/div><style type=\"text\/css\">.fusion-body .fusion-builder-column-0{width:100% !important;margin-top : 0px;margin-bottom : 0px;}.fusion-builder-column-0 > .fusion-column-wrapper {padding-top : 0px !important;padding-right : 0px !important;margin-right : 1.92%;padding-bottom : 0px !important;padding-left : 0px !important;margin-left : 1.92%;}@media only screen and (max-width:1024px) {.fusion-body .fusion-builder-column-0{width:100% !important;}.fusion-builder-column-0 > .fusion-column-wrapper {margin-right : 1.92%;margin-left : 1.92%;}}@media only screen and (max-width:640px) {.fusion-body .fusion-builder-column-0{width:100% !important;}.fusion-builder-column-0 > .fusion-column-wrapper {margin-right : 1.92%;margin-left : 1.92%;}}<\/style><\/div><\/div><style type=\"text\/css\">.fusion-body .fusion-flex-container.fusion-builder-row-1{ padding-top : 0px;margin-top : 0px;padding-right : 0px;padding-bottom : 0px;margin-bottom : 0px;padding-left : 0px;}<\/style><\/div>\n","protected":false},"excerpt":{"rendered":"","protected":false},"template":"","meta":{"_acf_changed":false},"wcs-type":[693],"wcs-room":[831],"wcs-instructor":[830],"class_list":["post-46947","class","type-class","status-publish","hentry","wcs-type-street-es","wcs-room-davant-de-lesglesia-de-sant-medir","wcs-instructor-r-ballester-r-forner-f-olmos"],"acf":[],"yoast_head":"<!-- This site is optimized with the Yoast SEO plugin v27.2 - https:\/\/yoast.com\/product\/yoast-seo-wordpress\/ -->\n<title>Salida fotogr\u00e1fica del Grup de Fotografia de Carrer \/ 13\/04 - Agrupaci\u00f3 Fotogr\u00e0fica de Catalunya<\/title>\n<meta name=\"robots\" content=\"index, follow, max-snippet:-1, max-image-preview:large, max-video-preview:-1\" \/>\n<link rel=\"canonical\" href=\"https:\/\/afc.cat\/es\/activitat\/salida-fotografica-del-grup-de-fotografia-de-carrer-13-04\/\" \/>\n<meta property=\"og:locale\" content=\"es_ES\" \/>\n<meta property=\"og:type\" content=\"article\" \/>\n<meta property=\"og:title\" content=\"Salida fotogr\u00e1fica del Grup de Fotografia de Carrer \/ 13\/04 - Agrupaci\u00f3 Fotogr\u00e0fica de Catalunya\" \/>\n<meta property=\"og:url\" content=\"https:\/\/afc.cat\/es\/activitat\/salida-fotografica-del-grup-de-fotografia-de-carrer-13-04\/\" \/>\n<meta property=\"og:site_name\" content=\"Agrupaci\u00f3 Fotogr\u00e0fica de Catalunya\" \/>\n<meta property=\"article:modified_time\" content=\"2026-04-09T16:54:49+00:00\" \/>\n<meta name=\"twitter:card\" content=\"summary_large_image\" \/>\n<meta name=\"twitter:label1\" content=\"Tiempo de lectura\" \/>\n\t<meta name=\"twitter:data1\" content=\"6 minutos\" \/>\n<script type=\"application\/ld+json\" class=\"yoast-schema-graph\">{\"@context\":\"https:\/\/schema.org\",\"@graph\":[{\"@type\":\"WebPage\",\"@id\":\"https:\/\/afc.cat\/es\/activitat\/salida-fotografica-del-grup-de-fotografia-de-carrer-13-04\/\",\"url\":\"https:\/\/afc.cat\/es\/activitat\/salida-fotografica-del-grup-de-fotografia-de-carrer-13-04\/\",\"name\":\"Salida fotogr\u00e1fica del Grup de Fotografia de Carrer \/ 13\/04 - Agrupaci\u00f3 Fotogr\u00e0fica de Catalunya\",\"isPartOf\":{\"@id\":\"https:\/\/afc.cat\/es\/#website\"},\"datePublished\":\"2026-04-09T15:13:16+00:00\",\"dateModified\":\"2026-04-09T16:54:49+00:00\",\"breadcrumb\":{\"@id\":\"https:\/\/afc.cat\/es\/activitat\/salida-fotografica-del-grup-de-fotografia-de-carrer-13-04\/#breadcrumb\"},\"inLanguage\":\"es\",\"potentialAction\":[{\"@type\":\"ReadAction\",\"target\":[\"https:\/\/afc.cat\/es\/activitat\/salida-fotografica-del-grup-de-fotografia-de-carrer-13-04\/\"]}]},{\"@type\":\"BreadcrumbList\",\"@id\":\"https:\/\/afc.cat\/es\/activitat\/salida-fotografica-del-grup-de-fotografia-de-carrer-13-04\/#breadcrumb\",\"itemListElement\":[{\"@type\":\"ListItem\",\"position\":1,\"name\":\"Inicio\",\"item\":\"https:\/\/afc.cat\/es\/\"},{\"@type\":\"ListItem\",\"position\":2,\"name\":\"Salida fotogr\u00e1fica del Grup de Fotografia de Carrer \/ 13\/04\"}]},{\"@type\":\"WebSite\",\"@id\":\"https:\/\/afc.cat\/es\/#website\",\"url\":\"https:\/\/afc.cat\/es\/\",\"name\":\"Agrupaci\u00f3 Fotogr\u00e0fica de Catalunya\",\"description\":\"Fomento y divulgaci\u00f3n de la fotograf\u00eda en todas sus variedades\",\"potentialAction\":[{\"@type\":\"SearchAction\",\"target\":{\"@type\":\"EntryPoint\",\"urlTemplate\":\"https:\/\/afc.cat\/es\/?s={search_term_string}\"},\"query-input\":{\"@type\":\"PropertyValueSpecification\",\"valueRequired\":true,\"valueName\":\"search_term_string\"}}],\"inLanguage\":\"es\"}]}<\/script>\n<!-- \/ Yoast SEO plugin. -->","yoast_head_json":{"title":"Salida fotogr\u00e1fica del Grup de Fotografia de Carrer \/ 13\/04 - Agrupaci\u00f3 Fotogr\u00e0fica de Catalunya","robots":{"index":"index","follow":"follow","max-snippet":"max-snippet:-1","max-image-preview":"max-image-preview:large","max-video-preview":"max-video-preview:-1"},"canonical":"https:\/\/afc.cat\/es\/activitat\/salida-fotografica-del-grup-de-fotografia-de-carrer-13-04\/","og_locale":"es_ES","og_type":"article","og_title":"Salida fotogr\u00e1fica del Grup de Fotografia de Carrer \/ 13\/04 - Agrupaci\u00f3 Fotogr\u00e0fica de Catalunya","og_url":"https:\/\/afc.cat\/es\/activitat\/salida-fotografica-del-grup-de-fotografia-de-carrer-13-04\/","og_site_name":"Agrupaci\u00f3 Fotogr\u00e0fica de Catalunya","article_modified_time":"2026-04-09T16:54:49+00:00","twitter_card":"summary_large_image","twitter_misc":{"Tiempo de lectura":"6 minutos"},"schema":{"@context":"https:\/\/schema.org","@graph":[{"@type":"WebPage","@id":"https:\/\/afc.cat\/es\/activitat\/salida-fotografica-del-grup-de-fotografia-de-carrer-13-04\/","url":"https:\/\/afc.cat\/es\/activitat\/salida-fotografica-del-grup-de-fotografia-de-carrer-13-04\/","name":"Salida fotogr\u00e1fica del Grup de Fotografia de Carrer \/ 13\/04 - Agrupaci\u00f3 Fotogr\u00e0fica de Catalunya","isPartOf":{"@id":"https:\/\/afc.cat\/es\/#website"},"datePublished":"2026-04-09T15:13:16+00:00","dateModified":"2026-04-09T16:54:49+00:00","breadcrumb":{"@id":"https:\/\/afc.cat\/es\/activitat\/salida-fotografica-del-grup-de-fotografia-de-carrer-13-04\/#breadcrumb"},"inLanguage":"es","potentialAction":[{"@type":"ReadAction","target":["https:\/\/afc.cat\/es\/activitat\/salida-fotografica-del-grup-de-fotografia-de-carrer-13-04\/"]}]},{"@type":"BreadcrumbList","@id":"https:\/\/afc.cat\/es\/activitat\/salida-fotografica-del-grup-de-fotografia-de-carrer-13-04\/#breadcrumb","itemListElement":[{"@type":"ListItem","position":1,"name":"Inicio","item":"https:\/\/afc.cat\/es\/"},{"@type":"ListItem","position":2,"name":"Salida fotogr\u00e1fica del Grup de Fotografia de Carrer \/ 13\/04"}]},{"@type":"WebSite","@id":"https:\/\/afc.cat\/es\/#website","url":"https:\/\/afc.cat\/es\/","name":"Agrupaci\u00f3 Fotogr\u00e0fica de Catalunya","description":"Fomento y divulgaci\u00f3n de la fotograf\u00eda en todas sus variedades","potentialAction":[{"@type":"SearchAction","target":{"@type":"EntryPoint","urlTemplate":"https:\/\/afc.cat\/es\/?s={search_term_string}"},"query-input":{"@type":"PropertyValueSpecification","valueRequired":true,"valueName":"search_term_string"}}],"inLanguage":"es"}]}},"_links":{"self":[{"href":"https:\/\/afc.cat\/es\/wp-json\/wp\/v2\/class\/46947","targetHints":{"allow":["GET"]}}],"collection":[{"href":"https:\/\/afc.cat\/es\/wp-json\/wp\/v2\/class"}],"about":[{"href":"https:\/\/afc.cat\/es\/wp-json\/wp\/v2\/types\/class"}],"wp:attachment":[{"href":"https:\/\/afc.cat\/es\/wp-json\/wp\/v2\/media?parent=46947"}],"wp:term":[{"taxonomy":"wcs-type","embeddable":true,"href":"https:\/\/afc.cat\/es\/wp-json\/wp\/v2\/wcs-type?post=46947"},{"taxonomy":"wcs-room","embeddable":true,"href":"https:\/\/afc.cat\/es\/wp-json\/wp\/v2\/wcs-room?post=46947"},{"taxonomy":"wcs-instructor","embeddable":true,"href":"https:\/\/afc.cat\/es\/wp-json\/wp\/v2\/wcs-instructor?post=46947"}],"curies":[{"name":"wp","href":"https:\/\/api.w.org\/{rel}","templated":true}]}}

Salida fotográfica del Grup de Fotografia de Carrer / 13/04

<div class="fusion-fullwidth fullwidth-box fusion-builder-row-1 fusion-flex-container nonhundred-percent-fullwidth non-hundred-percent-height-scrolling" style="background-color: rgba(255,255,255,0);background-position: center center;background-repeat: no-repeat;border-width: 0px 15px 0px 0px;border-color:#ffffff;border-style:solid;" ><div class="fusion-builder-row fusion-row fusion-flex-align-items-flex-start" style="max-width:1300px;margin-left: calc(-4% / 2 );margin-right: calc(-4% / 2 );"><div class="fusion-layout-column fusion_builder_column fusion-builder-column-0 fusion_builder_column_1_1 1_1 fusion-flex-column"><div class="fusion-column-wrapper fusion-flex-justify-content-flex-start fusion-content-layout-column" style="background-position:left top;background-repeat:no-repeat;-webkit-background-size:cover;-moz-background-size:cover;-o-background-size:cover;background-size:cover;padding: 0px 0px 0px 0px;"><div class="fusion-text fusion-text-1"><h2>Salida fotográfica del Grup de Fotografia de Carrer</h2>
<h2>Can Batlló, Ciutat de la Justícia i Plaça Europa</h2>
<h3>Salidas fotográficas mensuales del grupo de la entidad para practicar, compartir y fomentar la participación de todas las persones asociadas.</h3>
<p><strong>CALENDARIO Y HORARIO</strong></p>
<p>DÍA: lunes 13 de abril del 2026</p>
<p>HORA: 09:30 h.</p>
<p>PUNTO DE ENCUENTRO: en la Iglesia de Sant Medir,  Constitució, 17</p>
<p>PRECIO: gratuita</p>
<p>*No requiere inscripción previa.</p>
<p><strong>DESCRIPCIÓN</strong></p>
<p>Iniciaremos el recorrido adentrándonos en el recinto industrial de can Batlló, todavía en proceso de rehabilitación. Nos acompañará a la visita la Anna Barnés.</p>
<p>La propuesta seria ir andando hasta la plaza Europa de Hospitalet, pasando ante la Ciudad de la Justicia, en este punto será complicado hacer fotos del complejo judicial por temas de seguridad y privacidad, pero alguna foto podremos hacer desde la acera de enfrente o desde el puente que atraviesa la Gran vía.</p>
<p>El último objetivo del recorrido es la moderna plaza Europa y sus alrededores, edificios y palacio ferial.</p>
<p>Esperamos finalizar hacia las 13:00 h.</p>
<p>Por la tipología de la salida, no se requiere material especial.</p>
<p><strong>Foto: ©Rafel Forner.</strong></p>
</div><div ><style>.fusion-imageframe.imageframe-2{ margin-top : 30px;}</style><span class=" fusion-imageframe imageframe-none imageframe-2 hover-type-none"><img decoding="async" width="510" height="91" title="cultura" src="https://afc.cat/wp-content/uploads/2021/02/logos-generalitat-ajuntament-bcn-3-2026.jpg" alt class="img-responsive wp-image-46074" srcset="https://afc.cat/wp-content/uploads/2021/02/logos-generalitat-ajuntament-bcn-3-2026-200x36.jpg 200w, https://afc.cat/wp-content/uploads/2021/02/logos-generalitat-ajuntament-bcn-3-2026-400x71.jpg 400w, https://afc.cat/wp-content/uploads/2021/02/logos-generalitat-ajuntament-bcn-3-2026.jpg 510w" sizes="(max-width: 640px) 100vw, 510px" /></span></div><div ><style>.fusion-imageframe.imageframe-3{ margin-top : 30px;}</style><span class=" fusion-imageframe imageframe-none imageframe-3 hover-type-none"><img decoding="async" width="1024" height="344" title="esponsors-colaboradors-AFC-logos-03-2026" src="https://afc.cat/wp-content/uploads/2026/03/esponsors-colaboradors-AFC-logos-03-2026-1024x344.jpg" alt class="img-responsive wp-image-46481" srcset="https://afc.cat/wp-content/uploads/2026/03/esponsors-colaboradors-AFC-logos-03-2026-200x67.jpg 200w, https://afc.cat/wp-content/uploads/2026/03/esponsors-colaboradors-AFC-logos-03-2026-400x134.jpg 400w, https://afc.cat/wp-content/uploads/2026/03/esponsors-colaboradors-AFC-logos-03-2026-600x202.jpg 600w, https://afc.cat/wp-content/uploads/2026/03/esponsors-colaboradors-AFC-logos-03-2026-800x269.jpg 800w, https://afc.cat/wp-content/uploads/2026/03/esponsors-colaboradors-AFC-logos-03-2026.jpg 1172w" sizes="(max-width: 640px) 100vw, 1024px" /></span></div></div><style type="text/css">.fusion-body .fusion-builder-column-0{width:100% !important;margin-top : 0px;margin-bottom : 0px;}.fusion-builder-column-0 > .fusion-column-wrapper {padding-top : 0px !important;padding-right : 0px !important;margin-right : 1.92%;padding-bottom : 0px !important;padding-left : 0px !important;margin-left : 1.92%;}@media only screen and (max-width:1024px) {.fusion-body .fusion-builder-column-0{width:100% !important;}.fusion-builder-column-0 > .fusion-column-wrapper {margin-right : 1.92%;margin-left : 1.92%;}}@media only screen and (max-width:640px) {.fusion-body .fusion-builder-column-0{width:100% !important;}.fusion-builder-column-0 > .fusion-column-wrapper {margin-right : 1.92%;margin-left : 1.92%;}}</style></div></div><style type="text/css">.fusion-body .fusion-flex-container.fusion-builder-row-1{ padding-top : 0px;margin-top : 0px;padding-right : 0px;padding-bottom : 0px;margin-bottom : 0px;padding-left : 0px;}</style></div>

<!-- This site is optimized with the Yoast SEO plugin v27.2 - https://yoast.com/product/yoast-seo-wordpress/ -->
<title>Salida fotográfica del Grup de Fotografia de Carrer / 13/04 - Agrupació Fotogràfica de Catalunya</title>
<meta name="robots" content="index, follow, max-snippet:-1, max-image-preview:large, max-video-preview:-1" />
<link rel="canonical" href="https://afc.cat/es/activitat/salida-fotografica-del-grup-de-fotografia-de-carrer-13-04/" />
<meta property="og:locale" content="es_ES" />
<meta property="og:type" content="article" />
<meta property="og:title" content="Salida fotográfica del Grup de Fotografia de Carrer / 13/04 - Agrupació Fotogràfica de Catalunya" />
<meta property="og:url" content="https://afc.cat/es/activitat/salida-fotografica-del-grup-de-fotografia-de-carrer-13-04/" />
<meta property="og:site_name" content="Agrupació Fotogràfica de Catalunya" />
<meta property="article:modified_time" content="2026-04-09T16:54:49+00:00" />
<meta name="twitter:card" content="summary_large_image" />
<meta name="twitter:label1" content="Tiempo de lectura" />
	<meta name="twitter:data1" content="6 minutos" />
<script type="application/ld+json" class="yoast-schema-graph">{"@context":"https://schema.org","@graph":[{"@type":"WebPage","@id":"https://afc.cat/es/activitat/salida-fotografica-del-grup-de-fotografia-de-carrer-13-04/","url":"https://afc.cat/es/activitat/salida-fotografica-del-grup-de-fotografia-de-carrer-13-04/","name":"Salida fotográfica del Grup de Fotografia de Carrer / 13/04 - Agrupació Fotogràfica de Catalunya","isPartOf":{"@id":"https://afc.cat/es/#website"},"datePublished":"2026-04-09T15:13:16+00:00","dateModified":"2026-04-09T16:54:49+00:00","breadcrumb":{"@id":"https://afc.cat/es/activitat/salida-fotografica-del-grup-de-fotografia-de-carrer-13-04/#breadcrumb"},"inLanguage":"es","potentialAction":[{"@type":"ReadAction","target":["https://afc.cat/es/activitat/salida-fotografica-del-grup-de-fotografia-de-carrer-13-04/"]}]},{"@type":"BreadcrumbList","@id":"https://afc.cat/es/activitat/salida-fotografica-del-grup-de-fotografia-de-carrer-13-04/#breadcrumb","itemListElement":[{"@type":"ListItem","position":1,"name":"Inicio","item":"https://afc.cat/es/"},{"@type":"ListItem","position":2,"name":"Salida fotográfica del Grup de Fotografia de Carrer / 13/04"}]},{"@type":"WebSite","@id":"https://afc.cat/es/#website","url":"https://afc.cat/es/","name":"Agrupació Fotogràfica de Catalunya","description":"Fomento y divulgación de la fotografía en todas sus variedades","potentialAction":[{"@type":"SearchAction","target":{"@type":"EntryPoint","urlTemplate":"https://afc.cat/es/?s={search_term_string}"},"query-input":{"@type":"PropertyValueSpecification","valueRequired":true,"valueName":"search_term_string"}}],"inLanguage":"es"}]}</script>
<!-- / Yoast SEO plugin. -->

Salida fotográfica del Grup de Fotografia de Carrer / 13/04 - Agrupació Fotogràfica de Catalunya

Agrupació Fotogràfica de Catalunya

Fomento y divulgación de la fotografía en todas sus variedades
