{"id":47078,"date":"2026-04-20T16:10:32","date_gmt":"2026-04-20T14:10:32","guid":{"rendered":"https:\/\/afc.cat\/activitat\/sortida-fotografica-projecte-bb24-barri-del-clot\/"},"modified":"2026-04-20T16:43:18","modified_gmt":"2026-04-20T14:43:18","slug":"salida-fotografica-projecte-bb24-barri-del-clot","status":"publish","type":"class","link":"https:\/\/afc.cat\/es\/activitat\/salida-fotografica-projecte-bb24-barri-del-clot\/","title":{"rendered":"Salida Fotogr\u00e1fica Projecte \u201cBB24\u201d Barri del Clot"},"content":{"rendered":"<div class=\"fusion-fullwidth fullwidth-box fusion-builder-row-1 fusion-flex-container nonhundred-percent-fullwidth non-hundred-percent-height-scrolling\" style=\"background-color: rgba(255,255,255,0);background-position: center center;background-repeat: no-repeat;border-width: 0px 15px 0px 0px;border-color:#ffffff;border-style:solid;\" ><div class=\"fusion-builder-row fusion-row fusion-flex-align-items-flex-start\" style=\"max-width:1300px;margin-left: calc(-4% \/ 2 );margin-right: calc(-4% \/ 2 );\"><div class=\"fusion-layout-column fusion_builder_column fusion-builder-column-0 fusion_builder_column_1_1 1_1 fusion-flex-column\"><div class=\"fusion-column-wrapper fusion-flex-justify-content-flex-start fusion-content-layout-column\" style=\"background-position:left top;background-repeat:no-repeat;-webkit-background-size:cover;-moz-background-size:cover;-o-background-size:cover;background-size:cover;padding: 0px 0px 0px 0px;\"><div class=\"fusion-text fusion-text-1\"><p><strong>CALENDARIO Y HORARIO<\/strong><\/p>\n<p><strong>Fecha:<\/strong> lunes 4 de mayo de 2026<\/p>\n<p><strong>Hora:<\/strong> 10:00 h.<\/p>\n<p><strong>Tiempo aprox.:<\/strong> 2 horas<\/p>\n<p><strong>Lugar de encuentro:<\/strong> Delante del Centre Cultural La Farinera del Clot ( <a href=\"https:\/\/www.google.com\/maps\/place\/data=!4m2!3m1!1s0x12a4a3214fe5f113:0xc154b8c6da2007ec?sa=X&amp;ved=1t:8290&amp;ictx=111\">Gran Via de les Corts Catalanes, 837 08018 Barcelona<\/a> )<\/p>\n<p><strong>Lugar de finalizaci\u00f3n:<\/strong> Se informar\u00e1<\/p>\n<p><strong>Precio:<\/strong> 150\u20ac ( a repartir entre las personas inscritas )<\/p>\n<p><strong>Inscripciones:<\/strong> sigue el enlace para unirte a la Comunidad de WhatsApp: <a href=\"https:\/\/chat.whatsapp.com\/Edpvdr9VD3T7nHuVlvONiq\"><u>https:\/\/chat.whatsapp.com\/Edpvdr9VD3T7nHuVlvONiq<\/u><\/a><\/p>\n<p>Aqu\u00ed podr\u00e1s realizar tu inscripci\u00f3n en el grupo \u201c<em>BB24 Sortida Barri del Clot\u201d<\/em><\/p>\n<p><strong>*Activdad exclusiva para asociados.<\/strong><\/p>\n<p>Compa\u00f1eros y compa\u00f1eras amantes de la fotograf\u00eda y de la ciudad, \u00bfEst\u00e1is preparados para continuar nuestro viaje visual por los barrios de Barcelona?<\/p>\n<p>Despu\u00e9s de los 5 primeros barrios del <strong>Proyecto BB24<\/strong>, Sants, Sarri\u00e0, La Barceloneta, Sant Andreu del Palomar y el G\u00f2tic, ahora ponemos el foco en otro lugar cargado de historia e identidad: <strong>el Barri del Clot<\/strong>.<\/p>\n<p>Os proponemos una visita guiada que estar\u00e1 llena de descubrimiento e inspiraci\u00f3n de la mano de Mireia Pons, quien nos acompa\u00f1ar\u00e1 por una ruta cultural por el referido barrio.<\/p>\n<p><strong>\u00a1Ven, captura y comparte! <\/strong><\/p>\n<p>Este proyecto no es solo una salida fotogr\u00e1fica: es una forma de construir, entre todos, un retrato vivo y colectivo de Barcelona.<\/p>\n<p><strong>No faltes &#8230; nos vemos en el CC La Farinera del Clot !!!<\/strong><\/p>\n<p><strong>GI Projecte BB24 ( Barna Barris 2024 )<\/strong><\/p>\n<p><strong>Foto: \u00a9Xavier Ricol.<\/strong><\/p>\n<\/div><div ><style>.fusion-imageframe.imageframe-2{ margin-top : 30px;}<\/style><span class=\" fusion-imageframe imageframe-none imageframe-2 hover-type-none\"><img decoding=\"async\" width=\"510\" height=\"91\" title=\"cultura\" src=\"https:\/\/afc.cat\/wp-content\/uploads\/2021\/02\/logos-generalitat-ajuntament-bcn-3-2026.jpg\" alt class=\"img-responsive wp-image-46074\" srcset=\"https:\/\/afc.cat\/wp-content\/uploads\/2021\/02\/logos-generalitat-ajuntament-bcn-3-2026-200x36.jpg 200w, https:\/\/afc.cat\/wp-content\/uploads\/2021\/02\/logos-generalitat-ajuntament-bcn-3-2026-400x71.jpg 400w, https:\/\/afc.cat\/wp-content\/uploads\/2021\/02\/logos-generalitat-ajuntament-bcn-3-2026.jpg 510w\" sizes=\"(max-width: 640px) 100vw, 510px\" \/><\/span><\/div><div ><style>.fusion-imageframe.imageframe-3{ margin-top : 30px;}<\/style><span class=\" fusion-imageframe imageframe-none imageframe-3 hover-type-none\"><img decoding=\"async\" width=\"1024\" height=\"344\" title=\"esponsors-colaboradors-AFC-logos-03-2026\" src=\"https:\/\/afc.cat\/wp-content\/uploads\/2026\/03\/esponsors-colaboradors-AFC-logos-03-2026-1024x344.jpg\" alt class=\"img-responsive wp-image-46481\" srcset=\"https:\/\/afc.cat\/wp-content\/uploads\/2026\/03\/esponsors-colaboradors-AFC-logos-03-2026-200x67.jpg 200w, https:\/\/afc.cat\/wp-content\/uploads\/2026\/03\/esponsors-colaboradors-AFC-logos-03-2026-400x134.jpg 400w, https:\/\/afc.cat\/wp-content\/uploads\/2026\/03\/esponsors-colaboradors-AFC-logos-03-2026-600x202.jpg 600w, https:\/\/afc.cat\/wp-content\/uploads\/2026\/03\/esponsors-colaboradors-AFC-logos-03-2026-800x269.jpg 800w, https:\/\/afc.cat\/wp-content\/uploads\/2026\/03\/esponsors-colaboradors-AFC-logos-03-2026.jpg 1172w\" sizes=\"(max-width: 640px) 100vw, 1024px\" \/><\/span><\/div><\/div><style type=\"text\/css\">.fusion-body .fusion-builder-column-0{width:100% !important;margin-top : 0px;margin-bottom : 0px;}.fusion-builder-column-0 > .fusion-column-wrapper {padding-top : 0px !important;padding-right : 0px !important;margin-right : 1.92%;padding-bottom : 0px !important;padding-left : 0px !important;margin-left : 1.92%;}@media only screen and (max-width:1024px) {.fusion-body .fusion-builder-column-0{width:100% !important;}.fusion-builder-column-0 > .fusion-column-wrapper {margin-right : 1.92%;margin-left : 1.92%;}}@media only screen and (max-width:640px) {.fusion-body .fusion-builder-column-0{width:100% !important;}.fusion-builder-column-0 > .fusion-column-wrapper {margin-right : 1.92%;margin-left : 1.92%;}}<\/style><\/div><\/div><style type=\"text\/css\">.fusion-body .fusion-flex-container.fusion-builder-row-1{ padding-top : 0px;margin-top : 0px;padding-right : 0px;padding-bottom : 0px;margin-bottom : 0px;padding-left : 0px;}<\/style><\/div>\n","protected":false},"excerpt":{"rendered":"","protected":false},"template":"","meta":{"_acf_changed":false},"wcs-type":[128],"wcs-room":[833],"wcs-instructor":[742],"class_list":["post-47078","class","type-class","status-publish","hentry","wcs-type-salidas-fotograficas","wcs-room-la-farinera-del-clot","wcs-instructor-gi-projecte-bb24"],"acf":[],"yoast_head":"<!-- This site is optimized with the Yoast SEO plugin v27.5 - https:\/\/yoast.com\/product\/yoast-seo-wordpress\/ -->\n<title>Salida Fotogr\u00e1fica Projecte \u201cBB24\u201d Barri del Clot - Agrupaci\u00f3 Fotogr\u00e0fica de Catalunya<\/title>\n<meta name=\"robots\" content=\"index, follow, max-snippet:-1, max-image-preview:large, max-video-preview:-1\" \/>\n<link rel=\"canonical\" href=\"https:\/\/afc.cat\/es\/activitat\/salida-fotografica-projecte-bb24-barri-del-clot\/\" \/>\n<meta property=\"og:locale\" content=\"es_ES\" \/>\n<meta property=\"og:type\" content=\"article\" \/>\n<meta property=\"og:title\" content=\"Salida Fotogr\u00e1fica Projecte \u201cBB24\u201d Barri del Clot - Agrupaci\u00f3 Fotogr\u00e0fica de Catalunya\" \/>\n<meta property=\"og:url\" content=\"https:\/\/afc.cat\/es\/activitat\/salida-fotografica-projecte-bb24-barri-del-clot\/\" \/>\n<meta property=\"og:site_name\" content=\"Agrupaci\u00f3 Fotogr\u00e0fica de Catalunya\" \/>\n<meta property=\"article:modified_time\" content=\"2026-04-20T14:43:18+00:00\" \/>\n<meta name=\"twitter:card\" content=\"summary_large_image\" \/>\n<meta name=\"twitter:label1\" content=\"Tiempo de lectura\" \/>\n\t<meta name=\"twitter:data1\" content=\"6 minutos\" \/>\n<script type=\"application\/ld+json\" class=\"yoast-schema-graph\">{\"@context\":\"https:\\\/\\\/schema.org\",\"@graph\":[{\"@type\":\"WebPage\",\"@id\":\"https:\\\/\\\/afc.cat\\\/es\\\/activitat\\\/salida-fotografica-projecte-bb24-barri-del-clot\\\/\",\"url\":\"https:\\\/\\\/afc.cat\\\/es\\\/activitat\\\/salida-fotografica-projecte-bb24-barri-del-clot\\\/\",\"name\":\"Salida Fotogr\u00e1fica Projecte \u201cBB24\u201d Barri del Clot - Agrupaci\u00f3 Fotogr\u00e0fica de Catalunya\",\"isPartOf\":{\"@id\":\"https:\\\/\\\/afc.cat\\\/es\\\/#website\"},\"datePublished\":\"2026-04-20T14:10:32+00:00\",\"dateModified\":\"2026-04-20T14:43:18+00:00\",\"breadcrumb\":{\"@id\":\"https:\\\/\\\/afc.cat\\\/es\\\/activitat\\\/salida-fotografica-projecte-bb24-barri-del-clot\\\/#breadcrumb\"},\"inLanguage\":\"es\",\"potentialAction\":[{\"@type\":\"ReadAction\",\"target\":[\"https:\\\/\\\/afc.cat\\\/es\\\/activitat\\\/salida-fotografica-projecte-bb24-barri-del-clot\\\/\"]}]},{\"@type\":\"BreadcrumbList\",\"@id\":\"https:\\\/\\\/afc.cat\\\/es\\\/activitat\\\/salida-fotografica-projecte-bb24-barri-del-clot\\\/#breadcrumb\",\"itemListElement\":[{\"@type\":\"ListItem\",\"position\":1,\"name\":\"Inicio\",\"item\":\"https:\\\/\\\/afc.cat\\\/es\\\/\"},{\"@type\":\"ListItem\",\"position\":2,\"name\":\"Salida Fotogr\u00e1fica Projecte \u201cBB24\u201d Barri del Clot\"}]},{\"@type\":\"WebSite\",\"@id\":\"https:\\\/\\\/afc.cat\\\/es\\\/#website\",\"url\":\"https:\\\/\\\/afc.cat\\\/es\\\/\",\"name\":\"Agrupaci\u00f3 Fotogr\u00e0fica de Catalunya\",\"description\":\"Fomento y divulgaci\u00f3n de la fotograf\u00eda en todas sus variedades\",\"potentialAction\":[{\"@type\":\"SearchAction\",\"target\":{\"@type\":\"EntryPoint\",\"urlTemplate\":\"https:\\\/\\\/afc.cat\\\/es\\\/?s={search_term_string}\"},\"query-input\":{\"@type\":\"PropertyValueSpecification\",\"valueRequired\":true,\"valueName\":\"search_term_string\"}}],\"inLanguage\":\"es\"}]}<\/script>\n<!-- \/ Yoast SEO plugin. -->","yoast_head_json":{"title":"Salida Fotogr\u00e1fica Projecte \u201cBB24\u201d Barri del Clot - Agrupaci\u00f3 Fotogr\u00e0fica de Catalunya","robots":{"index":"index","follow":"follow","max-snippet":"max-snippet:-1","max-image-preview":"max-image-preview:large","max-video-preview":"max-video-preview:-1"},"canonical":"https:\/\/afc.cat\/es\/activitat\/salida-fotografica-projecte-bb24-barri-del-clot\/","og_locale":"es_ES","og_type":"article","og_title":"Salida Fotogr\u00e1fica Projecte \u201cBB24\u201d Barri del Clot - Agrupaci\u00f3 Fotogr\u00e0fica de Catalunya","og_url":"https:\/\/afc.cat\/es\/activitat\/salida-fotografica-projecte-bb24-barri-del-clot\/","og_site_name":"Agrupaci\u00f3 Fotogr\u00e0fica de Catalunya","article_modified_time":"2026-04-20T14:43:18+00:00","twitter_card":"summary_large_image","twitter_misc":{"Tiempo de lectura":"6 minutos"},"schema":{"@context":"https:\/\/schema.org","@graph":[{"@type":"WebPage","@id":"https:\/\/afc.cat\/es\/activitat\/salida-fotografica-projecte-bb24-barri-del-clot\/","url":"https:\/\/afc.cat\/es\/activitat\/salida-fotografica-projecte-bb24-barri-del-clot\/","name":"Salida Fotogr\u00e1fica Projecte \u201cBB24\u201d Barri del Clot - Agrupaci\u00f3 Fotogr\u00e0fica de Catalunya","isPartOf":{"@id":"https:\/\/afc.cat\/es\/#website"},"datePublished":"2026-04-20T14:10:32+00:00","dateModified":"2026-04-20T14:43:18+00:00","breadcrumb":{"@id":"https:\/\/afc.cat\/es\/activitat\/salida-fotografica-projecte-bb24-barri-del-clot\/#breadcrumb"},"inLanguage":"es","potentialAction":[{"@type":"ReadAction","target":["https:\/\/afc.cat\/es\/activitat\/salida-fotografica-projecte-bb24-barri-del-clot\/"]}]},{"@type":"BreadcrumbList","@id":"https:\/\/afc.cat\/es\/activitat\/salida-fotografica-projecte-bb24-barri-del-clot\/#breadcrumb","itemListElement":[{"@type":"ListItem","position":1,"name":"Inicio","item":"https:\/\/afc.cat\/es\/"},{"@type":"ListItem","position":2,"name":"Salida Fotogr\u00e1fica Projecte \u201cBB24\u201d Barri del Clot"}]},{"@type":"WebSite","@id":"https:\/\/afc.cat\/es\/#website","url":"https:\/\/afc.cat\/es\/","name":"Agrupaci\u00f3 Fotogr\u00e0fica de Catalunya","description":"Fomento y divulgaci\u00f3n de la fotograf\u00eda en todas sus variedades","potentialAction":[{"@type":"SearchAction","target":{"@type":"EntryPoint","urlTemplate":"https:\/\/afc.cat\/es\/?s={search_term_string}"},"query-input":{"@type":"PropertyValueSpecification","valueRequired":true,"valueName":"search_term_string"}}],"inLanguage":"es"}]}},"_links":{"self":[{"href":"https:\/\/afc.cat\/es\/wp-json\/wp\/v2\/class\/47078","targetHints":{"allow":["GET"]}}],"collection":[{"href":"https:\/\/afc.cat\/es\/wp-json\/wp\/v2\/class"}],"about":[{"href":"https:\/\/afc.cat\/es\/wp-json\/wp\/v2\/types\/class"}],"wp:attachment":[{"href":"https:\/\/afc.cat\/es\/wp-json\/wp\/v2\/media?parent=47078"}],"wp:term":[{"taxonomy":"wcs-type","embeddable":true,"href":"https:\/\/afc.cat\/es\/wp-json\/wp\/v2\/wcs-type?post=47078"},{"taxonomy":"wcs-room","embeddable":true,"href":"https:\/\/afc.cat\/es\/wp-json\/wp\/v2\/wcs-room?post=47078"},{"taxonomy":"wcs-instructor","embeddable":true,"href":"https:\/\/afc.cat\/es\/wp-json\/wp\/v2\/wcs-instructor?post=47078"}],"curies":[{"name":"wp","href":"https:\/\/api.w.org\/{rel}","templated":true}]}}

Salida Fotográfica Projecte “BB24” Barri del Clot

<div class="fusion-fullwidth fullwidth-box fusion-builder-row-1 fusion-flex-container nonhundred-percent-fullwidth non-hundred-percent-height-scrolling" style="background-color: rgba(255,255,255,0);background-position: center center;background-repeat: no-repeat;border-width: 0px 15px 0px 0px;border-color:#ffffff;border-style:solid;" ><div class="fusion-builder-row fusion-row fusion-flex-align-items-flex-start" style="max-width:1300px;margin-left: calc(-4% / 2 );margin-right: calc(-4% / 2 );"><div class="fusion-layout-column fusion_builder_column fusion-builder-column-0 fusion_builder_column_1_1 1_1 fusion-flex-column"><div class="fusion-column-wrapper fusion-flex-justify-content-flex-start fusion-content-layout-column" style="background-position:left top;background-repeat:no-repeat;-webkit-background-size:cover;-moz-background-size:cover;-o-background-size:cover;background-size:cover;padding: 0px 0px 0px 0px;"><div class="fusion-text fusion-text-1"><p><strong>CALENDARIO Y HORARIO</strong></p>
<p><strong>Fecha:</strong> lunes 4 de mayo de 2026</p>
<p><strong>Hora:</strong> 10:00 h.</p>
<p><strong>Tiempo aprox.:</strong> 2 horas</p>
<p><strong>Lugar de encuentro:</strong> Delante del Centre Cultural La Farinera del Clot ( <a href="https://www.google.com/maps/place/data=!4m2!3m1!1s0x12a4a3214fe5f113:0xc154b8c6da2007ec?sa=X&amp;ved=1t:8290&amp;ictx=111">Gran Via de les Corts Catalanes, 837 08018 Barcelona</a> )</p>
<p><strong>Lugar de finalización:</strong> Se informará</p>
<p><strong>Precio:</strong> 150€ ( a repartir entre las personas inscritas )</p>
<p><strong>Inscripciones:</strong> sigue el enlace para unirte a la Comunidad de WhatsApp: <a href="https://chat.whatsapp.com/Edpvdr9VD3T7nHuVlvONiq"><u>https://chat.whatsapp.com/Edpvdr9VD3T7nHuVlvONiq</u></a></p>
<p>Aquí podrás realizar tu inscripción en el grupo “<em>BB24 Sortida Barri del Clot”</em></p>
<p><strong>*Activdad exclusiva para asociados.</strong></p>
<p>Compañeros y compañeras amantes de la fotografía y de la ciudad, ¿Estáis preparados para continuar nuestro viaje visual por los barrios de Barcelona?</p>
<p>Después de los 5 primeros barrios del <strong>Proyecto BB24</strong>, Sants, Sarrià, La Barceloneta, Sant Andreu del Palomar y el Gòtic, ahora ponemos el foco en otro lugar cargado de historia e identidad: <strong>el Barri del Clot</strong>.</p>
<p>Os proponemos una visita guiada que estará llena de descubrimiento e inspiración de la mano de Mireia Pons, quien nos acompañará por una ruta cultural por el referido barrio.</p>
<p><strong>¡Ven, captura y comparte! </strong></p>
<p>Este proyecto no es solo una salida fotográfica: es una forma de construir, entre todos, un retrato vivo y colectivo de Barcelona.</p>
<p><strong>No faltes &#8230; nos vemos en el CC La Farinera del Clot !!!</strong></p>
<p><strong>GI Projecte BB24 ( Barna Barris 2024 )</strong></p>
<p><strong>Foto: ©Xavier Ricol.</strong></p>
</div><div ><style>.fusion-imageframe.imageframe-2{ margin-top : 30px;}</style><span class=" fusion-imageframe imageframe-none imageframe-2 hover-type-none"><img decoding="async" width="510" height="91" title="cultura" src="https://afc.cat/wp-content/uploads/2021/02/logos-generalitat-ajuntament-bcn-3-2026.jpg" alt class="img-responsive wp-image-46074" srcset="https://afc.cat/wp-content/uploads/2021/02/logos-generalitat-ajuntament-bcn-3-2026-200x36.jpg 200w, https://afc.cat/wp-content/uploads/2021/02/logos-generalitat-ajuntament-bcn-3-2026-400x71.jpg 400w, https://afc.cat/wp-content/uploads/2021/02/logos-generalitat-ajuntament-bcn-3-2026.jpg 510w" sizes="(max-width: 640px) 100vw, 510px" /></span></div><div ><style>.fusion-imageframe.imageframe-3{ margin-top : 30px;}</style><span class=" fusion-imageframe imageframe-none imageframe-3 hover-type-none"><img decoding="async" width="1024" height="344" title="esponsors-colaboradors-AFC-logos-03-2026" src="https://afc.cat/wp-content/uploads/2026/03/esponsors-colaboradors-AFC-logos-03-2026-1024x344.jpg" alt class="img-responsive wp-image-46481" srcset="https://afc.cat/wp-content/uploads/2026/03/esponsors-colaboradors-AFC-logos-03-2026-200x67.jpg 200w, https://afc.cat/wp-content/uploads/2026/03/esponsors-colaboradors-AFC-logos-03-2026-400x134.jpg 400w, https://afc.cat/wp-content/uploads/2026/03/esponsors-colaboradors-AFC-logos-03-2026-600x202.jpg 600w, https://afc.cat/wp-content/uploads/2026/03/esponsors-colaboradors-AFC-logos-03-2026-800x269.jpg 800w, https://afc.cat/wp-content/uploads/2026/03/esponsors-colaboradors-AFC-logos-03-2026.jpg 1172w" sizes="(max-width: 640px) 100vw, 1024px" /></span></div></div><style type="text/css">.fusion-body .fusion-builder-column-0{width:100% !important;margin-top : 0px;margin-bottom : 0px;}.fusion-builder-column-0 > .fusion-column-wrapper {padding-top : 0px !important;padding-right : 0px !important;margin-right : 1.92%;padding-bottom : 0px !important;padding-left : 0px !important;margin-left : 1.92%;}@media only screen and (max-width:1024px) {.fusion-body .fusion-builder-column-0{width:100% !important;}.fusion-builder-column-0 > .fusion-column-wrapper {margin-right : 1.92%;margin-left : 1.92%;}}@media only screen and (max-width:640px) {.fusion-body .fusion-builder-column-0{width:100% !important;}.fusion-builder-column-0 > .fusion-column-wrapper {margin-right : 1.92%;margin-left : 1.92%;}}</style></div></div><style type="text/css">.fusion-body .fusion-flex-container.fusion-builder-row-1{ padding-top : 0px;margin-top : 0px;padding-right : 0px;padding-bottom : 0px;margin-bottom : 0px;padding-left : 0px;}</style></div>

<!-- This site is optimized with the Yoast SEO plugin v27.5 - https://yoast.com/product/yoast-seo-wordpress/ -->
<title>Salida Fotográfica Projecte “BB24” Barri del Clot - Agrupació Fotogràfica de Catalunya</title>
<meta name="robots" content="index, follow, max-snippet:-1, max-image-preview:large, max-video-preview:-1" />
<link rel="canonical" href="https://afc.cat/es/activitat/salida-fotografica-projecte-bb24-barri-del-clot/" />
<meta property="og:locale" content="es_ES" />
<meta property="og:type" content="article" />
<meta property="og:title" content="Salida Fotográfica Projecte “BB24” Barri del Clot - Agrupació Fotogràfica de Catalunya" />
<meta property="og:url" content="https://afc.cat/es/activitat/salida-fotografica-projecte-bb24-barri-del-clot/" />
<meta property="og:site_name" content="Agrupació Fotogràfica de Catalunya" />
<meta property="article:modified_time" content="2026-04-20T14:43:18+00:00" />
<meta name="twitter:card" content="summary_large_image" />
<meta name="twitter:label1" content="Tiempo de lectura" />
	<meta name="twitter:data1" content="6 minutos" />
<script type="application/ld+json" class="yoast-schema-graph">{"@context":"https:\/\/schema.org","@graph":[{"@type":"WebPage","@id":"https:\/\/afc.cat\/es\/activitat\/salida-fotografica-projecte-bb24-barri-del-clot\/","url":"https:\/\/afc.cat\/es\/activitat\/salida-fotografica-projecte-bb24-barri-del-clot\/","name":"Salida Fotográfica Projecte “BB24” Barri del Clot - Agrupació Fotogràfica de Catalunya","isPartOf":{"@id":"https:\/\/afc.cat\/es\/#website"},"datePublished":"2026-04-20T14:10:32+00:00","dateModified":"2026-04-20T14:43:18+00:00","breadcrumb":{"@id":"https:\/\/afc.cat\/es\/activitat\/salida-fotografica-projecte-bb24-barri-del-clot\/#breadcrumb"},"inLanguage":"es","potentialAction":[{"@type":"ReadAction","target":["https:\/\/afc.cat\/es\/activitat\/salida-fotografica-projecte-bb24-barri-del-clot\/"]}]},{"@type":"BreadcrumbList","@id":"https:\/\/afc.cat\/es\/activitat\/salida-fotografica-projecte-bb24-barri-del-clot\/#breadcrumb","itemListElement":[{"@type":"ListItem","position":1,"name":"Inicio","item":"https:\/\/afc.cat\/es\/"},{"@type":"ListItem","position":2,"name":"Salida Fotográfica Projecte “BB24” Barri del Clot"}]},{"@type":"WebSite","@id":"https:\/\/afc.cat\/es\/#website","url":"https:\/\/afc.cat\/es\/","name":"Agrupació Fotogràfica de Catalunya","description":"Fomento y divulgación de la fotografía en todas sus variedades","potentialAction":[{"@type":"SearchAction","target":{"@type":"EntryPoint","urlTemplate":"https:\/\/afc.cat\/es\/?s={search_term_string}"},"query-input":{"@type":"PropertyValueSpecification","valueRequired":true,"valueName":"search_term_string"}}],"inLanguage":"es"}]}</script>
<!-- / Yoast SEO plugin. -->

Salida Fotográfica Projecte “BB24” Barri del Clot - Agrupació Fotogràfica de Catalunya

Agrupació Fotogràfica de Catalunya

Fomento y divulgación de la fotografía en todas sus variedades
